{"id":984,"date":"2023-09-01T10:03:50","date_gmt":"2023-09-01T10:03:50","guid":{"rendered":"https:\/\/rwinevietnam.com\/home\/?post_type=product&#038;p=984"},"modified":"2023-10-05T12:43:35","modified_gmt":"2023-10-05T12:43:35","slug":"ruou-vang-uc-queen-adelaide","status":"publish","type":"product","link":"https:\/\/rwinevietnam.com\/home\/ruou-vang-uc-queen-adelaide\/","title":{"rendered":"R\u01b0\u1ee3u vang \u00dac Queen Adelaide"},"content":{"rendered":"<h2 id=\"Th_ng_tin_chi_ti_t_s_n_ph_m_\"><strong>Th\u00f4ng tin chi ti\u1ebft s\u1ea3n ph\u1ea9m:<\/strong><\/h2>\n<ul>\n<li>R\u01b0\u1ee3u vang \u00dac Queen Adelaide Chardonnay v\u1edbi n\u1ed3ng \u0111\u1ed9 c\u1ed3n 13,2% l\u00e0 m\u1ed9t d\u00f2ng s\u1ea3n ph\u1ea9m c\u1ee5 th\u1ec3 c\u1ee7a th\u01b0\u01a1ng hi\u1ec7u Queen Adelaide, m\u1ed9t nh\u00e0 s\u1ea3n xu\u1ea5t r\u01b0\u1ee3u vang \u00dac. Th\u00f4ng qua n\u1ed3ng \u0111\u1ed9 c\u1ed3n 13,2%, \u0111\u00e2y l\u00e0 m\u1ed9t m\u1ee9c c\u1ed3n trung b\u00ecnh ph\u1ed5 bi\u1ebfn cho r\u01b0\u1ee3u vang Chardonnay.<\/li>\n<li>Gi\u1ed1ng nho Chardonnay: Chardonnay l\u00e0 m\u1ed9t gi\u1ed1ng nho tr\u1eafng n\u1ed5i ti\u1ebfng v\u00e0 ph\u1ed5 bi\u1ebfn tr\u00ean to\u00e0n th\u1ebf gi\u1edbi. N\u00f3 c\u00f3 kh\u1ea3 n\u0103ng th\u00edch \u1ee9ng cao v\u00e0 c\u00f3 th\u1ec3 t\u1ea1o ra r\u01b0\u1ee3u vang tr\u1eafng t\u1eeb nh\u1eb9 nh\u00e0ng v\u00e0 t\u01b0\u01a1i m\u00e1t \u0111\u1ebfn \u0111\u1eadm \u0111\u00e0 v\u00e0 c\u1ea5u tr\u00fac ph\u1ee9c t\u1ea1p. Gi\u1ed1ng nho Chardonnay th\u01b0\u1eddng mang \u0111\u1ebfn c\u00e1c h\u01b0\u01a1ng v\u1ecb c\u1ee7a tr\u00e1i c\u00e2y m\u00e0u v\u00e0ng nh\u01b0 t\u00e1o, l\u00ea v\u00e0 \u0111\u00e0o, c\u00f9ng v\u1edbi nh\u1eefng g\u1ee3i \u00fd b\u01a1, vani v\u00e0 g\u1ed7 s\u1ed3i t\u1eeb qu\u00e1 tr\u00ecnh \u1ee7 r\u01b0\u1ee3u.<\/li>\n<li>Queen Adelaide: l\u00e0 m\u1ed9t th\u01b0\u01a1ng hi\u1ec7u r\u01b0\u1ee3u vang \u00dac c\u00f3 ti\u1ebfng t\u0103m. H\u1ecd s\u1ea3n xu\u1ea5t r\u01b0\u1ee3u vang t\u1eeb nhi\u1ec1u khu v\u1ef1c tr\u1ed3ng nho kh\u00e1c nhau tr\u00ean kh\u1eafp \u00dac.<\/li>\n<li>R\u01b0\u1ee3u vang \u00dac Queen Adelaide Chardonnay th\u01b0\u1eddng c\u00f3 m\u00e0u v\u00e0ng nh\u1ea1t \u0111\u1ebfn v\u00e0ng \u0111\u1eadm. N\u00f3 c\u00f3 h\u01b0\u01a1ng th\u01a1m phong ph\u00fa v\u1edbi c\u00e1c g\u1ee3i \u00fd c\u1ee7a tr\u00e1i c\u00e2y m\u00e0u v\u00e0ng nh\u01b0 t\u00e1o, l\u00ea, \u0111\u00e0o v\u00e0 cam, k\u1ebft h\u1ee3p v\u1edbi c\u00e1c g\u1ee3i \u00fd c\u1ee7a b\u01a1, vani v\u00e0 g\u1ed7 s\u1ed3i t\u1eeb qu\u00e1 tr\u00ecnh \u1ee7 r\u01b0\u1ee3u. V\u1ecb c\u1ee7a r\u01b0\u1ee3u vang th\u01b0\u1eddng c\u00f3 c\u1ea5u tr\u00fac t\u1ed1t, c\u00e2n b\u1eb1ng gi\u1eefa \u0111\u1ed9 axit v\u00e0 \u0111\u1ed9 ng\u1ecdt v\u00e0 k\u1ebft th\u00fac d\u00e0i.<\/li>\n<li>K\u1ebft h\u1ee3p m\u00f3n \u0103n: R\u01b0\u1ee3u vang \u00dac Queen Adelaide Chardonnay th\u01b0\u1eddng \u0111\u01b0\u1ee3c k\u1ebft h\u1ee3p v\u1edbi c\u00e1c m\u00f3n h\u1ea3i s\u1ea3n, gia c\u1ea7m, m\u00f3n \u0103n \u00c1-\u00c2u v\u00e0 ph\u00f4 mai. \u0110\u1eb7c t\u00ednh ph\u1ee9c t\u1ea1p v\u00e0 \u0111\u1ed9 axit c\u00e2n b\u1eb1ng c\u1ee7a r\u01b0\u1ee3u vang n\u00e0y t\u01b0\u01a1ng th\u00edch t\u1ed1t v\u1edbi nhi\u1ec1u lo\u1ea1i m\u00f3n \u0103n.<\/li>\n<\/ul>\n<h2 id=\"H_ng_d_n_s_d_ng_v_b_o_qu_n_\"><strong>H\u01b0\u1edbng d\u1eabn s\u1eed d\u1ee5ng v\u00e0 b\u1ea3o qu\u1ea3n:<\/strong><\/h2>\n<ul>\n<li>B\u1ea3o qu\u1ea3n r\u01b0\u1ee3u vang \u00dac Queen Adelaide Chardonnay tr\u00e1nh ti\u1ebfp x\u00fac \u00e1nh n\u1eafng m\u1eb7t tr\u1eddi.<\/li>\n<li>Nhi\u1ec7t \u0111\u1ed9 s\u1eed d\u1ee5ng t\u1ed1t nh\u1ea5t l\u00e0 \u1edf nhi\u1ec7t \u0111\u1ed9 10-12\u00b0C.<\/li>\n<li>S\u1eed d\u1ee5ng ly vang tr\u1eafng.<\/li>\n<\/ul>\n","protected":false},"excerpt":{"rendered":"<table style=\"border-collapse: collapse; width: 100%; height: 126px;\">\n<tbody>\n<tr style=\"height: 21px;\">\n<td style=\"width: 50%; height: 21px;\">Xu\u1ea5t x\u1ee9<\/td>\n<td style=\"width: 50%; height: 21px;\">\u00dac<\/td>\n<\/tr>\n<tr style=\"height: 21px;\">\n<td style=\"width: 50%; height: 21px;\">Lo\u1ea1i vang<\/td>\n<td style=\"width: 50%; height: 21px;\">Vang tr\u1eafng<\/td>\n<\/tr>\n<tr style=\"height: 21px;\">\n<td style=\"width: 50%; height: 21px;\">Gi\u1ed1ng nho<\/td>\n<td style=\"width: 50%; height: 21px;\">Riesling<\/td>\n<\/tr>\n<tr style=\"height: 21px;\">\n<td style=\"width: 50%; height: 21px;\">N\u1ed3ng \u0111\u1ed9<\/td>\n<td style=\"width: 50%; height: 21px;\">13,4%ABV<\/td>\n<\/tr>\n<tr style=\"height: 21px;\">\n<td style=\"width: 50%; height: 21px;\">Dung t\u00edch<\/td>\n<td style=\"width: 50%; height: 21px;\">750ML<\/td>\n<\/tr>\n<tr style=\"height: 21px;\">\n<td style=\"width: 50%; height: 21px;\">Th\u01b0\u01a1ng hi\u1ec7u<\/td>\n<td style=\"width: 50%; height: 21px;\">QUEEN ADELAIDE<\/td>\n<\/tr>\n<\/tbody>\n<\/table>\n","protected":false},"featured_media":963,"comment_status":"closed","ping_status":"closed","template":"","meta":{"_acf_changed":false},"product_brand":[],"product_cat":[27,63],"product_tag":[184,190,192,194,195],"class_list":{"0":"post-984","1":"product","2":"type-product","3":"status-publish","4":"has-post-thumbnail","6":"product_cat-ruou-vang","7":"product_cat-vang-trang","8":"product_tag-ruou-vang-gia-re","9":"product_tag-ruou-vang-trang","10":"product_tag-ruou-vang-trang-gia-re","11":"product_tag-ruou-vang-uc","12":"product_tag-ruou-vang-uc-gia-re","14":"first","15":"instock","16":"shipping-taxable","17":"product-type-simple"},"acf":[],"yoast_head":"<!-- This site is optimized with the Yoast SEO plugin v26.8 - https:\/\/yoast.com\/product\/yoast-seo-wordpress\/ -->\n<title>R\u01b0\u1ee3u vang \u00dac Queen Adelaide - R.WINE<\/title>\n<meta name=\"robots\" content=\"noindex, follow\" \/>\n<meta property=\"og:locale\" content=\"vi_VN\" \/>\n<meta property=\"og:type\" content=\"article\" \/>\n<meta property=\"og:title\" content=\"R\u01b0\u1ee3u vang \u00dac Queen Adelaide - R.WINE\" \/>\n<meta property=\"og:description\" content=\"Xu\u1ea5t x\u1ee9 \u00dac   Lo\u1ea1i vang Vang tr\u1eafng   Gi\u1ed1ng nho Riesling   N\u1ed3ng \u0111\u1ed9 13,4%ABV   Dung t\u00edch 750ML   Th\u01b0\u01a1ng hi\u1ec7u QUEEN ADELAIDE\" \/>\n<meta property=\"og:url\" content=\"https:\/\/rwinevietnam.com\/home\/ruou-vang-uc-queen-adelaide\/\" \/>\n<meta property=\"og:site_name\" content=\"R.WINE\" \/>\n<meta property=\"article:modified_time\" content=\"2023-10-05T12:43:35+00:00\" \/>\n<meta property=\"og:image\" content=\"https:\/\/rwinevietnam.com\/home\/wp-content\/uploads\/2023\/09\/z4655329592576_601237685cdadf96e58536472fd8df0f-scaled.jpg\" \/>\n\t<meta property=\"og:image:width\" content=\"1920\" \/>\n\t<meta property=\"og:image:height\" content=\"2560\" \/>\n\t<meta property=\"og:image:type\" content=\"image\/jpeg\" \/>\n<meta name=\"twitter:card\" content=\"summary_large_image\" \/>\n<script type=\"application\/ld+json\" class=\"yoast-schema-graph\">{\"@context\":\"https:\/\/schema.org\",\"@graph\":[{\"@type\":\"WebPage\",\"@id\":\"https:\/\/rwinevietnam.com\/home\/ruou-vang-uc-queen-adelaide\/\",\"url\":\"https:\/\/rwinevietnam.com\/home\/ruou-vang-uc-queen-adelaide\/\",\"name\":\"R\u01b0\u1ee3u vang \u00dac Queen Adelaide - R.WINE\",\"isPartOf\":{\"@id\":\"https:\/\/rwinevietnam.com\/home\/#website\"},\"primaryImageOfPage\":{\"@id\":\"https:\/\/rwinevietnam.com\/home\/ruou-vang-uc-queen-adelaide\/#primaryimage\"},\"image\":{\"@id\":\"https:\/\/rwinevietnam.com\/home\/ruou-vang-uc-queen-adelaide\/#primaryimage\"},\"thumbnailUrl\":\"https:\/\/rwinevietnam.com\/home\/wp-content\/uploads\/2023\/09\/z4655329592576_601237685cdadf96e58536472fd8df0f-scaled.jpg\",\"datePublished\":\"2023-09-01T10:03:50+00:00\",\"dateModified\":\"2023-10-05T12:43:35+00:00\",\"breadcrumb\":{\"@id\":\"https:\/\/rwinevietnam.com\/home\/ruou-vang-uc-queen-adelaide\/#breadcrumb\"},\"inLanguage\":\"vi\",\"potentialAction\":[{\"@type\":\"ReadAction\",\"target\":[\"https:\/\/rwinevietnam.com\/home\/ruou-vang-uc-queen-adelaide\/\"]}]},{\"@type\":\"ImageObject\",\"inLanguage\":\"vi\",\"@id\":\"https:\/\/rwinevietnam.com\/home\/ruou-vang-uc-queen-adelaide\/#primaryimage\",\"url\":\"https:\/\/rwinevietnam.com\/home\/wp-content\/uploads\/2023\/09\/z4655329592576_601237685cdadf96e58536472fd8df0f-scaled.jpg\",\"contentUrl\":\"https:\/\/rwinevietnam.com\/home\/wp-content\/uploads\/2023\/09\/z4655329592576_601237685cdadf96e58536472fd8df0f-scaled.jpg\",\"width\":1920,\"height\":2560},{\"@type\":\"BreadcrumbList\",\"@id\":\"https:\/\/rwinevietnam.com\/home\/ruou-vang-uc-queen-adelaide\/#breadcrumb\",\"itemListElement\":[{\"@type\":\"ListItem\",\"position\":1,\"name\":\"Trang ch\u1ee7\",\"item\":\"https:\/\/rwinevietnam.com\/home\/\"},{\"@type\":\"ListItem\",\"position\":2,\"name\":\"S\u1ea3n ph\u1ea9m\",\"item\":\"https:\/\/rwinevietnam.com\/home\/san-pham\/\"},{\"@type\":\"ListItem\",\"position\":3,\"name\":\"R\u01b0\u1ee3u vang \u00dac Queen Adelaide\"}]},{\"@type\":\"WebSite\",\"@id\":\"https:\/\/rwinevietnam.com\/home\/#website\",\"url\":\"https:\/\/rwinevietnam.com\/home\/\",\"name\":\"R.WINE\",\"description\":\"C\u00d4NG TY C\u1ed4 PH\u1ea6N XU\u1ea4T KH\u1ea8U NH\u1eacP KH\u1ea8U\",\"potentialAction\":[{\"@type\":\"SearchAction\",\"target\":{\"@type\":\"EntryPoint\",\"urlTemplate\":\"https:\/\/rwinevietnam.com\/home\/?s={search_term_string}\"},\"query-input\":{\"@type\":\"PropertyValueSpecification\",\"valueRequired\":true,\"valueName\":\"search_term_string\"}}],\"inLanguage\":\"vi\"}]}<\/script>\n<!-- \/ Yoast SEO plugin. -->","yoast_head_json":{"title":"R\u01b0\u1ee3u vang \u00dac Queen Adelaide - R.WINE","robots":{"index":"noindex","follow":"follow"},"og_locale":"vi_VN","og_type":"article","og_title":"R\u01b0\u1ee3u vang \u00dac Queen Adelaide - R.WINE","og_description":"Xu\u1ea5t x\u1ee9 \u00dac   Lo\u1ea1i vang Vang tr\u1eafng   Gi\u1ed1ng nho Riesling   N\u1ed3ng \u0111\u1ed9 13,4%ABV   Dung t\u00edch 750ML   Th\u01b0\u01a1ng hi\u1ec7u QUEEN ADELAIDE","og_url":"https:\/\/rwinevietnam.com\/home\/ruou-vang-uc-queen-adelaide\/","og_site_name":"R.WINE","article_modified_time":"2023-10-05T12:43:35+00:00","og_image":[{"width":1920,"height":2560,"url":"https:\/\/rwinevietnam.com\/home\/wp-content\/uploads\/2023\/09\/z4655329592576_601237685cdadf96e58536472fd8df0f-scaled.jpg","type":"image\/jpeg"}],"twitter_card":"summary_large_image","schema":{"@context":"https:\/\/schema.org","@graph":[{"@type":"WebPage","@id":"https:\/\/rwinevietnam.com\/home\/ruou-vang-uc-queen-adelaide\/","url":"https:\/\/rwinevietnam.com\/home\/ruou-vang-uc-queen-adelaide\/","name":"R\u01b0\u1ee3u vang \u00dac Queen Adelaide - R.WINE","isPartOf":{"@id":"https:\/\/rwinevietnam.com\/home\/#website"},"primaryImageOfPage":{"@id":"https:\/\/rwinevietnam.com\/home\/ruou-vang-uc-queen-adelaide\/#primaryimage"},"image":{"@id":"https:\/\/rwinevietnam.com\/home\/ruou-vang-uc-queen-adelaide\/#primaryimage"},"thumbnailUrl":"https:\/\/rwinevietnam.com\/home\/wp-content\/uploads\/2023\/09\/z4655329592576_601237685cdadf96e58536472fd8df0f-scaled.jpg","datePublished":"2023-09-01T10:03:50+00:00","dateModified":"2023-10-05T12:43:35+00:00","breadcrumb":{"@id":"https:\/\/rwinevietnam.com\/home\/ruou-vang-uc-queen-adelaide\/#breadcrumb"},"inLanguage":"vi","potentialAction":[{"@type":"ReadAction","target":["https:\/\/rwinevietnam.com\/home\/ruou-vang-uc-queen-adelaide\/"]}]},{"@type":"ImageObject","inLanguage":"vi","@id":"https:\/\/rwinevietnam.com\/home\/ruou-vang-uc-queen-adelaide\/#primaryimage","url":"https:\/\/rwinevietnam.com\/home\/wp-content\/uploads\/2023\/09\/z4655329592576_601237685cdadf96e58536472fd8df0f-scaled.jpg","contentUrl":"https:\/\/rwinevietnam.com\/home\/wp-content\/uploads\/2023\/09\/z4655329592576_601237685cdadf96e58536472fd8df0f-scaled.jpg","width":1920,"height":2560},{"@type":"BreadcrumbList","@id":"https:\/\/rwinevietnam.com\/home\/ruou-vang-uc-queen-adelaide\/#breadcrumb","itemListElement":[{"@type":"ListItem","position":1,"name":"Trang ch\u1ee7","item":"https:\/\/rwinevietnam.com\/home\/"},{"@type":"ListItem","position":2,"name":"S\u1ea3n ph\u1ea9m","item":"https:\/\/rwinevietnam.com\/home\/san-pham\/"},{"@type":"ListItem","position":3,"name":"R\u01b0\u1ee3u vang \u00dac Queen Adelaide"}]},{"@type":"WebSite","@id":"https:\/\/rwinevietnam.com\/home\/#website","url":"https:\/\/rwinevietnam.com\/home\/","name":"R.WINE","description":"C\u00d4NG TY C\u1ed4 PH\u1ea6N XU\u1ea4T KH\u1ea8U NH\u1eacP KH\u1ea8U","potentialAction":[{"@type":"SearchAction","target":{"@type":"EntryPoint","urlTemplate":"https:\/\/rwinevietnam.com\/home\/?s={search_term_string}"},"query-input":{"@type":"PropertyValueSpecification","valueRequired":true,"valueName":"search_term_string"}}],"inLanguage":"vi"}]}},"_links":{"self":[{"href":"https:\/\/rwinevietnam.com\/home\/wp-json\/wp\/v2\/product\/984","targetHints":{"allow":["GET"]}}],"collection":[{"href":"https:\/\/rwinevietnam.com\/home\/wp-json\/wp\/v2\/product"}],"about":[{"href":"https:\/\/rwinevietnam.com\/home\/wp-json\/wp\/v2\/types\/product"}],"replies":[{"embeddable":true,"href":"https:\/\/rwinevietnam.com\/home\/wp-json\/wp\/v2\/comments?post=984"}],"wp:featuredmedia":[{"embeddable":true,"href":"https:\/\/rwinevietnam.com\/home\/wp-json\/wp\/v2\/media\/963"}],"wp:attachment":[{"href":"https:\/\/rwinevietnam.com\/home\/wp-json\/wp\/v2\/media?parent=984"}],"wp:term":[{"taxonomy":"product_brand","embeddable":true,"href":"https:\/\/rwinevietnam.com\/home\/wp-json\/wp\/v2\/product_brand?post=984"},{"taxonomy":"product_cat","embeddable":true,"href":"https:\/\/rwinevietnam.com\/home\/wp-json\/wp\/v2\/product_cat?post=984"},{"taxonomy":"product_tag","embeddable":true,"href":"https:\/\/rwinevietnam.com\/home\/wp-json\/wp\/v2\/product_tag?post=984"}],"curies":[{"name":"wp","href":"https:\/\/api.w.org\/{rel}","templated":true}]}}