{"id":860,"date":"2023-08-12T02:39:07","date_gmt":"2023-08-12T02:39:07","guid":{"rendered":"https:\/\/rwinevietnam.com\/home\/?post_type=product&#038;p=860"},"modified":"2023-08-12T02:39:08","modified_gmt":"2023-08-12T02:39:08","slug":"ruou-vang-y-con-cong-vindoro-24-karat-gold","status":"publish","type":"product","link":"https:\/\/rwinevietnam.com\/home\/ruou-vang-y-con-cong-vindoro-24-karat-gold\/","title":{"rendered":"R\u01b0\u1ee3u Vang \u00dd Con C\u00f4ng Vindoro 24 Karat Gold"},"content":{"rendered":"<p><span style=\"font-size: 150%;\"><strong>B\u00c0I VI\u1ebeT CHI TI\u1ebeT V\u1ec0 S\u1ea2N PH\u1ea8M<\/strong><\/span><\/p>\n<p><a href=\"http:\/\/rwinevietnam.com\" target=\"_blank\" rel=\"nofollow noopener external noreferrer\" data-wpel-link=\"external\">Cantine San Marzano<\/a>\u00a0l\u00e0 m\u1ed9t trong nh\u1eefng th\u01b0\u01a1ng hi\u1ec7u r\u01b0\u1ee3u vang n\u1ed5i ti\u1ebfng v\u00e0 uy t\u00edn c\u1ee7a v\u00f9ng Nam \u00dd, \u0111\u01b0\u1ee3c th\u00e0nh l\u1eadp v\u00e0o n\u0103m 1962 b\u1edfi 19 n\u00f4ng d\u00e2n \u0111am m\u00ea v\u00e0 t\u1eadn t\u00e2m v\u1edbi ngh\u1ec1 tr\u1ed3ng nho. H\u1ecd \u0111\u00e3 khai ph\u00e1 v\u00e0 ph\u00e1t tri\u1ec3n nh\u1eefng gi\u1ed1ng nho \u0111\u1eb7c tr\u01b0ng c\u1ee7a v\u00f9ng Puglia, nh\u01b0 Negroamaro, Primitivo, Malvasia Nera\u2026 \u0111\u1ec3 t\u1ea1o ra nh\u1eefng chai r\u01b0\u1ee3u vang \u0111\u1ed9c \u0111\u00e1o mang \u0111\u1eadm phong c\u00e1ch v\u00e0 h\u01b0\u01a1ng v\u1ecb c\u1ee7a mi\u1ec1n Nam n\u01b0\u1edbc \u00dd.\u0110\u1eb7c bi\u1ec7t ra m\u1eaft trong m\u00f9a l\u1ec5 h\u1ed9i, chai r\u01b0\u1ee3u vang \u0111\u1ecf n\u00e0y \u0111\u00e3 \u0111\u01b0\u1ee3c gi\u1edbi s\u00e0nh vang s\u0103n l\u00f9ng tr\u00ean kh\u1eafp th\u1ebf gi\u1edbi. L\u1ef1a ch\u1ecdn d\u00f2ng r\u01b0\u1ee3u vang \u00dd \u0111\u1eb3ng c\u1ea5p n\u00e0y \u0111\u1ec3 l\u00e0m qu\u00e0 t\u1eb7ng doanh nghi\u1ec7p v\u1eeba th\u1ec3 hi\u1ec7n \u0111\u01b0\u1ee3c t\u00e2m \u00fd v\u1eeba cho th\u1ea5y s\u1ef1 am hi\u1ec3u r\u01b0\u1ee3u vang .<\/p>\n<p><span style=\"font-size: 90%;\"><strong>QUY TR\u00ccNH S\u1ea2N XU\u1ea4T\u00a0<\/strong><\/span><\/p>\n<p>R\u01b0\u1ee3u vang \u00dd San Marzano Vindoro Gold 24 Karat \u0111\u01b0\u1ee3c s\u1ea3n xu\u1ea5t t\u1eeb nh\u1eefng c\u00e2y nho Negroamaro c\u1ed5 h\u01a1n 80 n\u0103m tu\u1ed5i tr\u00ean nh\u1eefng th\u1eeda ru\u1ed9ng \u0111\u1eb7c bi\u1ec7t ph\u00eda nam Puglia. Nho \u0111\u01b0\u1ee3c thu ho\u1ea1ch th\u1ee7 c\u00f4ng v\u00e0o cu\u1ed1i th\u00e1ng Ch\u00edn ho\u1eb7c \u0111\u1ea7u th\u00e1ng M\u01b0\u1eddi khi ch\u00fang \u0111\u00e3 \u0111\u1ea1t t\u1edbi \u0111\u1ed9 ch\u00edn ho\u00e0n h\u1ea3o.Nho \u0111\u01b0\u1ee3c \u00e9p l\u1ea5y n\u01b0\u1edbc \u00e9p tr\u01b0\u1edbc khi ti\u1ebfn t\u1edbi qu\u00e1 tr\u00ecnh l\u00ean men malolactic di\u1ec5n ra trong c\u00e1c th\u00f9ng th\u00e9p kh\u00f4ng g\u1ec9 \u1edf nhi\u1ec7t \u0111\u1ed9 ki\u1ec3m so\u00e1t kho\u1ea3ng 24-26\u00b0C trong kho\u1ea3ng 18 ng\u00e0y. Sau \u0111\u00f3 r\u01b0\u1ee3u \u0111\u01b0\u1ee3c chuy\u1ec3n sang c\u00e1c th\u00f9ng g\u1ed7 s\u1ed3i Ph\u00e1p \u0111\u1ec3 \u1ee7 trong kho\u1ea3ng 12 th\u00e1ng . Cu\u1ed1i c\u00f9ng r\u01b0\u1ee3u \u0111\u01b0\u1ee3c chi\u1ebft ra chai v\u00e0 \u0111\u1ec3 y\u00ean trong kho\u1ea3ng 6 th\u00e1ng tr\u01b0\u1edbc khi xu\u1ea5t x\u01b0\u1edfng.D\u00f2ng r\u01b0\u1ee3u vang \u0111\u1ecf Limited Edition Vindoro Gold \u2013 Vang con c\u00f4ng Gold m\u1ea1 v\u00e0ng 24 Karat \u2013 ch\u1ea5t ch\u1ee9a tinh tu\u00fd c\u1ee7a nh\u1eefng c\u00e2y nho\u00a0<strong>Negroamaro<\/strong>\u00a0c\u1ed5 h\u01a1n 80 n\u0103m tu\u1ed5i m\u00e0 San Marzano \u0111\u00e3 b\u1ea5t ng\u1edd t\u00ecm th\u1ea5y tr\u00ean nh\u1eefng th\u1eeda ru\u1ed9ng b\u00ed \u1ea9n ph\u00eda nam Puglia. M\u1ed9t ph\u00e1t hi\u1ec7n \u0111\u1ea7y b\u1ea5t ng\u1edd t\u1ef1a \u0111i\u1ec1m may m\u1eafn b\u1eaft g\u1eb7p c\u00e1nh chim ph\u01b0\u1ee3ng \u00e1nh v\u00e0ng trong \u00e1nh b\u00ecnh minh. San Marzano \u0111\u00e3 d\u00e0nh t\u1ea5t c\u1ea3 nh\u1eefng tr\u00e1i nho t\u1ed1t nh\u1ea5t t\u1eeb th\u1eeda ru\u1ed9ng n\u00e0y \u0111\u1ec3 l\u00e0m n\u00ean d\u00f2ng r\u01b0\u1ee3u vang Vindoro Gold 24 karat phi\u00ean b\u1ea3n gi\u1edbi h\u1ea1n.<\/p>\n<p><span style=\"font-size: 90%;\"><strong>H\u01af\u01a0NG V\u1eca\u00a0<\/strong><\/span><\/p>\n<p><strong>R\u01b0\u1ee3u vang <\/strong>\u00a0Vindoro Gold c\u00f3 h\u01b0\u01a1ng v\u1ecb c\u00f4 \u0111\u1ecdng, \u0111\u1eadm n\u00e9t, \u1ea5m b\u1eebng l\u00ean h\u01b0\u01a1ng tr\u00e1i m\u1eadn \u0111en, anh \u0111\u00e0o ch\u00edn m\u1ecdng, m\u1ee9t qu\u1ea3 \u0111\u1ecf, ho\u00e0 quy\u1ec7n m\u1ecbn m\u00e0ng trong v\u1ecb ch\u00e1t d\u00e0y d\u1eb7n nhung l\u1ee5a, k\u00e9o theo h\u01b0\u01a1ng vanilla, \u0111inh h\u01b0\u01a1ng, s\u00f4 c\u00f4 la tr\u1eafng v\u00e0 g\u1ed7 \u0111\u00e0n h\u01b0\u01a1ng sang tr\u1ecdng.<\/p>\n<p><span style=\"font-size: 90%;\"><strong>TH\u01af\u1edeNG TH\u1ee8C<\/strong><\/span><\/p>\n<p>H\u01b0\u01a1ng v\u1ecb r\u01b0\u1ee3u vang San Marzano Vindoro Gold 24 Karat s\u1ebd tr\u1edf n\u00ean ho\u00e0n h\u1ea3o khi k\u1ebft h\u1ee3p v\u1edbi c\u00e1c m\u00f3n \u0103n \u0111\u01b0\u1ee3c ch\u1ebf bi\u1ebfn t\u1eeb th\u1ecbt \u0111\u1ecf nh\u01b0 th\u1ecbt b\u00f2, th\u1ecbt c\u1eebu, th\u1ecbt th\u00fa r\u1eebng, m\u00f3n n\u01b0\u1edbng hay c\u00e1c m\u00f3n m\u1ef3 \u00dd, th\u1ecbt vi\u00ean n\u01b0\u1edbng,&#8230;.<\/p>\n<p>Nh\u1eefng m\u00f3n \u0103n d\u00e2n gi\u00e3, \u0111\u1eadm ch\u1ea5t truy\u1ec1n th\u1ed1ng c\u1ee7a Vi\u1ec7t Nam nh\u01b0 th\u1ecbt tr\u00e2u g\u00e1c b\u1ebfp, th\u1eafng c\u1ed5, d\u00ea n\u01b0\u1edbng Ninh B\u00ecnh, heo quay m\u1eafc kh\u00e9n,..\u0111\u1ec1u s\u1ebd l\u00e0 nh\u1eefng \u0111\u1ed1i t\u00e1c tuy\u1ec7t v\u1eddi v\u1edbi chai r\u01b0\u1ee3u vang San Marzano Vindoro Gold 24 Karat n\u00e0y.<\/p>\n","protected":false},"excerpt":{"rendered":"<table style=\"border-collapse: collapse; width: 100%; height: 105px;\">\n<tbody>\n<tr style=\"height: 21px;\">\n<td style=\"width: 50%; height: 21px;\"><strong><span style=\"color: #000080;\">Xu\u1ea5t x\u1ee9 :<\/span><\/strong><\/td>\n<td style=\"width: 50%; height: 21px;\">\u00dd<\/td>\n<\/tr>\n<tr style=\"height: 21px;\">\n<td style=\"width: 50%; height: 21px;\"><strong><span style=\"color: #000080;\">Gi\u1ed1ng nho:<\/span><\/strong><\/td>\n<td style=\"width: 50%; height: 21px;\">NEGROAMARO<\/td>\n<\/tr>\n<tr style=\"height: 21px;\">\n<td style=\"width: 50%; height: 21px;\"><strong><span style=\"color: #000080;\">Lo\u1ea1i vang:<\/span><\/strong><\/td>\n<td style=\"width: 50%; height: 21px;\">Vang \u0111\u1ecf<\/td>\n<\/tr>\n<tr style=\"height: 21px;\">\n<td style=\"width: 50%; height: 21px;\"><strong><span style=\"color: #000080;\">N\u1ed3ng \u0111\u1ed9 :<\/span><\/strong><\/td>\n<td style=\"width: 50%; height: 21px;\">15%ABV<\/td>\n<\/tr>\n<tr style=\"height: 21px;\">\n<td style=\"width: 50%; height: 21px;\"><strong><span style=\"color: #000080;\">Dung t\u00edch:<\/span><\/strong><\/td>\n<td style=\"width: 50%; height: 21px;\">750 ML<\/td>\n<\/tr>\n<\/tbody>\n<\/table>\n","protected":false},"featured_media":861,"comment_status":"closed","ping_status":"closed","template":"","meta":{"_acf_changed":false},"product_brand":[],"product_cat":[76,61,79,27,62,71,29,60],"product_tag":[185,148,147,186,155,179],"class_list":{"0":"post-860","1":"product","2":"type-product","3":"status-publish","4":"has-post-thumbnail","6":"product_cat-giong-nho","7":"product_cat-loai-vang","8":"product_cat-negroamaro","9":"product_cat-ruou-vang","10":"product_cat-vang-do","11":"product_cat-vang-san-marzano","12":"product_cat-vang-y","13":"product_cat-xuat-xu","14":"product_tag-bang-gia-ruou-vang-y","15":"product_tag-cac-loai-ruou-vang-do","16":"product_tag-ruou-vang-do","17":"product_tag-ruou-vang-do-de-uong","18":"product_tag-ruou-vang-y","19":"product_tag-ruou-vang-y-gia-re","21":"first","22":"instock","23":"shipping-taxable","24":"product-type-simple"},"acf":[],"yoast_head":"<!-- This site is optimized with the Yoast SEO plugin v26.8 - https:\/\/yoast.com\/product\/yoast-seo-wordpress\/ -->\n<title>R\u01b0\u1ee3u Vang \u00dd Con C\u00f4ng Vindoro 24 Karat Gold - R.WINE<\/title>\n<meta name=\"description\" content=\"\u00a0Vindoro Gold c\u00f3 h\u01b0\u01a1ng v\u1ecb c\u00f4 \u0111\u1ecdng, \u0111\u1eadm n\u00e9t, \u1ea5m b\u1eebng l\u00ean h\u01b0\u01a1ng tr\u00e1i m\u1eadn \u0111en, anh \u0111\u00e0o ch\u00edn m\u1ecdng, m\u1ee9t qu\u1ea3 \u0111\u1ecf, ho\u00e0 quy\u1ec7n m\u1ecbn m\u00e0ng trong v\u1ecb ch\u00e1t d\u00e0y d\u1eb7n nhung l\u1ee5a\" \/>\n<meta name=\"robots\" content=\"noindex, follow\" \/>\n<meta property=\"og:locale\" content=\"vi_VN\" \/>\n<meta property=\"og:type\" content=\"article\" \/>\n<meta property=\"og:title\" content=\"R\u01b0\u1ee3u Vang \u00dd Con C\u00f4ng Vindoro 24 Karat Gold - R.WINE\" \/>\n<meta property=\"og:description\" content=\"\u00a0Vindoro Gold c\u00f3 h\u01b0\u01a1ng v\u1ecb c\u00f4 \u0111\u1ecdng, \u0111\u1eadm n\u00e9t, \u1ea5m b\u1eebng l\u00ean h\u01b0\u01a1ng tr\u00e1i m\u1eadn \u0111en, anh \u0111\u00e0o ch\u00edn m\u1ecdng, m\u1ee9t qu\u1ea3 \u0111\u1ecf, ho\u00e0 quy\u1ec7n m\u1ecbn m\u00e0ng trong v\u1ecb ch\u00e1t d\u00e0y d\u1eb7n nhung l\u1ee5a\" \/>\n<meta property=\"og:url\" content=\"https:\/\/rwinevietnam.com\/home\/ruou-vang-y-con-cong-vindoro-24-karat-gold\/\" \/>\n<meta property=\"og:site_name\" content=\"R.WINE\" \/>\n<meta property=\"article:modified_time\" content=\"2023-08-12T02:39:08+00:00\" \/>\n<meta property=\"og:image\" content=\"https:\/\/rwinevietnam.com\/home\/wp-content\/uploads\/2023\/08\/ruou-vang-y-con-cong-vindoro-24-karat-gold-2019.jpg\" \/>\n\t<meta property=\"og:image:width\" content=\"600\" \/>\n\t<meta property=\"og:image:height\" content=\"800\" \/>\n\t<meta property=\"og:image:type\" content=\"image\/jpeg\" \/>\n<meta name=\"twitter:card\" content=\"summary_large_image\" \/>\n<script type=\"application\/ld+json\" class=\"yoast-schema-graph\">{\"@context\":\"https:\/\/schema.org\",\"@graph\":[{\"@type\":\"WebPage\",\"@id\":\"https:\/\/rwinevietnam.com\/home\/ruou-vang-y-con-cong-vindoro-24-karat-gold\/\",\"url\":\"https:\/\/rwinevietnam.com\/home\/ruou-vang-y-con-cong-vindoro-24-karat-gold\/\",\"name\":\"R\u01b0\u1ee3u Vang \u00dd Con C\u00f4ng Vindoro 24 Karat Gold - R.WINE\",\"isPartOf\":{\"@id\":\"https:\/\/rwinevietnam.com\/home\/#website\"},\"primaryImageOfPage\":{\"@id\":\"https:\/\/rwinevietnam.com\/home\/ruou-vang-y-con-cong-vindoro-24-karat-gold\/#primaryimage\"},\"image\":{\"@id\":\"https:\/\/rwinevietnam.com\/home\/ruou-vang-y-con-cong-vindoro-24-karat-gold\/#primaryimage\"},\"thumbnailUrl\":\"https:\/\/rwinevietnam.com\/home\/wp-content\/uploads\/2023\/08\/ruou-vang-y-con-cong-vindoro-24-karat-gold-2019.jpg\",\"datePublished\":\"2023-08-12T02:39:07+00:00\",\"dateModified\":\"2023-08-12T02:39:08+00:00\",\"description\":\"\u00a0Vindoro Gold c\u00f3 h\u01b0\u01a1ng v\u1ecb c\u00f4 \u0111\u1ecdng, \u0111\u1eadm n\u00e9t, \u1ea5m b\u1eebng l\u00ean h\u01b0\u01a1ng tr\u00e1i m\u1eadn \u0111en, anh \u0111\u00e0o ch\u00edn m\u1ecdng, m\u1ee9t qu\u1ea3 \u0111\u1ecf, ho\u00e0 quy\u1ec7n m\u1ecbn m\u00e0ng trong v\u1ecb ch\u00e1t d\u00e0y d\u1eb7n nhung l\u1ee5a\",\"breadcrumb\":{\"@id\":\"https:\/\/rwinevietnam.com\/home\/ruou-vang-y-con-cong-vindoro-24-karat-gold\/#breadcrumb\"},\"inLanguage\":\"vi\",\"potentialAction\":[{\"@type\":\"ReadAction\",\"target\":[\"https:\/\/rwinevietnam.com\/home\/ruou-vang-y-con-cong-vindoro-24-karat-gold\/\"]}]},{\"@type\":\"ImageObject\",\"inLanguage\":\"vi\",\"@id\":\"https:\/\/rwinevietnam.com\/home\/ruou-vang-y-con-cong-vindoro-24-karat-gold\/#primaryimage\",\"url\":\"https:\/\/rwinevietnam.com\/home\/wp-content\/uploads\/2023\/08\/ruou-vang-y-con-cong-vindoro-24-karat-gold-2019.jpg\",\"contentUrl\":\"https:\/\/rwinevietnam.com\/home\/wp-content\/uploads\/2023\/08\/ruou-vang-y-con-cong-vindoro-24-karat-gold-2019.jpg\",\"width\":600,\"height\":800},{\"@type\":\"BreadcrumbList\",\"@id\":\"https:\/\/rwinevietnam.com\/home\/ruou-vang-y-con-cong-vindoro-24-karat-gold\/#breadcrumb\",\"itemListElement\":[{\"@type\":\"ListItem\",\"position\":1,\"name\":\"Trang ch\u1ee7\",\"item\":\"https:\/\/rwinevietnam.com\/home\/\"},{\"@type\":\"ListItem\",\"position\":2,\"name\":\"S\u1ea3n ph\u1ea9m\",\"item\":\"https:\/\/rwinevietnam.com\/home\/san-pham\/\"},{\"@type\":\"ListItem\",\"position\":3,\"name\":\"R\u01b0\u1ee3u Vang \u00dd Con C\u00f4ng Vindoro 24 Karat Gold\"}]},{\"@type\":\"WebSite\",\"@id\":\"https:\/\/rwinevietnam.com\/home\/#website\",\"url\":\"https:\/\/rwinevietnam.com\/home\/\",\"name\":\"R.WINE\",\"description\":\"C\u00d4NG TY C\u1ed4 PH\u1ea6N XU\u1ea4T KH\u1ea8U NH\u1eacP KH\u1ea8U\",\"potentialAction\":[{\"@type\":\"SearchAction\",\"target\":{\"@type\":\"EntryPoint\",\"urlTemplate\":\"https:\/\/rwinevietnam.com\/home\/?s={search_term_string}\"},\"query-input\":{\"@type\":\"PropertyValueSpecification\",\"valueRequired\":true,\"valueName\":\"search_term_string\"}}],\"inLanguage\":\"vi\"}]}<\/script>\n<!-- \/ Yoast SEO plugin. -->","yoast_head_json":{"title":"R\u01b0\u1ee3u Vang \u00dd Con C\u00f4ng Vindoro 24 Karat Gold - R.WINE","description":"\u00a0Vindoro Gold c\u00f3 h\u01b0\u01a1ng v\u1ecb c\u00f4 \u0111\u1ecdng, \u0111\u1eadm n\u00e9t, \u1ea5m b\u1eebng l\u00ean h\u01b0\u01a1ng tr\u00e1i m\u1eadn \u0111en, anh \u0111\u00e0o ch\u00edn m\u1ecdng, m\u1ee9t qu\u1ea3 \u0111\u1ecf, ho\u00e0 quy\u1ec7n m\u1ecbn m\u00e0ng trong v\u1ecb ch\u00e1t d\u00e0y d\u1eb7n nhung l\u1ee5a","robots":{"index":"noindex","follow":"follow"},"og_locale":"vi_VN","og_type":"article","og_title":"R\u01b0\u1ee3u Vang \u00dd Con C\u00f4ng Vindoro 24 Karat Gold - R.WINE","og_description":"\u00a0Vindoro Gold c\u00f3 h\u01b0\u01a1ng v\u1ecb c\u00f4 \u0111\u1ecdng, \u0111\u1eadm n\u00e9t, \u1ea5m b\u1eebng l\u00ean h\u01b0\u01a1ng tr\u00e1i m\u1eadn \u0111en, anh \u0111\u00e0o ch\u00edn m\u1ecdng, m\u1ee9t qu\u1ea3 \u0111\u1ecf, ho\u00e0 quy\u1ec7n m\u1ecbn m\u00e0ng trong v\u1ecb ch\u00e1t d\u00e0y d\u1eb7n nhung l\u1ee5a","og_url":"https:\/\/rwinevietnam.com\/home\/ruou-vang-y-con-cong-vindoro-24-karat-gold\/","og_site_name":"R.WINE","article_modified_time":"2023-08-12T02:39:08+00:00","og_image":[{"width":600,"height":800,"url":"https:\/\/rwinevietnam.com\/home\/wp-content\/uploads\/2023\/08\/ruou-vang-y-con-cong-vindoro-24-karat-gold-2019.jpg","type":"image\/jpeg"}],"twitter_card":"summary_large_image","schema":{"@context":"https:\/\/schema.org","@graph":[{"@type":"WebPage","@id":"https:\/\/rwinevietnam.com\/home\/ruou-vang-y-con-cong-vindoro-24-karat-gold\/","url":"https:\/\/rwinevietnam.com\/home\/ruou-vang-y-con-cong-vindoro-24-karat-gold\/","name":"R\u01b0\u1ee3u Vang \u00dd Con C\u00f4ng Vindoro 24 Karat Gold - R.WINE","isPartOf":{"@id":"https:\/\/rwinevietnam.com\/home\/#website"},"primaryImageOfPage":{"@id":"https:\/\/rwinevietnam.com\/home\/ruou-vang-y-con-cong-vindoro-24-karat-gold\/#primaryimage"},"image":{"@id":"https:\/\/rwinevietnam.com\/home\/ruou-vang-y-con-cong-vindoro-24-karat-gold\/#primaryimage"},"thumbnailUrl":"https:\/\/rwinevietnam.com\/home\/wp-content\/uploads\/2023\/08\/ruou-vang-y-con-cong-vindoro-24-karat-gold-2019.jpg","datePublished":"2023-08-12T02:39:07+00:00","dateModified":"2023-08-12T02:39:08+00:00","description":"\u00a0Vindoro Gold c\u00f3 h\u01b0\u01a1ng v\u1ecb c\u00f4 \u0111\u1ecdng, \u0111\u1eadm n\u00e9t, \u1ea5m b\u1eebng l\u00ean h\u01b0\u01a1ng tr\u00e1i m\u1eadn \u0111en, anh \u0111\u00e0o ch\u00edn m\u1ecdng, m\u1ee9t qu\u1ea3 \u0111\u1ecf, ho\u00e0 quy\u1ec7n m\u1ecbn m\u00e0ng trong v\u1ecb ch\u00e1t d\u00e0y d\u1eb7n nhung l\u1ee5a","breadcrumb":{"@id":"https:\/\/rwinevietnam.com\/home\/ruou-vang-y-con-cong-vindoro-24-karat-gold\/#breadcrumb"},"inLanguage":"vi","potentialAction":[{"@type":"ReadAction","target":["https:\/\/rwinevietnam.com\/home\/ruou-vang-y-con-cong-vindoro-24-karat-gold\/"]}]},{"@type":"ImageObject","inLanguage":"vi","@id":"https:\/\/rwinevietnam.com\/home\/ruou-vang-y-con-cong-vindoro-24-karat-gold\/#primaryimage","url":"https:\/\/rwinevietnam.com\/home\/wp-content\/uploads\/2023\/08\/ruou-vang-y-con-cong-vindoro-24-karat-gold-2019.jpg","contentUrl":"https:\/\/rwinevietnam.com\/home\/wp-content\/uploads\/2023\/08\/ruou-vang-y-con-cong-vindoro-24-karat-gold-2019.jpg","width":600,"height":800},{"@type":"BreadcrumbList","@id":"https:\/\/rwinevietnam.com\/home\/ruou-vang-y-con-cong-vindoro-24-karat-gold\/#breadcrumb","itemListElement":[{"@type":"ListItem","position":1,"name":"Trang ch\u1ee7","item":"https:\/\/rwinevietnam.com\/home\/"},{"@type":"ListItem","position":2,"name":"S\u1ea3n ph\u1ea9m","item":"https:\/\/rwinevietnam.com\/home\/san-pham\/"},{"@type":"ListItem","position":3,"name":"R\u01b0\u1ee3u Vang \u00dd Con C\u00f4ng Vindoro 24 Karat Gold"}]},{"@type":"WebSite","@id":"https:\/\/rwinevietnam.com\/home\/#website","url":"https:\/\/rwinevietnam.com\/home\/","name":"R.WINE","description":"C\u00d4NG TY C\u1ed4 PH\u1ea6N XU\u1ea4T KH\u1ea8U NH\u1eacP KH\u1ea8U","potentialAction":[{"@type":"SearchAction","target":{"@type":"EntryPoint","urlTemplate":"https:\/\/rwinevietnam.com\/home\/?s={search_term_string}"},"query-input":{"@type":"PropertyValueSpecification","valueRequired":true,"valueName":"search_term_string"}}],"inLanguage":"vi"}]}},"_links":{"self":[{"href":"https:\/\/rwinevietnam.com\/home\/wp-json\/wp\/v2\/product\/860","targetHints":{"allow":["GET"]}}],"collection":[{"href":"https:\/\/rwinevietnam.com\/home\/wp-json\/wp\/v2\/product"}],"about":[{"href":"https:\/\/rwinevietnam.com\/home\/wp-json\/wp\/v2\/types\/product"}],"replies":[{"embeddable":true,"href":"https:\/\/rwinevietnam.com\/home\/wp-json\/wp\/v2\/comments?post=860"}],"wp:featuredmedia":[{"embeddable":true,"href":"https:\/\/rwinevietnam.com\/home\/wp-json\/wp\/v2\/media\/861"}],"wp:attachment":[{"href":"https:\/\/rwinevietnam.com\/home\/wp-json\/wp\/v2\/media?parent=860"}],"wp:term":[{"taxonomy":"product_brand","embeddable":true,"href":"https:\/\/rwinevietnam.com\/home\/wp-json\/wp\/v2\/product_brand?post=860"},{"taxonomy":"product_cat","embeddable":true,"href":"https:\/\/rwinevietnam.com\/home\/wp-json\/wp\/v2\/product_cat?post=860"},{"taxonomy":"product_tag","embeddable":true,"href":"https:\/\/rwinevietnam.com\/home\/wp-json\/wp\/v2\/product_tag?post=860"}],"curies":[{"name":"wp","href":"https:\/\/api.w.org\/{rel}","templated":true}]}}