{"id":850,"date":"2023-08-11T08:11:14","date_gmt":"2023-08-11T08:11:14","guid":{"rendered":"https:\/\/rwinevietnam.com\/home\/?post_type=product&#038;p=850"},"modified":"2023-08-11T08:11:14","modified_gmt":"2023-08-11T08:11:14","slug":"ruou-vang-dhalia","status":"publish","type":"product","link":"https:\/\/rwinevietnam.com\/home\/ruou-vang-dhalia\/","title":{"rendered":"R\u01b0\u1ee3u vang Dhalia"},"content":{"rendered":"<p><a href=\"http:\/\/rwinevietnam.com\"><strong>R\u01b0\u1ee3u vang Dhalia<\/strong><\/a>\u00a0l\u00e0 s\u1ef1 k\u1ebft h\u1ee3p tinh t\u1ebf gi\u1eefa 2 gi\u1ed1ng nho danh ti\u1ebfng l\u00e0 Cabernet Sauvignon v\u00e0 Merlot. V\u1edbi m\u00e0u s\u1eafc \u0111\u1ecf ruby r\u1ef1c r\u1ee1, h\u01b0\u01a1ng th\u01a1m c\u1ee7a tr\u00e1i c\u00e2y ch\u00edn v\u00e0 gia v\u1ecb h\u00e0i h\u00f2a, v\u1ecb r\u01b0\u1ee3u m\u1ec1m m\u1ea1i v\u00e0 c\u00e2n b\u1eb1ng, Dhalia \u0111\u00e3 tr\u1edf th\u00e0nh l\u1ef1a ch\u1ecdn y\u00eau th\u00edch c\u1ee7a nhi\u1ec1u t\u00edn \u0111\u1ed3 r\u01b0\u1ee3u vang.<\/p>\n<p>R\u01b0\u1ee3u vang ChiLe Dhalia \u0111\u01b0\u1ee3c s\u1ea3n xu\u1ea5t t\u1eeb c\u00e1c gi\u1ed1ng nho \u0111\u01b0\u1ee3c tr\u1ed3ng tr\u00ean c\u00e1c khu v\u1ef1c n\u1ed5i ti\u1ebfng c\u1ee7a ChiLe, \u0111\u01b0\u1ee3c ch\u0103m s\u00f3c k\u1ef9 l\u01b0\u1ee1ng \u0111\u1ec3 \u0111\u1ea1t \u0111\u01b0\u1ee3c ch\u1ea5t l\u01b0\u1ee3ng t\u1ed1t nh\u1ea5t. Sau \u0111\u00f3, qu\u00e1 tr\u00ecnh l\u00ean men \u0111\u01b0\u1ee3c th\u1ef1c hi\u1ec7n trong c\u00e1c th\u00f9ng g\u1ed7 s\u1ed3i, gi\u00fap cho r\u01b0\u1ee3u c\u00f3 \u0111\u01b0\u1ee3c v\u1ecb ch\u00e1t v\u00e0 h\u01b0\u01a1ng th\u01a1m \u0111\u1eb7c tr\u01b0ng. ChiLe Dhalia \u0111\u01b0\u1ee3c \u1ee7 trong th\u1eddi gian t\u1eeb 12 \u0111\u1ebfn 14 th\u00e1ng, gi\u00fap cho r\u01b0\u1ee3u c\u00f3 \u0111\u01b0\u1ee3c h\u01b0\u01a1ng v\u1ecb ph\u1ee9c h\u1ee3p, tinh t\u1ebf v\u00e0 c\u00e2n b\u1eb1ng.\u00a0 \u00a0 \u00a0 \u00a0 \u00a0 \u00a0 \u00a0 \u00a0 \u00a0 \u00a0 \u00a0 \u00a0 \u00a0 \u00a0 \u00a0 \u00a0 \u00a0 \u00a0 \u00a0 \u00a0 \u00a0 \u00a0 \u00a0 \u00a0 \u00a0 \u00a0 \u00a0 \u00a0 \u00a0 \u00a0 \u00a0 \u00a0 \u00a0 \u00a0 \u00a0 \u00a0 \u00a0 \u00a0 \u00a0 \u00a0 \u00a0 \u00a0 \u00a0 \u00a0 \u00a0 \u00a0 \u00a0 \u00a0 \u00a0 \u00a0 \u00a0 \u00a0 \u00a0 \u00a0 \u00a0 \u00a0 \u00a0 \u00a0 \u00a0 \u00a0 \u00a0 \u00a0 \u00a0 \u00a0 \u00a0 \u00a0 \u00a0 \u00a0 \u00a0 \u00a0 \u00a0 \u00a0 \u00a0 \u00a0 \u00a0 \u00a0 \u00a0 \u00a0 \u00a0 \u00a0 \u00a0 \u00a0 \u00a0 \u00a0 \u00a0 \u00a0 \u00a0 \u00a0 \u00a0 \u00a0 \u00a0 \u00a0 \u00a0 \u00a0 \u00a0 \u00a0 \u00a0 \u00a0 \u00a0 \u00a0 \u00a0 \u00a0 \u00a0 \u00a0 \u00a0 \u00a0 \u00a0 \u00a0 \u00a0 \u00a0 \u00a0 \u00a0 \u00a0 \u00a0 \u00a0 \u00a0 \u00a0 \u00a0 \u00a0 \u00a0 \u00a0 \u00a0 \u00a0 \u00a0 \u00a0 \u00a0 \u00a0 \u00a0 \u00a0 \u00a0 <img loading=\"lazy\" decoding=\"async\" class=\"alignnone wp-image-689 size-full\" src=\"https:\/\/rwinevietnam.com\/home\/wp-content\/uploads\/2022\/09\/44.jpg\" alt=\"\" width=\"550\" height=\"344\" srcset=\"https:\/\/rwinevietnam.com\/home\/wp-content\/uploads\/2022\/09\/44.jpg 550w, https:\/\/rwinevietnam.com\/home\/wp-content\/uploads\/2022\/09\/44-300x188.jpg 300w\" sizes=\"auto, (max-width: 550px) 100vw, 550px\" \/><\/p>\n<p>Hi\u1ec7n nay, ChiLe Dhalia l\u00e0 m\u1ed9t trong nh\u1eefng s\u1ea3n ph\u1ea9m r\u01b0\u1ee3u vang \u0111\u01b0\u1ee3c b\u00e1n ch\u00ednh h\u00e3ng t\u1ea1i rwinevietnam.com\u00a0 . V\u1edbi cam k\u1ebft mang \u0111\u1ebfn nh\u1eefng s\u1ea3n ph\u1ea9m ch\u1ea5t l\u01b0\u1ee3ng v\u00e0 uy t\u00edn nh\u1ea5t, rwinevietnam.com cam k\u1ebft b\u00e1n r\u01b0\u1ee3u vang ChiLe Dhalia v\u1edbi gi\u00e1 r\u1ebb nh\u1ea5t tr\u00ean th\u1ecb tr\u01b0\u1eddng . V\u1edbi ch\u1ea5t l\u01b0\u1ee3ng t\u1ed1t v\u00e0 gi\u00e1 c\u1ea3 h\u1ee3p l\u00fd, ChiLe Dhalia l\u00e0 m\u1ed9t l\u1ef1a ch\u1ecdn tuy\u1ec7t v\u1eddi cho nh\u1eefng ng\u01b0\u1eddi y\u00eau th\u00edch r\u01b0\u1ee3u vang v\u00e0 mu\u1ed1n kh\u00e1m ph\u00e1 nh\u1eefng h\u01b0\u01a1ng v\u1ecb m\u1edbi m\u1ebb.<\/p>\n<p>R\u01b0\u1ee3u l\u00e0 s\u1ef1 k\u1ebft h\u1ee3p ho\u00e0n h\u1ea3o v\u1edbi c\u00e1c m\u00f3n th\u1ecbt \u0111\u1ecf (b\u00f2, c\u1eebu, nai,..), th\u1ecbt hun kh\u00f3i. R\u01b0\u1ee3u \u0111\u01b0\u1ee3c ph\u1ee5c v\u1ee5 t\u1ed1t nh\u1ea5t \u1edf nhi\u1ec7t \u0111\u1ed9 t\u1eeb 16<sup>0<\/sup>C-18<sup>0<\/sup>C.<\/p>\n","protected":false},"excerpt":{"rendered":"<table style=\"border-collapse: collapse; width: 100%; height: 105px;\">\n<tbody>\n<tr style=\"height: 21px;\">\n<td style=\"width: 50%; height: 21px;\"><strong><span style=\"color: #000080;\">Xu\u1ea5t x\u1ee9:<\/span><\/strong><\/td>\n<td style=\"width: 50%; height: 21px;\">Chile<\/td>\n<\/tr>\n<tr style=\"height: 21px;\">\n<td style=\"width: 50%; height: 21px;\"><strong><span style=\"color: #000080;\">Gi\u1ed1ng nho:<\/span><\/strong><\/td>\n<td style=\"width: 50%; height: 21px;\">Cabernet Sauvignon + Merlo<\/td>\n<\/tr>\n<tr style=\"height: 21px;\">\n<td style=\"width: 50%; height: 21px;\"><strong><span style=\"color: #000080;\">Lo\u1ea1i vang:<\/span><\/strong><\/td>\n<td style=\"width: 50%; height: 21px;\">Vang \u0111\u1ecf<\/td>\n<\/tr>\n<tr style=\"height: 21px;\">\n<td style=\"width: 50%; height: 21px;\"><strong><span style=\"color: #000080;\">N\u1ed3ng \u0111\u1ed9:<\/span><\/strong><\/td>\n<td style=\"width: 50%; height: 21px;\">13%ABV<\/td>\n<\/tr>\n<tr style=\"height: 21px;\">\n<td style=\"width: 50%; height: 21px;\"><strong><span style=\"color: #000080;\">Dung t\u00edch:<\/span><\/strong><\/td>\n<td style=\"width: 50%; height: 21px;\">750ML<\/td>\n<\/tr>\n<\/tbody>\n<\/table>\n","protected":false},"featured_media":854,"comment_status":"closed","ping_status":"closed","template":"","meta":{"_acf_changed":false},"product_brand":[],"product_cat":[77,78,27,32,62],"product_tag":[144,148,182,183,147],"class_list":{"0":"post-850","1":"product","2":"type-product","3":"status-publish","4":"has-post-thumbnail","6":"product_cat-cabernet-sauvignon","7":"product_cat-merlot","8":"product_cat-ruou-vang","9":"product_cat-vang-chile","10":"product_cat-vang-do","11":"product_tag-bang-gia-ruou-vang-phap","12":"product_tag-cac-loai-ruou-vang-do","13":"product_tag-ruou-vang-chile","14":"product_tag-ruou-vang-chile-gia-re","15":"product_tag-ruou-vang-do","17":"first","18":"instock","19":"shipping-taxable","20":"product-type-simple"},"acf":[],"yoast_head":"<!-- This site is optimized with the Yoast SEO plugin v26.8 - https:\/\/yoast.com\/product\/yoast-seo-wordpress\/ -->\n<title>R\u01b0\u1ee3u vang Dhalia ch\u00ednh h\u00e3ng gi\u00e1 r\u1ebb nh\u1ea5t- R.WINE<\/title>\n<meta name=\"description\" content=\"R\u01b0\u1ee3u vang ChiLe Dhalia \u0111\u01b0\u1ee3c s\u1ea3n xu\u1ea5t t\u1eeb c\u00e1c gi\u1ed1ng nho \u0111\u01b0\u1ee3c tr\u1ed3ng tr\u00ean c\u00e1c khu v\u1ef1c n\u1ed5i ti\u1ebfng c\u1ee7a ChiLe, \u0111\u01b0\u1ee3c ch\u0103m s\u00f3c k\u1ef9 l\u01b0\u1ee1ng \u0111\u1ec3 \u0111\u1ea1t \u0111\u01b0\u1ee3c ch\u1ea5t l\u01b0\u1ee3ng nh\u1ea5t.\" \/>\n<meta name=\"robots\" content=\"noindex, follow\" \/>\n<meta property=\"og:locale\" content=\"vi_VN\" \/>\n<meta property=\"og:type\" content=\"article\" \/>\n<meta property=\"og:title\" content=\"R\u01b0\u1ee3u vang Dhalia ch\u00ednh h\u00e3ng gi\u00e1 r\u1ebb nh\u1ea5t- R.WINE\" \/>\n<meta property=\"og:description\" content=\"R\u01b0\u1ee3u vang ChiLe Dhalia \u0111\u01b0\u1ee3c s\u1ea3n xu\u1ea5t t\u1eeb c\u00e1c gi\u1ed1ng nho \u0111\u01b0\u1ee3c tr\u1ed3ng tr\u00ean c\u00e1c khu v\u1ef1c n\u1ed5i ti\u1ebfng c\u1ee7a ChiLe, \u0111\u01b0\u1ee3c ch\u0103m s\u00f3c k\u1ef9 l\u01b0\u1ee1ng \u0111\u1ec3 \u0111\u1ea1t \u0111\u01b0\u1ee3c ch\u1ea5t l\u01b0\u1ee3ng nh\u1ea5t.\" \/>\n<meta property=\"og:url\" content=\"https:\/\/rwinevietnam.com\/home\/ruou-vang-dhalia\/\" \/>\n<meta property=\"og:site_name\" content=\"R.WINE\" \/>\n<meta property=\"og:image\" content=\"https:\/\/rwinevietnam.com\/home\/wp-content\/uploads\/2023\/08\/z4594670005002_c5c95ddba2100867ddd0b3c8ed9f0177.jpg\" \/>\n\t<meta property=\"og:image:width\" content=\"500\" \/>\n\t<meta property=\"og:image:height\" content=\"700\" \/>\n\t<meta property=\"og:image:type\" content=\"image\/jpeg\" \/>\n<meta name=\"twitter:card\" content=\"summary_large_image\" \/>\n<script type=\"application\/ld+json\" class=\"yoast-schema-graph\">{\"@context\":\"https:\/\/schema.org\",\"@graph\":[{\"@type\":\"WebPage\",\"@id\":\"https:\/\/rwinevietnam.com\/home\/ruou-vang-dhalia\/\",\"url\":\"https:\/\/rwinevietnam.com\/home\/ruou-vang-dhalia\/\",\"name\":\"R\u01b0\u1ee3u vang Dhalia ch\u00ednh h\u00e3ng gi\u00e1 r\u1ebb nh\u1ea5t- R.WINE\",\"isPartOf\":{\"@id\":\"https:\/\/rwinevietnam.com\/home\/#website\"},\"primaryImageOfPage\":{\"@id\":\"https:\/\/rwinevietnam.com\/home\/ruou-vang-dhalia\/#primaryimage\"},\"image\":{\"@id\":\"https:\/\/rwinevietnam.com\/home\/ruou-vang-dhalia\/#primaryimage\"},\"thumbnailUrl\":\"https:\/\/rwinevietnam.com\/home\/wp-content\/uploads\/2023\/08\/z4594670005002_c5c95ddba2100867ddd0b3c8ed9f0177.jpg\",\"datePublished\":\"2023-08-11T08:11:14+00:00\",\"description\":\"R\u01b0\u1ee3u vang ChiLe Dhalia \u0111\u01b0\u1ee3c s\u1ea3n xu\u1ea5t t\u1eeb c\u00e1c gi\u1ed1ng nho \u0111\u01b0\u1ee3c tr\u1ed3ng tr\u00ean c\u00e1c khu v\u1ef1c n\u1ed5i ti\u1ebfng c\u1ee7a ChiLe, \u0111\u01b0\u1ee3c ch\u0103m s\u00f3c k\u1ef9 l\u01b0\u1ee1ng \u0111\u1ec3 \u0111\u1ea1t \u0111\u01b0\u1ee3c ch\u1ea5t l\u01b0\u1ee3ng nh\u1ea5t.\",\"breadcrumb\":{\"@id\":\"https:\/\/rwinevietnam.com\/home\/ruou-vang-dhalia\/#breadcrumb\"},\"inLanguage\":\"vi\",\"potentialAction\":[{\"@type\":\"ReadAction\",\"target\":[\"https:\/\/rwinevietnam.com\/home\/ruou-vang-dhalia\/\"]}]},{\"@type\":\"ImageObject\",\"inLanguage\":\"vi\",\"@id\":\"https:\/\/rwinevietnam.com\/home\/ruou-vang-dhalia\/#primaryimage\",\"url\":\"https:\/\/rwinevietnam.com\/home\/wp-content\/uploads\/2023\/08\/z4594670005002_c5c95ddba2100867ddd0b3c8ed9f0177.jpg\",\"contentUrl\":\"https:\/\/rwinevietnam.com\/home\/wp-content\/uploads\/2023\/08\/z4594670005002_c5c95ddba2100867ddd0b3c8ed9f0177.jpg\",\"width\":500,\"height\":700},{\"@type\":\"BreadcrumbList\",\"@id\":\"https:\/\/rwinevietnam.com\/home\/ruou-vang-dhalia\/#breadcrumb\",\"itemListElement\":[{\"@type\":\"ListItem\",\"position\":1,\"name\":\"Trang ch\u1ee7\",\"item\":\"https:\/\/rwinevietnam.com\/home\/\"},{\"@type\":\"ListItem\",\"position\":2,\"name\":\"S\u1ea3n ph\u1ea9m\",\"item\":\"https:\/\/rwinevietnam.com\/home\/san-pham\/\"},{\"@type\":\"ListItem\",\"position\":3,\"name\":\"R\u01b0\u1ee3u vang Dhalia\"}]},{\"@type\":\"WebSite\",\"@id\":\"https:\/\/rwinevietnam.com\/home\/#website\",\"url\":\"https:\/\/rwinevietnam.com\/home\/\",\"name\":\"R.WINE\",\"description\":\"C\u00d4NG TY C\u1ed4 PH\u1ea6N XU\u1ea4T KH\u1ea8U NH\u1eacP KH\u1ea8U\",\"potentialAction\":[{\"@type\":\"SearchAction\",\"target\":{\"@type\":\"EntryPoint\",\"urlTemplate\":\"https:\/\/rwinevietnam.com\/home\/?s={search_term_string}\"},\"query-input\":{\"@type\":\"PropertyValueSpecification\",\"valueRequired\":true,\"valueName\":\"search_term_string\"}}],\"inLanguage\":\"vi\"}]}<\/script>\n<!-- \/ Yoast SEO plugin. -->","yoast_head_json":{"title":"R\u01b0\u1ee3u vang Dhalia ch\u00ednh h\u00e3ng gi\u00e1 r\u1ebb nh\u1ea5t- R.WINE","description":"R\u01b0\u1ee3u vang ChiLe Dhalia \u0111\u01b0\u1ee3c s\u1ea3n xu\u1ea5t t\u1eeb c\u00e1c gi\u1ed1ng nho \u0111\u01b0\u1ee3c tr\u1ed3ng tr\u00ean c\u00e1c khu v\u1ef1c n\u1ed5i ti\u1ebfng c\u1ee7a ChiLe, \u0111\u01b0\u1ee3c ch\u0103m s\u00f3c k\u1ef9 l\u01b0\u1ee1ng \u0111\u1ec3 \u0111\u1ea1t \u0111\u01b0\u1ee3c ch\u1ea5t l\u01b0\u1ee3ng nh\u1ea5t.","robots":{"index":"noindex","follow":"follow"},"og_locale":"vi_VN","og_type":"article","og_title":"R\u01b0\u1ee3u vang Dhalia ch\u00ednh h\u00e3ng gi\u00e1 r\u1ebb nh\u1ea5t- R.WINE","og_description":"R\u01b0\u1ee3u vang ChiLe Dhalia \u0111\u01b0\u1ee3c s\u1ea3n xu\u1ea5t t\u1eeb c\u00e1c gi\u1ed1ng nho \u0111\u01b0\u1ee3c tr\u1ed3ng tr\u00ean c\u00e1c khu v\u1ef1c n\u1ed5i ti\u1ebfng c\u1ee7a ChiLe, \u0111\u01b0\u1ee3c ch\u0103m s\u00f3c k\u1ef9 l\u01b0\u1ee1ng \u0111\u1ec3 \u0111\u1ea1t \u0111\u01b0\u1ee3c ch\u1ea5t l\u01b0\u1ee3ng nh\u1ea5t.","og_url":"https:\/\/rwinevietnam.com\/home\/ruou-vang-dhalia\/","og_site_name":"R.WINE","og_image":[{"width":500,"height":700,"url":"https:\/\/rwinevietnam.com\/home\/wp-content\/uploads\/2023\/08\/z4594670005002_c5c95ddba2100867ddd0b3c8ed9f0177.jpg","type":"image\/jpeg"}],"twitter_card":"summary_large_image","schema":{"@context":"https:\/\/schema.org","@graph":[{"@type":"WebPage","@id":"https:\/\/rwinevietnam.com\/home\/ruou-vang-dhalia\/","url":"https:\/\/rwinevietnam.com\/home\/ruou-vang-dhalia\/","name":"R\u01b0\u1ee3u vang Dhalia ch\u00ednh h\u00e3ng gi\u00e1 r\u1ebb nh\u1ea5t- R.WINE","isPartOf":{"@id":"https:\/\/rwinevietnam.com\/home\/#website"},"primaryImageOfPage":{"@id":"https:\/\/rwinevietnam.com\/home\/ruou-vang-dhalia\/#primaryimage"},"image":{"@id":"https:\/\/rwinevietnam.com\/home\/ruou-vang-dhalia\/#primaryimage"},"thumbnailUrl":"https:\/\/rwinevietnam.com\/home\/wp-content\/uploads\/2023\/08\/z4594670005002_c5c95ddba2100867ddd0b3c8ed9f0177.jpg","datePublished":"2023-08-11T08:11:14+00:00","description":"R\u01b0\u1ee3u vang ChiLe Dhalia \u0111\u01b0\u1ee3c s\u1ea3n xu\u1ea5t t\u1eeb c\u00e1c gi\u1ed1ng nho \u0111\u01b0\u1ee3c tr\u1ed3ng tr\u00ean c\u00e1c khu v\u1ef1c n\u1ed5i ti\u1ebfng c\u1ee7a ChiLe, \u0111\u01b0\u1ee3c ch\u0103m s\u00f3c k\u1ef9 l\u01b0\u1ee1ng \u0111\u1ec3 \u0111\u1ea1t \u0111\u01b0\u1ee3c ch\u1ea5t l\u01b0\u1ee3ng nh\u1ea5t.","breadcrumb":{"@id":"https:\/\/rwinevietnam.com\/home\/ruou-vang-dhalia\/#breadcrumb"},"inLanguage":"vi","potentialAction":[{"@type":"ReadAction","target":["https:\/\/rwinevietnam.com\/home\/ruou-vang-dhalia\/"]}]},{"@type":"ImageObject","inLanguage":"vi","@id":"https:\/\/rwinevietnam.com\/home\/ruou-vang-dhalia\/#primaryimage","url":"https:\/\/rwinevietnam.com\/home\/wp-content\/uploads\/2023\/08\/z4594670005002_c5c95ddba2100867ddd0b3c8ed9f0177.jpg","contentUrl":"https:\/\/rwinevietnam.com\/home\/wp-content\/uploads\/2023\/08\/z4594670005002_c5c95ddba2100867ddd0b3c8ed9f0177.jpg","width":500,"height":700},{"@type":"BreadcrumbList","@id":"https:\/\/rwinevietnam.com\/home\/ruou-vang-dhalia\/#breadcrumb","itemListElement":[{"@type":"ListItem","position":1,"name":"Trang ch\u1ee7","item":"https:\/\/rwinevietnam.com\/home\/"},{"@type":"ListItem","position":2,"name":"S\u1ea3n ph\u1ea9m","item":"https:\/\/rwinevietnam.com\/home\/san-pham\/"},{"@type":"ListItem","position":3,"name":"R\u01b0\u1ee3u vang Dhalia"}]},{"@type":"WebSite","@id":"https:\/\/rwinevietnam.com\/home\/#website","url":"https:\/\/rwinevietnam.com\/home\/","name":"R.WINE","description":"C\u00d4NG TY C\u1ed4 PH\u1ea6N XU\u1ea4T KH\u1ea8U NH\u1eacP KH\u1ea8U","potentialAction":[{"@type":"SearchAction","target":{"@type":"EntryPoint","urlTemplate":"https:\/\/rwinevietnam.com\/home\/?s={search_term_string}"},"query-input":{"@type":"PropertyValueSpecification","valueRequired":true,"valueName":"search_term_string"}}],"inLanguage":"vi"}]}},"_links":{"self":[{"href":"https:\/\/rwinevietnam.com\/home\/wp-json\/wp\/v2\/product\/850","targetHints":{"allow":["GET"]}}],"collection":[{"href":"https:\/\/rwinevietnam.com\/home\/wp-json\/wp\/v2\/product"}],"about":[{"href":"https:\/\/rwinevietnam.com\/home\/wp-json\/wp\/v2\/types\/product"}],"replies":[{"embeddable":true,"href":"https:\/\/rwinevietnam.com\/home\/wp-json\/wp\/v2\/comments?post=850"}],"wp:featuredmedia":[{"embeddable":true,"href":"https:\/\/rwinevietnam.com\/home\/wp-json\/wp\/v2\/media\/854"}],"wp:attachment":[{"href":"https:\/\/rwinevietnam.com\/home\/wp-json\/wp\/v2\/media?parent=850"}],"wp:term":[{"taxonomy":"product_brand","embeddable":true,"href":"https:\/\/rwinevietnam.com\/home\/wp-json\/wp\/v2\/product_brand?post=850"},{"taxonomy":"product_cat","embeddable":true,"href":"https:\/\/rwinevietnam.com\/home\/wp-json\/wp\/v2\/product_cat?post=850"},{"taxonomy":"product_tag","embeddable":true,"href":"https:\/\/rwinevietnam.com\/home\/wp-json\/wp\/v2\/product_tag?post=850"}],"curies":[{"name":"wp","href":"https:\/\/api.w.org\/{rel}","templated":true}]}}