{"id":829,"date":"2023-08-10T09:18:03","date_gmt":"2023-08-10T09:18:03","guid":{"rendered":"https:\/\/rwinevietnam.com\/home\/?post_type=product&#038;p=829"},"modified":"2023-08-10T09:18:03","modified_gmt":"2023-08-10T09:18:03","slug":"clos-saint-vincent-saint-emillion-grand-cru","status":"publish","type":"product","link":"https:\/\/rwinevietnam.com\/home\/clos-saint-vincent-saint-emillion-grand-cru\/","title":{"rendered":"CLOS SAINT VINCENT &#8211; SAINT EMILLION GRAND CRU"},"content":{"rendered":"<p>Clos Saint Vincent l\u00e0 m\u1ed9t chai r\u01b0\u1ee3u vang ti\u00eau bi\u1ec3u cho phong c\u00e1ch Bordeaux truy\u1ec1n th\u1ed1ng v\u1edbi v\u1ecb c\u00e2n b\u1eb1ng ho\u00e0n h\u1ea3o, h\u01b0\u01a1ng tr\u00e1i c\u00e2y m\u1ea1nh m\u1ebd, m\u00f9i th\u01a1m c\u1ee7a g\u1ed7 s\u1ed3i. R\u01b0\u1ee3u \u0111\u01b0\u1ee3c ph\u1ed1i tr\u1ed9n tr\u00ean c\u01a1 s\u1edf ph\u00e1t huy t\u1ed1i \u0111a c\u00e1c t\u00ednh c\u00e1ch \u0111\u1eb7c tr\u01b0ng c\u1ee7a t\u1eebng lo\u1ea1i nho.<\/p>\n<p>R\u01b0\u1ee3u vang\u00a0Clos Saint-Vincent Saint-Emilion Grand Cru\u00a0\u0111\u01b0\u1ee3c ph\u1ee5c v\u1ee5 th\u01a1m ngon h\u01a1n khi \u1edf nhi\u1ec7t \u0111\u1ed9 l\u1ea1nh 16-18 \u0111\u1ed9 C.<\/p>\n<p>\u0110\u1ec3 cho b\u1eefa ti\u1ec7c th\u00eam ph\u1ea7n h\u1ea5p d\u1eabn th\u00ec c\u00e1c m\u00f3n th\u1ecbt \u0111\u1ecf l\u00e0 l\u1ef1a ch\u1ecdn tuy\u1ec7t v\u1eddi nh\u01b0: Th\u1ecbt b\u00f2, th\u1ecbt c\u1eebu, th\u1ecbt heo,\u2026<\/p>\n<p><strong><em>\u0110\u1ec3 s\u1edf h\u1eefu ngay r\u01b0\u1ee3u vang Ph\u00e1p Clos Saint-Vincent Saint-Emilion Grand Cru\u00a0<\/em><\/strong><strong><em>h\u1ea3o h\u1ea1ng<\/em><\/strong><strong>,<\/strong>\u00a0<strong><em>li\u00ean h\u1ec7 ngay <a href=\"http:\/\/rwinevietnam.com\">Th\u1ebf gi\u1edbi r\u01b0\u1ee3u vang R.WINE<\/a> \u0111\u1ec3 \u0111\u01b0\u1ee3c t\u01b0 v\u1ea5n v\u00e0 giao h\u00e0ng nhanh nh\u1ea5t <\/em><\/strong><strong><em>b\u1ea1n\u00a0<\/em><\/strong><strong><em>nh\u00e9<\/em><\/strong><em>!<\/em><\/p>\n","protected":false},"excerpt":{"rendered":"<table style=\"border-collapse: collapse; width: 100%; height: 126px;\">\n<tbody>\n<tr style=\"height: 21px;\">\n<td style=\"width: 50%; height: 21px;\"><span style=\"color: #333399;\"><strong>Xu\u1ea5t x\u1ee9 :<\/strong><\/span><\/td>\n<td style=\"width: 50%; height: 21px;\">Ph\u00e1p<\/td>\n<\/tr>\n<tr style=\"height: 21px;\">\n<td style=\"width: 50%; height: 21px;\"><span style=\"color: #333399;\"><strong>Lo\u1ea1i vang:<\/strong><\/span><\/td>\n<td style=\"width: 50%; height: 21px;\">Vang \u0111\u1ecf<\/td>\n<\/tr>\n<tr style=\"height: 21px;\">\n<td style=\"width: 50%; height: 21px;\"><span style=\"color: #333399;\"><strong>Gi\u1ed1ng nho:<\/strong><\/span><\/td>\n<td style=\"width: 50%; height: 21px;\"><strong>Merlot,\u00a0 Cabernet Franc, Cabernet Sauvignon<\/strong><\/td>\n<\/tr>\n<tr style=\"height: 21px;\">\n<td style=\"width: 50%; height: 21px;\"><span style=\"color: #333399;\"><strong>Ph\u00e2n h\u1ea1ng:<\/strong><\/span><\/td>\n<td style=\"width: 50%; height: 21px;\"><strong>Saint-Emillon Grand Cru<\/strong><\/td>\n<\/tr>\n<tr style=\"height: 21px;\">\n<td style=\"width: 50%; height: 21px;\"><span style=\"color: #333399;\"><strong>N\u1ed3ng \u0111\u1ed9:<\/strong><\/span><\/td>\n<td style=\"width: 50%; height: 21px;\">14%ABV<\/td>\n<\/tr>\n<tr style=\"height: 21px;\">\n<td style=\"width: 50%; height: 21px;\"><span style=\"color: #333399;\"><strong>Nhi\u1ec7t \u0111\u1ed9 ph\u1ee5c v\u1ee5:<\/strong><\/span><\/td>\n<td style=\"width: 50%; height: 21px;\">16-18<a href=\"http:\/\/rwinevietnam.com\" rel=\"tag\">\u00b0C<\/a><\/td>\n<\/tr>\n<\/tbody>\n<\/table>\n","protected":false},"featured_media":830,"comment_status":"closed","ping_status":"closed","template":"","meta":{"_acf_changed":false},"product_brand":[],"product_cat":[81,76,61,78,27,62,28,60],"product_tag":[144,174,175,176],"class_list":{"0":"post-829","1":"product","2":"type-product","3":"status-publish","4":"has-post-thumbnail","6":"product_cat-cabernet-franc","7":"product_cat-giong-nho","8":"product_cat-loai-vang","9":"product_cat-merlot","10":"product_cat-ruou-vang","11":"product_cat-vang-do","12":"product_cat-vang-phap","13":"product_cat-xuat-xu","14":"product_tag-bang-gia-ruou-vang-phap","15":"product_tag-clos-saint-vincent","16":"product_tag-ruou-vang-do-cua-phap","17":"product_tag-ruou-vang-phap-chateau","19":"first","20":"instock","21":"shipping-taxable","22":"product-type-simple"},"acf":[],"yoast_head":"<!-- This site is optimized with the Yoast SEO plugin v26.8 - https:\/\/yoast.com\/product\/yoast-seo-wordpress\/ -->\n<title>CLOS SAINT VINCENT - SAINT EMILLION GRAND CRU - R.WINE<\/title>\n<meta name=\"description\" content=\"CLOS SAINT VINCENT - SAINT EMILLION GRAND CRU R\u01b0\u1ee3u vang \u0111\u1ecf \u0111\u01b0\u1ee3c s\u1ea3n xu\u1ea5t t\u1eeb v\u01b0\u1eddn nho c\u00f3 \u0111\u1ed9 tu\u1ed5i trung b\u00ecnh 25 n\u0103m trong \u0111\u00f3 c\u00f3 nh\u1eefng c\u00e2y nho \u0111\u1ebfn 60 tu\u1ed5i\" \/>\n<meta name=\"robots\" content=\"noindex, follow\" \/>\n<meta property=\"og:locale\" content=\"vi_VN\" \/>\n<meta property=\"og:type\" content=\"article\" \/>\n<meta property=\"og:title\" content=\"CLOS SAINT VINCENT - SAINT EMILLION GRAND CRU - R.WINE\" \/>\n<meta property=\"og:description\" content=\"CLOS SAINT VINCENT - SAINT EMILLION GRAND CRU R\u01b0\u1ee3u vang \u0111\u1ecf \u0111\u01b0\u1ee3c s\u1ea3n xu\u1ea5t t\u1eeb v\u01b0\u1eddn nho c\u00f3 \u0111\u1ed9 tu\u1ed5i trung b\u00ecnh 25 n\u0103m trong \u0111\u00f3 c\u00f3 nh\u1eefng c\u00e2y nho \u0111\u1ebfn 60 tu\u1ed5i\" \/>\n<meta property=\"og:url\" content=\"https:\/\/rwinevietnam.com\/home\/clos-saint-vincent-saint-emillion-grand-cru\/\" \/>\n<meta property=\"og:site_name\" content=\"R.WINE\" \/>\n<meta property=\"og:image\" content=\"https:\/\/rwinevietnam.com\/home\/wp-content\/uploads\/2023\/08\/z4591786969833_aef159fd556e4c2e2d7c631a000ba0f6.jpg\" \/>\n\t<meta property=\"og:image:width\" content=\"1920\" \/>\n\t<meta property=\"og:image:height\" content=\"2560\" \/>\n\t<meta property=\"og:image:type\" content=\"image\/jpeg\" \/>\n<meta name=\"twitter:card\" content=\"summary_large_image\" \/>\n<script type=\"application\/ld+json\" class=\"yoast-schema-graph\">{\"@context\":\"https:\/\/schema.org\",\"@graph\":[{\"@type\":\"WebPage\",\"@id\":\"https:\/\/rwinevietnam.com\/home\/clos-saint-vincent-saint-emillion-grand-cru\/\",\"url\":\"https:\/\/rwinevietnam.com\/home\/clos-saint-vincent-saint-emillion-grand-cru\/\",\"name\":\"CLOS SAINT VINCENT - SAINT EMILLION GRAND CRU - R.WINE\",\"isPartOf\":{\"@id\":\"https:\/\/rwinevietnam.com\/home\/#website\"},\"primaryImageOfPage\":{\"@id\":\"https:\/\/rwinevietnam.com\/home\/clos-saint-vincent-saint-emillion-grand-cru\/#primaryimage\"},\"image\":{\"@id\":\"https:\/\/rwinevietnam.com\/home\/clos-saint-vincent-saint-emillion-grand-cru\/#primaryimage\"},\"thumbnailUrl\":\"https:\/\/rwinevietnam.com\/home\/wp-content\/uploads\/2023\/08\/z4591786969833_aef159fd556e4c2e2d7c631a000ba0f6.jpg\",\"datePublished\":\"2023-08-10T09:18:03+00:00\",\"description\":\"CLOS SAINT VINCENT - SAINT EMILLION GRAND CRU R\u01b0\u1ee3u vang \u0111\u1ecf \u0111\u01b0\u1ee3c s\u1ea3n xu\u1ea5t t\u1eeb v\u01b0\u1eddn nho c\u00f3 \u0111\u1ed9 tu\u1ed5i trung b\u00ecnh 25 n\u0103m trong \u0111\u00f3 c\u00f3 nh\u1eefng c\u00e2y nho \u0111\u1ebfn 60 tu\u1ed5i\",\"breadcrumb\":{\"@id\":\"https:\/\/rwinevietnam.com\/home\/clos-saint-vincent-saint-emillion-grand-cru\/#breadcrumb\"},\"inLanguage\":\"vi\",\"potentialAction\":[{\"@type\":\"ReadAction\",\"target\":[\"https:\/\/rwinevietnam.com\/home\/clos-saint-vincent-saint-emillion-grand-cru\/\"]}]},{\"@type\":\"ImageObject\",\"inLanguage\":\"vi\",\"@id\":\"https:\/\/rwinevietnam.com\/home\/clos-saint-vincent-saint-emillion-grand-cru\/#primaryimage\",\"url\":\"https:\/\/rwinevietnam.com\/home\/wp-content\/uploads\/2023\/08\/z4591786969833_aef159fd556e4c2e2d7c631a000ba0f6.jpg\",\"contentUrl\":\"https:\/\/rwinevietnam.com\/home\/wp-content\/uploads\/2023\/08\/z4591786969833_aef159fd556e4c2e2d7c631a000ba0f6.jpg\",\"width\":1920,\"height\":2560},{\"@type\":\"BreadcrumbList\",\"@id\":\"https:\/\/rwinevietnam.com\/home\/clos-saint-vincent-saint-emillion-grand-cru\/#breadcrumb\",\"itemListElement\":[{\"@type\":\"ListItem\",\"position\":1,\"name\":\"Trang ch\u1ee7\",\"item\":\"https:\/\/rwinevietnam.com\/home\/\"},{\"@type\":\"ListItem\",\"position\":2,\"name\":\"S\u1ea3n ph\u1ea9m\",\"item\":\"https:\/\/rwinevietnam.com\/home\/san-pham\/\"},{\"@type\":\"ListItem\",\"position\":3,\"name\":\"CLOS SAINT VINCENT &#8211; SAINT EMILLION GRAND CRU\"}]},{\"@type\":\"WebSite\",\"@id\":\"https:\/\/rwinevietnam.com\/home\/#website\",\"url\":\"https:\/\/rwinevietnam.com\/home\/\",\"name\":\"R.WINE\",\"description\":\"C\u00d4NG TY C\u1ed4 PH\u1ea6N XU\u1ea4T KH\u1ea8U NH\u1eacP KH\u1ea8U\",\"potentialAction\":[{\"@type\":\"SearchAction\",\"target\":{\"@type\":\"EntryPoint\",\"urlTemplate\":\"https:\/\/rwinevietnam.com\/home\/?s={search_term_string}\"},\"query-input\":{\"@type\":\"PropertyValueSpecification\",\"valueRequired\":true,\"valueName\":\"search_term_string\"}}],\"inLanguage\":\"vi\"}]}<\/script>\n<!-- \/ Yoast SEO plugin. -->","yoast_head_json":{"title":"CLOS SAINT VINCENT - SAINT EMILLION GRAND CRU - R.WINE","description":"CLOS SAINT VINCENT - SAINT EMILLION GRAND CRU R\u01b0\u1ee3u vang \u0111\u1ecf \u0111\u01b0\u1ee3c s\u1ea3n xu\u1ea5t t\u1eeb v\u01b0\u1eddn nho c\u00f3 \u0111\u1ed9 tu\u1ed5i trung b\u00ecnh 25 n\u0103m trong \u0111\u00f3 c\u00f3 nh\u1eefng c\u00e2y nho \u0111\u1ebfn 60 tu\u1ed5i","robots":{"index":"noindex","follow":"follow"},"og_locale":"vi_VN","og_type":"article","og_title":"CLOS SAINT VINCENT - SAINT EMILLION GRAND CRU - R.WINE","og_description":"CLOS SAINT VINCENT - SAINT EMILLION GRAND CRU R\u01b0\u1ee3u vang \u0111\u1ecf \u0111\u01b0\u1ee3c s\u1ea3n xu\u1ea5t t\u1eeb v\u01b0\u1eddn nho c\u00f3 \u0111\u1ed9 tu\u1ed5i trung b\u00ecnh 25 n\u0103m trong \u0111\u00f3 c\u00f3 nh\u1eefng c\u00e2y nho \u0111\u1ebfn 60 tu\u1ed5i","og_url":"https:\/\/rwinevietnam.com\/home\/clos-saint-vincent-saint-emillion-grand-cru\/","og_site_name":"R.WINE","og_image":[{"width":1920,"height":2560,"url":"https:\/\/rwinevietnam.com\/home\/wp-content\/uploads\/2023\/08\/z4591786969833_aef159fd556e4c2e2d7c631a000ba0f6.jpg","type":"image\/jpeg"}],"twitter_card":"summary_large_image","schema":{"@context":"https:\/\/schema.org","@graph":[{"@type":"WebPage","@id":"https:\/\/rwinevietnam.com\/home\/clos-saint-vincent-saint-emillion-grand-cru\/","url":"https:\/\/rwinevietnam.com\/home\/clos-saint-vincent-saint-emillion-grand-cru\/","name":"CLOS SAINT VINCENT - SAINT EMILLION GRAND CRU - R.WINE","isPartOf":{"@id":"https:\/\/rwinevietnam.com\/home\/#website"},"primaryImageOfPage":{"@id":"https:\/\/rwinevietnam.com\/home\/clos-saint-vincent-saint-emillion-grand-cru\/#primaryimage"},"image":{"@id":"https:\/\/rwinevietnam.com\/home\/clos-saint-vincent-saint-emillion-grand-cru\/#primaryimage"},"thumbnailUrl":"https:\/\/rwinevietnam.com\/home\/wp-content\/uploads\/2023\/08\/z4591786969833_aef159fd556e4c2e2d7c631a000ba0f6.jpg","datePublished":"2023-08-10T09:18:03+00:00","description":"CLOS SAINT VINCENT - SAINT EMILLION GRAND CRU R\u01b0\u1ee3u vang \u0111\u1ecf \u0111\u01b0\u1ee3c s\u1ea3n xu\u1ea5t t\u1eeb v\u01b0\u1eddn nho c\u00f3 \u0111\u1ed9 tu\u1ed5i trung b\u00ecnh 25 n\u0103m trong \u0111\u00f3 c\u00f3 nh\u1eefng c\u00e2y nho \u0111\u1ebfn 60 tu\u1ed5i","breadcrumb":{"@id":"https:\/\/rwinevietnam.com\/home\/clos-saint-vincent-saint-emillion-grand-cru\/#breadcrumb"},"inLanguage":"vi","potentialAction":[{"@type":"ReadAction","target":["https:\/\/rwinevietnam.com\/home\/clos-saint-vincent-saint-emillion-grand-cru\/"]}]},{"@type":"ImageObject","inLanguage":"vi","@id":"https:\/\/rwinevietnam.com\/home\/clos-saint-vincent-saint-emillion-grand-cru\/#primaryimage","url":"https:\/\/rwinevietnam.com\/home\/wp-content\/uploads\/2023\/08\/z4591786969833_aef159fd556e4c2e2d7c631a000ba0f6.jpg","contentUrl":"https:\/\/rwinevietnam.com\/home\/wp-content\/uploads\/2023\/08\/z4591786969833_aef159fd556e4c2e2d7c631a000ba0f6.jpg","width":1920,"height":2560},{"@type":"BreadcrumbList","@id":"https:\/\/rwinevietnam.com\/home\/clos-saint-vincent-saint-emillion-grand-cru\/#breadcrumb","itemListElement":[{"@type":"ListItem","position":1,"name":"Trang ch\u1ee7","item":"https:\/\/rwinevietnam.com\/home\/"},{"@type":"ListItem","position":2,"name":"S\u1ea3n ph\u1ea9m","item":"https:\/\/rwinevietnam.com\/home\/san-pham\/"},{"@type":"ListItem","position":3,"name":"CLOS SAINT VINCENT &#8211; SAINT EMILLION GRAND CRU"}]},{"@type":"WebSite","@id":"https:\/\/rwinevietnam.com\/home\/#website","url":"https:\/\/rwinevietnam.com\/home\/","name":"R.WINE","description":"C\u00d4NG TY C\u1ed4 PH\u1ea6N XU\u1ea4T KH\u1ea8U NH\u1eacP KH\u1ea8U","potentialAction":[{"@type":"SearchAction","target":{"@type":"EntryPoint","urlTemplate":"https:\/\/rwinevietnam.com\/home\/?s={search_term_string}"},"query-input":{"@type":"PropertyValueSpecification","valueRequired":true,"valueName":"search_term_string"}}],"inLanguage":"vi"}]}},"_links":{"self":[{"href":"https:\/\/rwinevietnam.com\/home\/wp-json\/wp\/v2\/product\/829","targetHints":{"allow":["GET"]}}],"collection":[{"href":"https:\/\/rwinevietnam.com\/home\/wp-json\/wp\/v2\/product"}],"about":[{"href":"https:\/\/rwinevietnam.com\/home\/wp-json\/wp\/v2\/types\/product"}],"replies":[{"embeddable":true,"href":"https:\/\/rwinevietnam.com\/home\/wp-json\/wp\/v2\/comments?post=829"}],"wp:featuredmedia":[{"embeddable":true,"href":"https:\/\/rwinevietnam.com\/home\/wp-json\/wp\/v2\/media\/830"}],"wp:attachment":[{"href":"https:\/\/rwinevietnam.com\/home\/wp-json\/wp\/v2\/media?parent=829"}],"wp:term":[{"taxonomy":"product_brand","embeddable":true,"href":"https:\/\/rwinevietnam.com\/home\/wp-json\/wp\/v2\/product_brand?post=829"},{"taxonomy":"product_cat","embeddable":true,"href":"https:\/\/rwinevietnam.com\/home\/wp-json\/wp\/v2\/product_cat?post=829"},{"taxonomy":"product_tag","embeddable":true,"href":"https:\/\/rwinevietnam.com\/home\/wp-json\/wp\/v2\/product_tag?post=829"}],"curies":[{"name":"wp","href":"https:\/\/api.w.org\/{rel}","templated":true}]}}