{"id":585,"date":"2023-07-11T03:09:24","date_gmt":"2023-07-11T03:09:24","guid":{"rendered":"http:\/\/rwinevietnam.com\/?post_type=product&#038;p=585"},"modified":"2023-07-11T09:17:13","modified_gmt":"2023-07-11T09:17:13","slug":"ruou-vang-espiritu-de-chile-vang-luoi-mat-troi","status":"publish","type":"product","link":"https:\/\/rwinevietnam.com\/home\/ruou-vang-espiritu-de-chile-vang-luoi-mat-troi\/","title":{"rendered":"R\u01b0\u1ee3u vang Espiritu de Chile- Vang l\u01b0\u1edbi m\u1eb7t tr\u1eddi"},"content":{"rendered":"<p>V\u1edbi \u0111\u1eb7c t\u00ednh l\u00e0: ch\u1ea5t l\u01b0\u1ee3ng, m\u1eabu m\u00e3 sang tr\u1ecdng, c\u00f9ng m\u1ee9c gi\u00e1 kh\u00e1 r\u1ebb, r\u01b0\u1ee3u vang Espiritu de Chile lu\u00f4n \u0111\u01b0\u1ee3c gi\u1edbi y\u00eau vang t\u1ea7m chung l\u1ef1a ch\u1ecdn.<\/p>\n<p><strong>R\u01b0\u1ee3u vang Espiritu de Chile l\u01b0\u1edbi m\u1eb7t tr\u1eddi<\/strong><br \/>\nR\u01b0\u1ee3u vang Espiritu de Chile \u0111\u01b0\u1ee3c s\u1ea3n xu\u1ea5t t\u1eeb 100 % nho Cabernet Sauvignon, n\u00ean n\u00f3 mang h\u01b0\u01a1ng v\u1ecb \u0111\u1eb7c tr\u01b0ng c\u1ee7a r\u01b0\u1ee3u vang Cabernet Sauvignon v\u1edbi m\u00e0u \u0111\u1ecf ruby v\u00f4 c\u00f9ng \u0111\u1eb9p m\u1eaft c\u00f9ng ph\u1ee9c h\u1ee3p h\u01b0\u01a1ng v\u1ecb \u0111a d\u1ea1ng.<\/p>\n<p>&nbsp;<\/p>\n<p><strong><img loading=\"lazy\" decoding=\"async\" class=\"size-full wp-image-587 aligncenter\" src=\"https:\/\/rwinevietnam.com\/home\/wp-content\/uploads\/2023\/07\/8-1.jpg\" alt=\"\" width=\"600\" height=\"400\" srcset=\"https:\/\/rwinevietnam.com\/home\/wp-content\/uploads\/2023\/07\/8-1.jpg 600w, https:\/\/rwinevietnam.com\/home\/wp-content\/uploads\/2023\/07\/8-1-300x200.jpg 300w\" sizes=\"auto, (max-width: 600px) 100vw, 600px\" \/><\/strong><\/p>\n<p>R\u01b0\u1ee3u vang l\u01b0\u1edbi m\u1eb7t tr\u1eddi c\u00f3 v\u1ecb ch\u00e1t \u0111\u1eadm \u0111\u1eb7c tr\u01b0ng c\u1ee7a nho Cabernet Sauvignon \u0111\u01b0\u1ee3c tr\u1ed3ng t\u1ea1i Chile. K\u1ebft h\u1ee3p ho\u00e0n h\u1ea3o v\u1edbi m\u00f9i tr\u00e1i c\u00e2y c\u1ee7a mi\u1ec1n nhi\u1ec7t \u0111\u1edbi, v\u1ecb socola, vani\u2026<\/p>\n<p>B\u1ea1n n\u00ean th\u01b0\u1edfng th\u1ee9c r\u01b0\u1ee3u \u1edf nhi\u1ec7t \u0111\u1ed9 12 \u2013 16 \u0111\u1ed9 C v\u00e0 \u0111\u1ec3 r\u01b0\u1ee3u th\u1edf trong c\u00e1c b\u00ecnh decanter 30 ph\u00fat tr\u01b0\u1edbc khi th\u01b0\u1edfng th\u1ee9c.<\/p>\n<p><img loading=\"lazy\" decoding=\"async\" class=\"size-full wp-image-588 aligncenter\" src=\"https:\/\/rwinevietnam.com\/home\/wp-content\/uploads\/2023\/07\/9-1.jpg\" alt=\"\" width=\"600\" height=\"400\" srcset=\"https:\/\/rwinevietnam.com\/home\/wp-content\/uploads\/2023\/07\/9-1.jpg 600w, https:\/\/rwinevietnam.com\/home\/wp-content\/uploads\/2023\/07\/9-1-300x200.jpg 300w\" sizes=\"auto, (max-width: 600px) 100vw, 600px\" \/><\/p>\n<p>&nbsp;<\/p>\n<p>H\u00e3y t\u1eadn h\u01b0\u1edfng h\u01b0\u01a1ng v\u1ecb quy\u1ebfn r\u0169 c\u1ee7a lo\u1ea1i r\u01b0\u1ee3u vang Chile n\u00e0y c\u00f9ng v\u1edbi v\u1edbi th\u1ecbt b\u00f2, pho m\u00e1t nh\u00e9!<\/p>\n","protected":false},"excerpt":{"rendered":"<p><strong>R\u01b0\u1ee3u vang l\u01b0\u1edbi Chile<\/strong>\u00a0\u0111\u01b0\u1ee3c s\u1ea3n xu\u1ea5t b\u1edfi h\u00e3ng Espiritu de Chile, m\u1ed9t trong nh\u1eefng th\u01b0\u01a1ng hi\u1ec7u r\u01b0\u1ee3u gi\u00e1 r\u1ebb \u0111\u1ebfn t\u1eeb Chile. T\u00ednh \u0111\u1ebfn th\u1eddi \u0111i\u1ec3m hi\u1ec7n t\u1ea1i lo\u1ea1i r\u01b0\u1ee3u vang l\u01b0\u1edbi ph\u1ed5 th\u00f4ng n\u00e0y l\u00e0 d\u00f2ng vang ti\u00ean phong cho r\u01b0\u1ee3u vang Chile t\u1ea1i Vi\u1ec7t Nam.<\/p>\n","protected":false},"featured_media":586,"comment_status":"closed","ping_status":"closed","template":"","meta":{"_acf_changed":false},"product_brand":[],"product_cat":[77,32],"product_tag":[],"class_list":{"0":"post-585","1":"product","2":"type-product","3":"status-publish","4":"has-post-thumbnail","6":"product_cat-cabernet-sauvignon","7":"product_cat-vang-chile","9":"first","10":"instock","11":"sale","12":"shipping-taxable","13":"purchasable","14":"product-type-simple"},"acf":[],"yoast_head":"<!-- This site is optimized with the Yoast SEO plugin v26.8 - https:\/\/yoast.com\/product\/yoast-seo-wordpress\/ -->\n<title>R\u01b0\u1ee3u vang Espiritu de Chile- Vang l\u01b0\u1edbi m\u1eb7t tr\u1eddi - R.WINE<\/title>\n<meta name=\"robots\" content=\"noindex, follow\" \/>\n<meta property=\"og:locale\" content=\"vi_VN\" \/>\n<meta property=\"og:type\" content=\"article\" \/>\n<meta property=\"og:title\" content=\"R\u01b0\u1ee3u vang Espiritu de Chile- Vang l\u01b0\u1edbi m\u1eb7t tr\u1eddi - R.WINE\" \/>\n<meta property=\"og:description\" content=\"R\u01b0\u1ee3u vang l\u01b0\u1edbi Chile\u00a0\u0111\u01b0\u1ee3c s\u1ea3n xu\u1ea5t b\u1edfi h\u00e3ng Espiritu de Chile, m\u1ed9t trong nh\u1eefng th\u01b0\u01a1ng hi\u1ec7u r\u01b0\u1ee3u gi\u00e1 r\u1ebb \u0111\u1ebfn t\u1eeb Chile. T\u00ednh \u0111\u1ebfn th\u1eddi \u0111i\u1ec3m hi\u1ec7n t\u1ea1i lo\u1ea1i r\u01b0\u1ee3u vang l\u01b0\u1edbi ph\u1ed5 th\u00f4ng n\u00e0y l\u00e0 d\u00f2ng vang ti\u00ean phong cho r\u01b0\u1ee3u vang Chile t\u1ea1i Vi\u1ec7t Nam.\" \/>\n<meta property=\"og:url\" content=\"https:\/\/rwinevietnam.com\/home\/ruou-vang-espiritu-de-chile-vang-luoi-mat-troi\/\" \/>\n<meta property=\"og:site_name\" content=\"R.WINE\" \/>\n<meta property=\"article:modified_time\" content=\"2023-07-11T09:17:13+00:00\" \/>\n<meta property=\"og:image\" content=\"https:\/\/rwinevietnam.com\/home\/wp-content\/uploads\/2023\/07\/7.png\" \/>\n\t<meta property=\"og:image:width\" content=\"500\" \/>\n\t<meta property=\"og:image:height\" content=\"500\" \/>\n\t<meta property=\"og:image:type\" content=\"image\/png\" \/>\n<meta name=\"twitter:card\" content=\"summary_large_image\" \/>\n<script type=\"application\/ld+json\" class=\"yoast-schema-graph\">{\"@context\":\"https:\/\/schema.org\",\"@graph\":[{\"@type\":\"WebPage\",\"@id\":\"https:\/\/rwinevietnam.com\/home\/ruou-vang-espiritu-de-chile-vang-luoi-mat-troi\/\",\"url\":\"https:\/\/rwinevietnam.com\/home\/ruou-vang-espiritu-de-chile-vang-luoi-mat-troi\/\",\"name\":\"R\u01b0\u1ee3u vang Espiritu de Chile- Vang l\u01b0\u1edbi m\u1eb7t tr\u1eddi - R.WINE\",\"isPartOf\":{\"@id\":\"https:\/\/rwinevietnam.com\/home\/#website\"},\"primaryImageOfPage\":{\"@id\":\"https:\/\/rwinevietnam.com\/home\/ruou-vang-espiritu-de-chile-vang-luoi-mat-troi\/#primaryimage\"},\"image\":{\"@id\":\"https:\/\/rwinevietnam.com\/home\/ruou-vang-espiritu-de-chile-vang-luoi-mat-troi\/#primaryimage\"},\"thumbnailUrl\":\"https:\/\/rwinevietnam.com\/home\/wp-content\/uploads\/2023\/07\/7.png\",\"datePublished\":\"2023-07-11T03:09:24+00:00\",\"dateModified\":\"2023-07-11T09:17:13+00:00\",\"breadcrumb\":{\"@id\":\"https:\/\/rwinevietnam.com\/home\/ruou-vang-espiritu-de-chile-vang-luoi-mat-troi\/#breadcrumb\"},\"inLanguage\":\"vi\",\"potentialAction\":[{\"@type\":\"ReadAction\",\"target\":[\"https:\/\/rwinevietnam.com\/home\/ruou-vang-espiritu-de-chile-vang-luoi-mat-troi\/\"]}]},{\"@type\":\"ImageObject\",\"inLanguage\":\"vi\",\"@id\":\"https:\/\/rwinevietnam.com\/home\/ruou-vang-espiritu-de-chile-vang-luoi-mat-troi\/#primaryimage\",\"url\":\"https:\/\/rwinevietnam.com\/home\/wp-content\/uploads\/2023\/07\/7.png\",\"contentUrl\":\"https:\/\/rwinevietnam.com\/home\/wp-content\/uploads\/2023\/07\/7.png\",\"width\":500,\"height\":500},{\"@type\":\"BreadcrumbList\",\"@id\":\"https:\/\/rwinevietnam.com\/home\/ruou-vang-espiritu-de-chile-vang-luoi-mat-troi\/#breadcrumb\",\"itemListElement\":[{\"@type\":\"ListItem\",\"position\":1,\"name\":\"Trang ch\u1ee7\",\"item\":\"https:\/\/rwinevietnam.com\/home\/\"},{\"@type\":\"ListItem\",\"position\":2,\"name\":\"S\u1ea3n ph\u1ea9m\",\"item\":\"https:\/\/rwinevietnam.com\/home\/san-pham\/\"},{\"@type\":\"ListItem\",\"position\":3,\"name\":\"R\u01b0\u1ee3u vang Espiritu de Chile- Vang l\u01b0\u1edbi m\u1eb7t tr\u1eddi\"}]},{\"@type\":\"WebSite\",\"@id\":\"https:\/\/rwinevietnam.com\/home\/#website\",\"url\":\"https:\/\/rwinevietnam.com\/home\/\",\"name\":\"R.WINE\",\"description\":\"C\u00d4NG TY C\u1ed4 PH\u1ea6N XU\u1ea4T KH\u1ea8U NH\u1eacP KH\u1ea8U\",\"potentialAction\":[{\"@type\":\"SearchAction\",\"target\":{\"@type\":\"EntryPoint\",\"urlTemplate\":\"https:\/\/rwinevietnam.com\/home\/?s={search_term_string}\"},\"query-input\":{\"@type\":\"PropertyValueSpecification\",\"valueRequired\":true,\"valueName\":\"search_term_string\"}}],\"inLanguage\":\"vi\"}]}<\/script>\n<!-- \/ Yoast SEO plugin. -->","yoast_head_json":{"title":"R\u01b0\u1ee3u vang Espiritu de Chile- Vang l\u01b0\u1edbi m\u1eb7t tr\u1eddi - R.WINE","robots":{"index":"noindex","follow":"follow"},"og_locale":"vi_VN","og_type":"article","og_title":"R\u01b0\u1ee3u vang Espiritu de Chile- Vang l\u01b0\u1edbi m\u1eb7t tr\u1eddi - R.WINE","og_description":"R\u01b0\u1ee3u vang l\u01b0\u1edbi Chile\u00a0\u0111\u01b0\u1ee3c s\u1ea3n xu\u1ea5t b\u1edfi h\u00e3ng Espiritu de Chile, m\u1ed9t trong nh\u1eefng th\u01b0\u01a1ng hi\u1ec7u r\u01b0\u1ee3u gi\u00e1 r\u1ebb \u0111\u1ebfn t\u1eeb Chile. T\u00ednh \u0111\u1ebfn th\u1eddi \u0111i\u1ec3m hi\u1ec7n t\u1ea1i lo\u1ea1i r\u01b0\u1ee3u vang l\u01b0\u1edbi ph\u1ed5 th\u00f4ng n\u00e0y l\u00e0 d\u00f2ng vang ti\u00ean phong cho r\u01b0\u1ee3u vang Chile t\u1ea1i Vi\u1ec7t Nam.","og_url":"https:\/\/rwinevietnam.com\/home\/ruou-vang-espiritu-de-chile-vang-luoi-mat-troi\/","og_site_name":"R.WINE","article_modified_time":"2023-07-11T09:17:13+00:00","og_image":[{"width":500,"height":500,"url":"https:\/\/rwinevietnam.com\/home\/wp-content\/uploads\/2023\/07\/7.png","type":"image\/png"}],"twitter_card":"summary_large_image","schema":{"@context":"https:\/\/schema.org","@graph":[{"@type":"WebPage","@id":"https:\/\/rwinevietnam.com\/home\/ruou-vang-espiritu-de-chile-vang-luoi-mat-troi\/","url":"https:\/\/rwinevietnam.com\/home\/ruou-vang-espiritu-de-chile-vang-luoi-mat-troi\/","name":"R\u01b0\u1ee3u vang Espiritu de Chile- Vang l\u01b0\u1edbi m\u1eb7t tr\u1eddi - R.WINE","isPartOf":{"@id":"https:\/\/rwinevietnam.com\/home\/#website"},"primaryImageOfPage":{"@id":"https:\/\/rwinevietnam.com\/home\/ruou-vang-espiritu-de-chile-vang-luoi-mat-troi\/#primaryimage"},"image":{"@id":"https:\/\/rwinevietnam.com\/home\/ruou-vang-espiritu-de-chile-vang-luoi-mat-troi\/#primaryimage"},"thumbnailUrl":"https:\/\/rwinevietnam.com\/home\/wp-content\/uploads\/2023\/07\/7.png","datePublished":"2023-07-11T03:09:24+00:00","dateModified":"2023-07-11T09:17:13+00:00","breadcrumb":{"@id":"https:\/\/rwinevietnam.com\/home\/ruou-vang-espiritu-de-chile-vang-luoi-mat-troi\/#breadcrumb"},"inLanguage":"vi","potentialAction":[{"@type":"ReadAction","target":["https:\/\/rwinevietnam.com\/home\/ruou-vang-espiritu-de-chile-vang-luoi-mat-troi\/"]}]},{"@type":"ImageObject","inLanguage":"vi","@id":"https:\/\/rwinevietnam.com\/home\/ruou-vang-espiritu-de-chile-vang-luoi-mat-troi\/#primaryimage","url":"https:\/\/rwinevietnam.com\/home\/wp-content\/uploads\/2023\/07\/7.png","contentUrl":"https:\/\/rwinevietnam.com\/home\/wp-content\/uploads\/2023\/07\/7.png","width":500,"height":500},{"@type":"BreadcrumbList","@id":"https:\/\/rwinevietnam.com\/home\/ruou-vang-espiritu-de-chile-vang-luoi-mat-troi\/#breadcrumb","itemListElement":[{"@type":"ListItem","position":1,"name":"Trang ch\u1ee7","item":"https:\/\/rwinevietnam.com\/home\/"},{"@type":"ListItem","position":2,"name":"S\u1ea3n ph\u1ea9m","item":"https:\/\/rwinevietnam.com\/home\/san-pham\/"},{"@type":"ListItem","position":3,"name":"R\u01b0\u1ee3u vang Espiritu de Chile- Vang l\u01b0\u1edbi m\u1eb7t tr\u1eddi"}]},{"@type":"WebSite","@id":"https:\/\/rwinevietnam.com\/home\/#website","url":"https:\/\/rwinevietnam.com\/home\/","name":"R.WINE","description":"C\u00d4NG TY C\u1ed4 PH\u1ea6N XU\u1ea4T KH\u1ea8U NH\u1eacP KH\u1ea8U","potentialAction":[{"@type":"SearchAction","target":{"@type":"EntryPoint","urlTemplate":"https:\/\/rwinevietnam.com\/home\/?s={search_term_string}"},"query-input":{"@type":"PropertyValueSpecification","valueRequired":true,"valueName":"search_term_string"}}],"inLanguage":"vi"}]}},"_links":{"self":[{"href":"https:\/\/rwinevietnam.com\/home\/wp-json\/wp\/v2\/product\/585","targetHints":{"allow":["GET"]}}],"collection":[{"href":"https:\/\/rwinevietnam.com\/home\/wp-json\/wp\/v2\/product"}],"about":[{"href":"https:\/\/rwinevietnam.com\/home\/wp-json\/wp\/v2\/types\/product"}],"replies":[{"embeddable":true,"href":"https:\/\/rwinevietnam.com\/home\/wp-json\/wp\/v2\/comments?post=585"}],"wp:featuredmedia":[{"embeddable":true,"href":"https:\/\/rwinevietnam.com\/home\/wp-json\/wp\/v2\/media\/586"}],"wp:attachment":[{"href":"https:\/\/rwinevietnam.com\/home\/wp-json\/wp\/v2\/media?parent=585"}],"wp:term":[{"taxonomy":"product_brand","embeddable":true,"href":"https:\/\/rwinevietnam.com\/home\/wp-json\/wp\/v2\/product_brand?post=585"},{"taxonomy":"product_cat","embeddable":true,"href":"https:\/\/rwinevietnam.com\/home\/wp-json\/wp\/v2\/product_cat?post=585"},{"taxonomy":"product_tag","embeddable":true,"href":"https:\/\/rwinevietnam.com\/home\/wp-json\/wp\/v2\/product_tag?post=585"}],"curies":[{"name":"wp","href":"https:\/\/api.w.org\/{rel}","templated":true}]}}