{"id":1437,"date":"2024-05-16T13:14:10","date_gmt":"2024-05-16T13:14:10","guid":{"rendered":"https:\/\/rwinevietnam.com\/home\/?post_type=product&#038;p=1437"},"modified":"2024-05-16T13:29:54","modified_gmt":"2024-05-16T13:29:54","slug":"ruou-vang-y-masseri-pritimivo","status":"publish","type":"product","link":"https:\/\/rwinevietnam.com\/home\/ruou-vang-y-masseri-pritimivo\/","title":{"rendered":"R\u01b0\u1ee3u vang \u00dd Masseri Pritimivo"},"content":{"rendered":"<h2><span style=\"font-size: 115%;\"><strong>Nh\u00e0 L\u00e0m Vang Tanuta Ulisse.<\/strong><\/span><\/h2>\n<p><span style=\"font-size: 115%;\">Nh\u00e0 l\u00e0m vang\u00a0<strong>Tanuta Ulisse<\/strong>\u00a0\u1edf v\u00f9ng\u00a0<strong>Abruzzo<\/strong>\u00a0\u2013 S\u1ef1 ho\u00e0n h\u1ea3o c\u1ee7a ngh\u1ec7 thu\u1eadt l\u00e0m vang. N\u1eb1m \u1ea9n m\u00ecnh trong v\u00f9ng\u00a0<strong>Abruzzo<\/strong>\u00a0t\u01b0\u01a1i \u0111\u1eb9p c\u1ee7a \u00dd, nh\u00e0 l\u00e0m vang Tanuta Ulisse \u0111\u00e3 t\u1ea1o ra nh\u1eefng chai vang \u0111\u1eb3ng c\u1ea5p, \u0111\u00e1nh d\u1ea5u s\u1ef1 ho\u00e0n h\u1ea3o c\u1ee7a ngh\u1ec7 thu\u1eadt l\u00e0m vang. V\u1edbi h\u01a1n 30 n\u0103m kinh nghi\u1ec7m trong ng\u00e0nh n\u00f4ng nghi\u1ec7p v\u00e0 s\u1ea3n xu\u1ea5t r\u01b0\u1ee3u, Tanuta Ulisse \u0111\u00e3 t\u1eebng b\u01b0\u1edbc th\u1ec3 hi\u1ec7n s\u1ef1 t\u00f4n tr\u1ecdng \u0111\u1ed1i v\u1edbi truy\u1ec1n th\u1ed1ng c\u1ee7a v\u00f9ng v\u00e0 \u0111\u1ed9ng l\u1ef1c s\u00e1ng t\u1ea1o, mang l\u1ea1i cho th\u1ebf gi\u1edbi c\u00e1c s\u1ea3n ph\u1ea9m tuy\u1ec7t v\u1eddi.<\/span><\/p>\n<p><span style=\"font-size: 115%;\"><strong>Abruzzo<\/strong>, v\u00f9ng \u0111\u1ea5t n\u1ed5i ti\u1ebfng v\u1edbi nh\u1eefng ng\u1ecdn n\u00fai \u0111\u1eb9p m\u00ea h\u1ed3n v\u00e0 v\u00f9ng \u0111\u1ed3ng c\u1ecf xanh m\u01b0\u1edbt, l\u00e0 m\u00f4i tr\u01b0\u1eddng ho\u00e0n h\u1ea3o cho s\u1ef1 ph\u00e1t tri\u1ec3n c\u1ee7a nho v\u00e0ng\u00a0<strong>Montepulciano d\u2019Abruzzo<\/strong>, lo\u1ea1i nho \u0111\u1eb7c tr\u01b0ng c\u1ee7a v\u00f9ng. Tanuta Ulisse \u0111\u00e3 t\u1eadn d\u1ee5ng t\u1ed1i \u0111a l\u1ee3i th\u1ebf t\u1ef1 nhi\u00ean, t\u1eeb vi\u1ec7c l\u1ef1a ch\u1ecdn v\u01b0\u1eddn nho t\u1ed1t nh\u1ea5t \u0111\u1ebfn qu\u00e1 tr\u00ecnh thu ho\u1ea1ch v\u00e0 ch\u1ebf bi\u1ebfn, \u0111\u1ec3 t\u1ea1o ra nh\u1eefng chai vang \u0111\u1eadm \u0111\u00e0 v\u00e0 \u0111\u1ed9c \u0111\u00e1o, th\u1ec3 hi\u1ec7n r\u00f5 b\u1ea3n s\u1eafc.<\/span><\/p>\n<p><span style=\"font-size: 115%;\">M\u1ed9t \u0111i\u1ec3m \u0111\u1eb7c bi\u1ec7t c\u1ee7a\u00a0<strong>Tanuta Ulisse<\/strong>\u00a0l\u00e0 s\u1ef1 h\u01b0\u1edbng t\u1edbi hi\u1ec7n \u0111\u1ea1i trong qu\u00e1 tr\u00ecnh s\u1ea3n xu\u1ea5t. H\u1ecd s\u1eed d\u1ee5ng c\u00f4ng ngh\u1ec7 ti\u00ean ti\u1ebfn v\u00e0 thi\u1ebft b\u1ecb hi\u1ec7n \u0111\u1ea1i \u0111\u1ec3 \u0111\u1ea3m b\u1ea3o ch\u1ea5t l\u01b0\u1ee3ng v\u00e0 s\u1ef1 \u1ed5n \u0111\u1ecbnh c\u1ee7a s\u1ea3n ph\u1ea9m, \u0111\u1ed3ng th\u1eddi gi\u1eef nguy\u00ean tinh hoa c\u1ee7a truy\u1ec1n th\u1ed1ng Abruzzo. S\u1ef1 c\u00e2n nh\u1eafc t\u1ec9 m\u1ec9 trong vi\u1ec7c ch\u1ecdn l\u1ef1a th\u00f9ng g\u1ed7 s\u1ed3i cho vi\u1ec7c \u1ee7 r\u01b0\u1ee3u c\u0169ng \u0111\u00f3ng g\u00f3p v\u00e0o s\u1ef1 ph\u00e1t tri\u1ec3n \u0111\u1ea7y tinh t\u1ebf c\u1ee7a t\u1eebng chai vang.<\/span><\/p>\n<p><span style=\"font-size: 115%;\">C\u00e1c s\u1ea3n ph\u1ea9m r\u01b0\u1ee3u vang c\u1ee7a Tanuta Ulisse mang trong m\u00ecnh m\u1ed9t tinh th\u1ea7n cu\u1ed1n h\u00fat v\u00e0 s\u1ef1 pha tr\u1ed9n t\u00e0i n\u0103ng gi\u1eefa truy\u1ec1n th\u1ed1ng v\u00e0 hi\u1ec7n \u0111\u1ea1i. Ch\u00ednh l\u00e0 bi\u1ec3u t\u01b0\u1ee3ng c\u1ee7a s\u1ef1 \u0111am m\u00ea v\u00e0 s\u1ef1 t\u1eadn t\u1ee5y c\u1ee7a nh\u1eefng ng\u01b0\u1eddi l\u00e0m vang t\u1ea1i Abruzzo. T\u1eeb vang \u0111\u1ecf \u0111\u1eadm \u0111\u00e0 Montepulciano d\u2019Abruzzo \u0111\u1ebfn vang tr\u1eafng tinh t\u1ebf Pecorino, m\u1ed7i chai vang \u0111\u1ec1u l\u00e0 m\u1ed9t t\u00e1c ph\u1ea9m ngh\u1ec7 thu\u1eadt \u0111\u1ed9c \u0111\u00e1o, th\u1ec3 hi\u1ec7n t\u1ea5t c\u1ea3 s\u1ef1 quy\u1ebft t\u00e2m \u0111\u1ec3 mang l\u1ea1i nh\u1eefng tr\u1ea3i nghi\u1ec7m \u0111\u1ec9nh cao cho ng\u01b0\u1eddi th\u01b0\u1edfng th\u1ee9c.<\/span><\/p>\n<p><span style=\"font-size: 115%;\">Nh\u00e0 l\u00e0m vang Tanuta Ulisse c\u0169ng kh\u00f4ng ch\u1ec9 ch\u00fa tr\u1ecdng v\u00e0o s\u1ea3n ph\u1ea9m m\u00e0 c\u00f2n t\u1eadp trung v\u00e0o b\u1ea3o v\u1ec7 m\u00f4i tr\u01b0\u1eddng v\u00e0 b\u1ec1n v\u1eefng. H\u1ecd th\u1ef1c hi\u1ec7n nh\u1eefng bi\u1ec7n ph\u00e1p b\u1ea3o v\u1ec7 \u0111\u1ea5t \u0111ai v\u00e0 t\u00e0i nguy\u00ean n\u01b0\u1edbc, gi\u00fap duy tr\u00ec s\u1ef1 ph\u00e1t tri\u1ec3n c\u1ee7a v\u01b0\u1eddn nho v\u00e0 \u0111\u1ea3m b\u1ea3o s\u1ef1 b\u1ec1n v\u1eefng cho ng\u00e0nh s\u1ea3n xu\u1ea5t vang trong t\u01b0\u01a1ng lai.<\/span><\/p>\n<p><span style=\"font-size: 115%;\"><img loading=\"lazy\" decoding=\"async\" class=\"aligncenter  wp-image-1439\" src=\"https:\/\/rwinevietnam.com\/home\/wp-content\/uploads\/2024\/05\/IMG_8527-768x1024.jpeg\" alt=\"\" width=\"712\" height=\"949\" srcset=\"https:\/\/rwinevietnam.com\/home\/wp-content\/uploads\/2024\/05\/IMG_8527-768x1024.jpeg 768w, https:\/\/rwinevietnam.com\/home\/wp-content\/uploads\/2024\/05\/IMG_8527-225x300.jpeg 225w, https:\/\/rwinevietnam.com\/home\/wp-content\/uploads\/2024\/05\/IMG_8527-1152x1536.jpeg 1152w, https:\/\/rwinevietnam.com\/home\/wp-content\/uploads\/2024\/05\/IMG_8527-1536x2048.jpeg 1536w, https:\/\/rwinevietnam.com\/home\/wp-content\/uploads\/2024\/05\/IMG_8527-300x400.jpeg 300w, https:\/\/rwinevietnam.com\/home\/wp-content\/uploads\/2024\/05\/IMG_8527-600x800.jpeg 600w, https:\/\/rwinevietnam.com\/home\/wp-content\/uploads\/2024\/05\/IMG_8527-scaled.jpeg 1920w\" sizes=\"auto, (max-width: 712px) 100vw, 712px\" \/><\/span><\/p>\n<p>&nbsp;<\/p>\n<p><span style=\"font-size: 115%;\"><strong>R\u01b0\u1ee3u vang Masser\u00ec Primitivo Tenuta Ulisse<\/strong>\u00a0l\u00e0 m\u1ed9t t\u00e1c ph\u1ea9m ngh\u1ec7 thu\u1eadt \u0111\u00edch th\u1ef1c trong th\u1ebf gi\u1edbi c\u1ee7a r\u01b0\u1ee3u vang. Chai vang xu\u1ea5t ph\u00e1t t\u1eeb v\u00f9ng \u0111\u1ea5t Abruzzo \u1edf mi\u1ec1n Trung Italia, n\u01a1i m\u00e0 nho Primitivo \u0111\u01b0\u1ee3c tr\u1ed3ng v\u00e0 ch\u0103m s\u00f3c \u0111\u1eb7c bi\u1ec7t \u0111\u1ec3 t\u1ea1o ra s\u1ea3n ph\u1ea9m v\u01b0\u1ee3t tr\u1ed9i.<\/span><\/p>\n<p><span style=\"font-size: 115%;\"><strong>R\u01b0\u1ee3u vang Masser\u00ec Primitivo Tenuta Ulisse\u00a0<\/strong>l\u00e0 m\u1ed9t s\u1ea3n ph\u1ea9m \u0111\u1eb7c bi\u1ec7t. V\u1edbi m\u1ee5c \u0111\u00edch mang l\u1ea1i s\u1ef1 m\u1edbi lah cho c\u00e1c d\u00f2ng r\u01b0\u1ee3u mi\u1ec1n trung n\u01b0\u1edbc \u00dd. Nh\u00e0\u00a0<strong>Tenuta Ulisse<\/strong>\u00a0\u0111\u00e3 m\u1ea5t t\u1edbi 8 n\u0103m nghi\u00ean c\u1ee9u \u0111\u1ec3 tr\u1ed3ng \u0111\u01b0\u1ee3c gi\u1ed1ng nho Primitivo \u0111\u1eb7c tr\u01b0ng v\u00f9ng Puglia, mi\u1ec1n Nam n\u01b0\u1edbc \u00dd v\u00e0 cho ra k\u1ebft qu\u1ea3 tuy\u1ec7t v\u1eddi ngay t\u1ea1i mi\u1ec1n Trung.\u00a0 .<\/span><\/p>\n<p><span style=\"font-size: 115%;\">Nho Primitivo t\u1eebng l\u00e0 lo\u1ea1i nho n\u1ed5i ti\u1ebfng t\u1ea1i v\u00f9ng Puglia, nh\u01b0ng khi \u0111\u01b0\u1ee3c tr\u1ed3ng t\u1ea1i Abruzzo b\u1edfi Tenuta Ulisse, n\u00f3 th\u1ec3 hi\u1ec7n m\u1ed9t tinh th\u1ea7n m\u1edbi m\u1ebb v\u00e0 \u0111\u1ed9c \u0111\u00e1o.\u00a0<strong>Masser\u00ec Primitivo<\/strong>\u00a0mang trong m\u00ecnh h\u01b0\u01a1ng v\u1ecb \u0111\u1eadm \u0111\u00e0 c\u1ee7a tr\u00e1i c\u00e2y ch\u00edn m\u1ecdng, m\u00e2m x\u00f4i, v\u00e0 m\u1ed9t ch\u00fat gia v\u1ecb, k\u1ebft h\u1ee3p v\u1edbi m\u1ed9t l\u1edbp tannin m\u01b0\u1ee3t m\u00e0. \u0110\u00e2y l\u00e0 m\u1ed9t chai r\u01b0\u1ee3u vang tinh t\u1ebf v\u00e0 s\u00e2u l\u1eafng, th\u1ec3 hi\u1ec7n t\u1ed1t nh\u1ea5t n\u00e9t \u0111\u1eb9p t\u1ef1 nhi\u00ean c\u1ee7a nho Primitivo v\u00e0 \u0111\u1ea5t \u0111ai Abruzzo.<\/span><\/p>\n<p><span style=\"font-size: 115%;\">Nh\u00e0 l\u00e0m vang\u00a0<strong>Tenuta Ulisse<\/strong>\u00a0lu\u00f4n t\u00f4n tr\u1ecdng truy\u1ec1n th\u1ed1ng v\u00e0 s\u1ef1 t\u1eadn t\u1ee5y \u0111\u1ed1i v\u1edbi ngh\u1ec7 thu\u1eadt. H\u1ecd k\u1ebft h\u1ee3p tinh hoa c\u1ee7a thi\u00ean nhi\u00ean v\u1edbi c\u00f4ng ngh\u1ec7 s\u1ea3n xu\u1ea5t hi\u1ec7n \u0111\u1ea1i \u0111\u1ec3 t\u1ea1o ra nh\u1eefng chai r\u01b0\u1ee3u vang cao c\u1ea5p.\u00a0<strong>R\u01b0\u1ee3u vang Masser\u00ec Primitivo Tenuta Ulisse<\/strong>\u00a0kh\u00f4ng ch\u1ec9 l\u00e0 m\u1ed9t s\u1ea3n ph\u1ea9m v\u1ec1 h\u01b0\u01a1ng v\u1ecb m\u00e0 c\u00f2n l\u00e0 m\u1ed9t t\u00e1c ph\u1ea9m thi\u1ebft k\u1ebf, v\u1edbi chai th\u1ee7y tinh \u0111\u1eb9p m\u1eaft v\u00e0 logo \u0111\u1ed9c \u0111\u00e1o c\u1ee7a Tenuta Ulisse.<\/span><\/p>\n<p>&nbsp;<\/p>\n<h2><span style=\"font-size: 115%;\"><strong>Quy Tr\u00ecnh S\u1ea3n Xu\u1ea5t R\u01b0\u1ee3u Vang Masser\u00ec Primitivo Tenuta Ulisse.<\/strong><\/span><\/h2>\n<p><span style=\"font-size: 115%;\">R\u01b0\u1ee3u vang Masser\u00ec Primitivo \u0111\u01b0\u1ee3c l\u00e0m t\u1eeb nho\u00a0<strong>Primitivo,\u00a0<\/strong>sau khi nh\u1eefng tr\u00e1i nho\u00a0\u0111\u1ea1t \u0111\u1ebfn m\u1ed9t \u0111\u1ed9 ch\u00edn nh\u1ea5t \u0111\u1ecbnh. Ng\u01b0\u1eddi th\u1ee3 s\u1ebd thu ho\u1ea1ch nho b\u1eb1ng tay th\u1ee7 c\u00f4ng. Sau \u0111\u00f3 \u0111\u01b0\u1ee3c v\u1eadn chuy\u1ec3n \u0111\u1ebfn nh\u00e0 m\u00e1y l\u00e0m r\u01b0\u1ee3u, nh\u1eefng tr\u00e1i nho s\u1ebd \u0111\u01b0\u1ee3c ch\u1ecdn l\u1ecdc m\u1ed9t l\u1ea7n n\u1eefa, nh\u1eefng tr\u00e1i nho c\u00f3 ch\u1ea5t l\u01b0\u1ee3ng t\u1ed1t nh\u1ea5t s\u1ebd \u0111\u01b0\u1ee3c gi\u1eef l\u1ea1i. Sau \u0111\u00f3 \u0111\u01b0\u1ee3c l\u00ean men trong v\u00f2ng 15\/20 ng\u00e0y ng\u00e2m tr\u00ean v\u1ecf v\u00e0 l\u00ean men r\u01b0\u1ee3u m\u1ed9t ph\u1ea7n trong th\u00e9p \u1edf 24-26\u00b0C.<\/span><\/p>\n<p><span style=\"font-size: 115%;\">M\u1ed9t ph\u1ea7n r\u01b0\u1ee3u \u0111\u01b0\u1ee3c tinh ch\u1ebf trong th\u00f9ng g\u1ed7 s\u1ed3i h\u1ea3o h\u1ea1ng c\u1ee7a Ph\u00e1p, n\u01a1i qu\u00e1 tr\u00ecnh l\u00ean men malolactic v\u00e0 qu\u00e1 tr\u00ecnh tinh ch\u1ebf ti\u1ebfp theo trong chai c\u0169ng \u0111\u01b0\u1ee3c di\u1ec5n ra.<\/span><\/p>\n<h2><span style=\"font-size: 115%;\"><span id=\"Thuong_Thuc_Vang_Masseri_Primitivo_Tenuta_Ulisse\" class=\"ez-toc-section\"><\/span><strong>Th\u01b0\u1edfng Th\u1ee9c Vang Masser\u00ec Primitivo Tenuta Ulisse.<\/strong><\/span><\/h2>\n<div class=\"description-block\">\n<p><span style=\"font-size: 115%;\"><strong>\u2013 M\u00e0u s\u1eafc:<\/strong>\u00a0R\u01b0\u1ee3u c\u00f3 m\u00e0u \u0111\u1ecf t\u00edm \u0111\u1eadm v\u1edbi ph\u1ea3n chi\u1ebfu h\u1ed3ng ng\u1ecdc.<\/span><\/p>\n<p><span style=\"font-size: 115%;\"><strong>\u2013 H\u01b0\u01a1ng v\u1ecb:<\/strong>\u00a0C\u00f3 h\u01b0\u01a1ng th\u01a1m r\u1ea5t d\u00e0y \u0111\u1eb7c g\u1ed3m c\u00e1c lo\u1ea1i qu\u1ea3 m\u1ecdng nh\u1ecf, qu\u1ea3 m\u00e2m x\u00f4i v\u00e0 m\u1eadn, v\u1edbi h\u01b0\u01a1ng hoa tinh t\u1ebf. H\u01b0\u01a1ng v\u1ecb \u1ea5n t\u01b0\u1ee3ng, thanh l\u1ecbch, kh\u1eafc kh\u1ed5, \u0111\u01b0\u1ee3c h\u1ed7 tr\u1ee3 b\u1edfi tannin m\u1ecbn m\u00e0ng v\u00e0 v\u1ecb axit-kho\u00e1ng ch\u1ea5t s\u1ed1ng \u0111\u1ed9ng. K\u1ebft th\u00fac v\u00f4 t\u1eadn t\u01b0\u01a1ng \u1ee9ng ho\u00e0n h\u1ea3o v\u1edbi kh\u1ee9u gi\u00e1c.<\/span><\/p>\n<p><span style=\"font-size: 115%;\"><strong>\u2013 K\u1ebft h\u1ee3p m\u00f3n \u0103n:<\/strong>\u00a0Th\u1ecbt quay v\u00e0 n\u01b0\u1edbc s\u1ed1t th\u1ecbt, th\u1ecbt om, th\u1ecbt th\u00fa r\u1eebng c\u00f3 l\u00f4ng v\u00e0 c\u00f3 l\u00f4ng v\u00e0 c\u00e1c lo\u1ea1i pho m\u00e1t tuy\u1ec7t v\u1eddi.<\/span><\/p>\n<p><span style=\"font-size: 115%;\"><strong>\u2013 Ph\u1ee5c v\u1ee5:<\/strong>\u00a0Nhi\u1ec7t \u0111\u1ed9 tuy\u1ec7t v\u1eddi nh\u1ea5t \u0111\u1ec3 th\u01b0\u1edfng th\u1ee9c r\u01b0\u1ee3u l\u00e0 16-18 \u0111\u1ed9 C.<\/span><\/p>\n<\/div>\n","protected":false},"excerpt":{"rendered":"<table style=\"border-collapse: collapse; width: 100%; height: 136px;\">\n<tbody>\n<tr style=\"height: 21px;\">\n<td style=\"width: 50%; height: 21px;\">Xu\u1ea5t x\u1ee9<\/td>\n<td style=\"width: 50%; height: 21px;\">\u00dd<\/td>\n<\/tr>\n<tr style=\"height: 21px;\">\n<td style=\"width: 50%; height: 21px;\">Ph\u00e2n lo\u1ea1i<\/td>\n<td style=\"width: 50%; height: 21px;\">Vang \u0111\u1ecf<\/td>\n<\/tr>\n<tr style=\"height: 21px;\">\n<td style=\"width: 50%; height: 21px;\">N\u1ed3ng \u0111\u1ed9<\/td>\n<td style=\"width: 50%; height: 21px;\">14,5 %<\/td>\n<\/tr>\n<tr style=\"height: 21px;\">\n<td style=\"width: 50%; height: 21px;\">Dung t\u00edch<\/td>\n<td style=\"width: 50%; height: 21px;\">750ml<\/td>\n<\/tr>\n<tr style=\"height: 21px;\">\n<td style=\"width: 50%; height: 21px;\">Gi\u1ed1ng nho<\/td>\n<td style=\"width: 50%; height: 21px;\">Pritimivo<\/td>\n<\/tr>\n<tr style=\"height: 21px;\">\n<td style=\"width: 50%; height: 10px;\">Th\u01b0\u01a1ng hi\u1ec7u<\/td>\n<td style=\"width: 50%; height: 10px;\">Tenuta<\/td>\n<\/tr>\n<tr style=\"height: 21px;\">\n<td style=\"width: 50%; height: 21px;\">Ni\u00ean v\u1ee5<\/td>\n<td style=\"width: 50%; height: 21px;\">2021<\/td>\n<\/tr>\n<tr>\n<td style=\"width: 50%;\">V\u00f9ng<\/td>\n<td style=\"width: 50%;\">ABRUZZO<\/td>\n<\/tr>\n<\/tbody>\n<\/table>\n<p>&nbsp;<\/p>\n","protected":false},"featured_media":1438,"comment_status":"closed","ping_status":"closed","template":"","meta":{"_acf_changed":false},"product_brand":[],"product_cat":[381,382,384,383,27,26,62,29],"product_tag":[392,393,390,184,394,391,389,197,379,153],"class_list":{"0":"post-1437","1":"product","2":"type-product","3":"status-publish","4":"has-post-thumbnail","6":"product_cat-amicone","7":"product_cat-corvina","8":"product_cat-molinara","9":"product_cat-rondinella","10":"product_cat-ruou-vang","11":"product_cat-san-pham-noi-bat","12":"product_cat-vang-do","13":"product_cat-vang-y","14":"product_tag-392","15":"product_tag-masseri","16":"product_tag-pritmivo","17":"product_tag-ruou-vang-gia-re","18":"product_tag-tenuta-ulisse","19":"product_tag-terre-di-chieti","20":"product_tag-vang-14-do","21":"product_tag-vang-do","22":"product_tag-vang-ngon","23":"product_tag-vang-y","25":"first","26":"instock","27":"shipping-taxable","28":"product-type-simple"},"acf":[],"yoast_head":"<!-- This site is optimized with the Yoast SEO plugin v26.8 - https:\/\/yoast.com\/product\/yoast-seo-wordpress\/ -->\n<title>R\u01b0\u1ee3u vang \u00dd Masseri Pritimivo - R.WINE<\/title>\n<meta name=\"robots\" content=\"noindex, follow\" \/>\n<meta property=\"og:locale\" content=\"vi_VN\" \/>\n<meta property=\"og:type\" content=\"article\" \/>\n<meta property=\"og:title\" content=\"R\u01b0\u1ee3u vang \u00dd Masseri Pritimivo - R.WINE\" \/>\n<meta property=\"og:description\" content=\"Xu\u1ea5t x\u1ee9 \u00dd   Ph\u00e2n lo\u1ea1i Vang \u0111\u1ecf   N\u1ed3ng \u0111\u1ed9 14,5 %   Dung t\u00edch 750ml   Gi\u1ed1ng nho Pritimivo   Th\u01b0\u01a1ng hi\u1ec7u Tenuta   Ni\u00ean v\u1ee5 2021   V\u00f9ng ABRUZZO    &nbsp;\" \/>\n<meta property=\"og:url\" content=\"https:\/\/rwinevietnam.com\/home\/ruou-vang-y-masseri-pritimivo\/\" \/>\n<meta property=\"og:site_name\" content=\"R.WINE\" \/>\n<meta property=\"article:modified_time\" content=\"2024-05-16T13:29:54+00:00\" \/>\n<meta property=\"og:image\" content=\"https:\/\/rwinevietnam.com\/home\/wp-content\/uploads\/2024\/05\/IMG_8528-scaled.jpeg\" \/>\n\t<meta property=\"og:image:width\" content=\"1920\" \/>\n\t<meta property=\"og:image:height\" content=\"2560\" \/>\n\t<meta property=\"og:image:type\" content=\"image\/jpeg\" \/>\n<meta name=\"twitter:card\" content=\"summary_large_image\" \/>\n<script type=\"application\/ld+json\" class=\"yoast-schema-graph\">{\"@context\":\"https:\/\/schema.org\",\"@graph\":[{\"@type\":\"WebPage\",\"@id\":\"https:\/\/rwinevietnam.com\/home\/ruou-vang-y-masseri-pritimivo\/\",\"url\":\"https:\/\/rwinevietnam.com\/home\/ruou-vang-y-masseri-pritimivo\/\",\"name\":\"R\u01b0\u1ee3u vang \u00dd Masseri Pritimivo - R.WINE\",\"isPartOf\":{\"@id\":\"https:\/\/rwinevietnam.com\/home\/#website\"},\"primaryImageOfPage\":{\"@id\":\"https:\/\/rwinevietnam.com\/home\/ruou-vang-y-masseri-pritimivo\/#primaryimage\"},\"image\":{\"@id\":\"https:\/\/rwinevietnam.com\/home\/ruou-vang-y-masseri-pritimivo\/#primaryimage\"},\"thumbnailUrl\":\"https:\/\/rwinevietnam.com\/home\/wp-content\/uploads\/2024\/05\/IMG_8528-scaled.jpeg\",\"datePublished\":\"2024-05-16T13:14:10+00:00\",\"dateModified\":\"2024-05-16T13:29:54+00:00\",\"breadcrumb\":{\"@id\":\"https:\/\/rwinevietnam.com\/home\/ruou-vang-y-masseri-pritimivo\/#breadcrumb\"},\"inLanguage\":\"vi\",\"potentialAction\":[{\"@type\":\"ReadAction\",\"target\":[\"https:\/\/rwinevietnam.com\/home\/ruou-vang-y-masseri-pritimivo\/\"]}]},{\"@type\":\"ImageObject\",\"inLanguage\":\"vi\",\"@id\":\"https:\/\/rwinevietnam.com\/home\/ruou-vang-y-masseri-pritimivo\/#primaryimage\",\"url\":\"https:\/\/rwinevietnam.com\/home\/wp-content\/uploads\/2024\/05\/IMG_8528-scaled.jpeg\",\"contentUrl\":\"https:\/\/rwinevietnam.com\/home\/wp-content\/uploads\/2024\/05\/IMG_8528-scaled.jpeg\",\"width\":1920,\"height\":2560},{\"@type\":\"BreadcrumbList\",\"@id\":\"https:\/\/rwinevietnam.com\/home\/ruou-vang-y-masseri-pritimivo\/#breadcrumb\",\"itemListElement\":[{\"@type\":\"ListItem\",\"position\":1,\"name\":\"Trang ch\u1ee7\",\"item\":\"https:\/\/rwinevietnam.com\/home\/\"},{\"@type\":\"ListItem\",\"position\":2,\"name\":\"S\u1ea3n ph\u1ea9m\",\"item\":\"https:\/\/rwinevietnam.com\/home\/san-pham\/\"},{\"@type\":\"ListItem\",\"position\":3,\"name\":\"R\u01b0\u1ee3u vang \u00dd Masseri Pritimivo\"}]},{\"@type\":\"WebSite\",\"@id\":\"https:\/\/rwinevietnam.com\/home\/#website\",\"url\":\"https:\/\/rwinevietnam.com\/home\/\",\"name\":\"R.WINE\",\"description\":\"C\u00d4NG TY C\u1ed4 PH\u1ea6N XU\u1ea4T KH\u1ea8U NH\u1eacP KH\u1ea8U\",\"potentialAction\":[{\"@type\":\"SearchAction\",\"target\":{\"@type\":\"EntryPoint\",\"urlTemplate\":\"https:\/\/rwinevietnam.com\/home\/?s={search_term_string}\"},\"query-input\":{\"@type\":\"PropertyValueSpecification\",\"valueRequired\":true,\"valueName\":\"search_term_string\"}}],\"inLanguage\":\"vi\"}]}<\/script>\n<!-- \/ Yoast SEO plugin. -->","yoast_head_json":{"title":"R\u01b0\u1ee3u vang \u00dd Masseri Pritimivo - R.WINE","robots":{"index":"noindex","follow":"follow"},"og_locale":"vi_VN","og_type":"article","og_title":"R\u01b0\u1ee3u vang \u00dd Masseri Pritimivo - R.WINE","og_description":"Xu\u1ea5t x\u1ee9 \u00dd   Ph\u00e2n lo\u1ea1i Vang \u0111\u1ecf   N\u1ed3ng \u0111\u1ed9 14,5 %   Dung t\u00edch 750ml   Gi\u1ed1ng nho Pritimivo   Th\u01b0\u01a1ng hi\u1ec7u Tenuta   Ni\u00ean v\u1ee5 2021   V\u00f9ng ABRUZZO    &nbsp;","og_url":"https:\/\/rwinevietnam.com\/home\/ruou-vang-y-masseri-pritimivo\/","og_site_name":"R.WINE","article_modified_time":"2024-05-16T13:29:54+00:00","og_image":[{"width":1920,"height":2560,"url":"https:\/\/rwinevietnam.com\/home\/wp-content\/uploads\/2024\/05\/IMG_8528-scaled.jpeg","type":"image\/jpeg"}],"twitter_card":"summary_large_image","schema":{"@context":"https:\/\/schema.org","@graph":[{"@type":"WebPage","@id":"https:\/\/rwinevietnam.com\/home\/ruou-vang-y-masseri-pritimivo\/","url":"https:\/\/rwinevietnam.com\/home\/ruou-vang-y-masseri-pritimivo\/","name":"R\u01b0\u1ee3u vang \u00dd Masseri Pritimivo - R.WINE","isPartOf":{"@id":"https:\/\/rwinevietnam.com\/home\/#website"},"primaryImageOfPage":{"@id":"https:\/\/rwinevietnam.com\/home\/ruou-vang-y-masseri-pritimivo\/#primaryimage"},"image":{"@id":"https:\/\/rwinevietnam.com\/home\/ruou-vang-y-masseri-pritimivo\/#primaryimage"},"thumbnailUrl":"https:\/\/rwinevietnam.com\/home\/wp-content\/uploads\/2024\/05\/IMG_8528-scaled.jpeg","datePublished":"2024-05-16T13:14:10+00:00","dateModified":"2024-05-16T13:29:54+00:00","breadcrumb":{"@id":"https:\/\/rwinevietnam.com\/home\/ruou-vang-y-masseri-pritimivo\/#breadcrumb"},"inLanguage":"vi","potentialAction":[{"@type":"ReadAction","target":["https:\/\/rwinevietnam.com\/home\/ruou-vang-y-masseri-pritimivo\/"]}]},{"@type":"ImageObject","inLanguage":"vi","@id":"https:\/\/rwinevietnam.com\/home\/ruou-vang-y-masseri-pritimivo\/#primaryimage","url":"https:\/\/rwinevietnam.com\/home\/wp-content\/uploads\/2024\/05\/IMG_8528-scaled.jpeg","contentUrl":"https:\/\/rwinevietnam.com\/home\/wp-content\/uploads\/2024\/05\/IMG_8528-scaled.jpeg","width":1920,"height":2560},{"@type":"BreadcrumbList","@id":"https:\/\/rwinevietnam.com\/home\/ruou-vang-y-masseri-pritimivo\/#breadcrumb","itemListElement":[{"@type":"ListItem","position":1,"name":"Trang ch\u1ee7","item":"https:\/\/rwinevietnam.com\/home\/"},{"@type":"ListItem","position":2,"name":"S\u1ea3n ph\u1ea9m","item":"https:\/\/rwinevietnam.com\/home\/san-pham\/"},{"@type":"ListItem","position":3,"name":"R\u01b0\u1ee3u vang \u00dd Masseri Pritimivo"}]},{"@type":"WebSite","@id":"https:\/\/rwinevietnam.com\/home\/#website","url":"https:\/\/rwinevietnam.com\/home\/","name":"R.WINE","description":"C\u00d4NG TY C\u1ed4 PH\u1ea6N XU\u1ea4T KH\u1ea8U NH\u1eacP KH\u1ea8U","potentialAction":[{"@type":"SearchAction","target":{"@type":"EntryPoint","urlTemplate":"https:\/\/rwinevietnam.com\/home\/?s={search_term_string}"},"query-input":{"@type":"PropertyValueSpecification","valueRequired":true,"valueName":"search_term_string"}}],"inLanguage":"vi"}]}},"_links":{"self":[{"href":"https:\/\/rwinevietnam.com\/home\/wp-json\/wp\/v2\/product\/1437","targetHints":{"allow":["GET"]}}],"collection":[{"href":"https:\/\/rwinevietnam.com\/home\/wp-json\/wp\/v2\/product"}],"about":[{"href":"https:\/\/rwinevietnam.com\/home\/wp-json\/wp\/v2\/types\/product"}],"replies":[{"embeddable":true,"href":"https:\/\/rwinevietnam.com\/home\/wp-json\/wp\/v2\/comments?post=1437"}],"wp:featuredmedia":[{"embeddable":true,"href":"https:\/\/rwinevietnam.com\/home\/wp-json\/wp\/v2\/media\/1438"}],"wp:attachment":[{"href":"https:\/\/rwinevietnam.com\/home\/wp-json\/wp\/v2\/media?parent=1437"}],"wp:term":[{"taxonomy":"product_brand","embeddable":true,"href":"https:\/\/rwinevietnam.com\/home\/wp-json\/wp\/v2\/product_brand?post=1437"},{"taxonomy":"product_cat","embeddable":true,"href":"https:\/\/rwinevietnam.com\/home\/wp-json\/wp\/v2\/product_cat?post=1437"},{"taxonomy":"product_tag","embeddable":true,"href":"https:\/\/rwinevietnam.com\/home\/wp-json\/wp\/v2\/product_tag?post=1437"}],"curies":[{"name":"wp","href":"https:\/\/api.w.org\/{rel}","templated":true}]}}