{"id":1421,"date":"2024-04-25T15:17:15","date_gmt":"2024-04-25T15:17:15","guid":{"rendered":"https:\/\/rwinevietnam.com\/home\/?post_type=product&#038;p=1421"},"modified":"2024-04-25T15:28:25","modified_gmt":"2024-04-25T15:28:25","slug":"ruou-vang-y-ventoso-primitivo","status":"publish","type":"product","link":"https:\/\/rwinevietnam.com\/home\/ruou-vang-y-ventoso-primitivo\/","title":{"rendered":"R\u01b0\u1ee3u Vang \u00dd Ventoso Primitivo"},"content":{"rendered":"<p><img loading=\"lazy\" decoding=\"async\" class=\"aligncenter  wp-image-1424\" src=\"https:\/\/rwinevietnam.com\/home\/wp-content\/uploads\/2024\/04\/IMG_8360-768x1024.jpeg\" alt=\"\" width=\"576\" height=\"768\" srcset=\"https:\/\/rwinevietnam.com\/home\/wp-content\/uploads\/2024\/04\/IMG_8360-768x1024.jpeg 768w, https:\/\/rwinevietnam.com\/home\/wp-content\/uploads\/2024\/04\/IMG_8360-225x300.jpeg 225w, https:\/\/rwinevietnam.com\/home\/wp-content\/uploads\/2024\/04\/IMG_8360-1152x1536.jpeg 1152w, https:\/\/rwinevietnam.com\/home\/wp-content\/uploads\/2024\/04\/IMG_8360-1536x2048.jpeg 1536w, https:\/\/rwinevietnam.com\/home\/wp-content\/uploads\/2024\/04\/IMG_8360-300x400.jpeg 300w, https:\/\/rwinevietnam.com\/home\/wp-content\/uploads\/2024\/04\/IMG_8360-600x800.jpeg 600w, https:\/\/rwinevietnam.com\/home\/wp-content\/uploads\/2024\/04\/IMG_8360-scaled.jpeg 1920w\" sizes=\"auto, (max-width: 576px) 100vw, 576px\" \/><\/p>\n<p>&nbsp;<\/p>\n<p><span style=\"font-size: 120%;\">M\u00e0u: \u0110\u1ecf \u0111\u1eadm \u00e1nh t\u00edm, \u00f3ng \u00e1nh nh\u01b0 m\u00e0u Ruby \u0111\u1ecf<\/span><br \/>\n<span style=\"font-size: 120%;\">H\u01b0\u01a1ng v\u1ecb: M\u00f9i th\u01a1m k\u1ef3 l\u1ea1 v\u00e0 m\u00e3nh li\u1ec7t; H\u01b0\u01a1ng v\u1ecb \u0111\u1eadm \u0111\u1eb7c, phong ph\u00fa; n\u1ed5i b\u1eadt h\u01b0\u01a1ng th\u01a1m c\u1ee7a tr\u00e1i c\u00e2y ch\u00edn k\u1ef9, m\u1ee9t tr\u00e1i c\u00e2y, da thu\u1ed9c, g\u1ed7 s\u1ed3i&#8230;<\/span><br \/>\n<span style=\"font-size: 120%;\">V\u1ecb: v\u1edbi \u0111\u1ed9 c\u1ed3n cao, r\u01b0\u1ee3u cho c\u1ea3m gi\u00e1c m\u1ea1nh m\u1ebd, nh\u01b0ng tannin v\u1eabn m\u1ec1m m\u1ea1i c\u00e2n b\u1eb1ng nh\u01b0ng v\u1eabn m\u00e1t m\u1ebb, d\u1ec5 ch\u1ecbu.<\/span><br \/>\n<span style=\"font-size: 120%;\">\u0110i\u1ec3m \u0111\u1eb7c tr\u01b0ng: \u0110\u01b0\u1ee3c \u0111\u00e1nh gi\u00e1 l\u00e0 s\u1ea3n ph\u1ea9m vang cao \u0111\u1ed9 h\u1ea5p d\u1eabn nh\u1ea5t.<\/span><\/p>\n<p><span style=\"font-size: 120%;\">R\u01b0\u1ee3u vang Ventoso Primitivo di Puglia \u0111\u01b0\u1ee3c l\u00e0m t\u1eeb nh\u1eefng tr\u00e1i nho Primitivo ch\u1ea5t l\u01b0\u1ee3ng cao t\u1ea1o n\u00ean h\u01b0\u01a1ng v\u1ecb ho\u00e0n h\u1ea3o cho chai r\u01b0\u1ee3u n\u00e0y.<\/span><br \/>\n<span style=\"font-size: 120%;\">R\u01b0\u1ee3u vang mang h\u01b0\u01a1ng v\u1ecb c\u1ed5 x\u01b0a c\u00f9ng thi\u1ebft k\u1ebf sang tr\u1ecdng, khi\u1ebfn c\u00e1c nh\u00e0 s\u01b0u t\u1eadp r\u01b0\u1ee3u vang t\u00ecm ki\u1ebfm kh\u1eafp n\u01a1i.<\/span><br \/>\n<span style=\"font-size: 120%;\">L\u00e0 chai r\u01b0\u1ee3u cao c\u1ea5p h\u00e0ng \u0111\u1ea7u, Ventoso Primitivo di Puglia x\u1ee9ng \u0111\u00e1ng l\u00e0 m\u00f3n qu\u00e0 \u0111\u1eaft gi\u00e1 d\u00e0nh t\u1eb7ng cho nh\u1eefng th\u1ef1c kh\u00e1ch s\u00e0nh s\u1ecfi nh\u1ea5t. Sau khi n\u1ebfm \u0111\u1ec3 l\u1ea1i cho ta m\u1ed9t h\u1eadu v\u1ecb kh\u00e1 s\u00e2u v\u00e0 l\u00e2u, \u0111\u1eadm h\u01b0\u01a1ng qu\u1ea3 m\u1ecdng. M\u1ed9t l\u1ea7n th\u1eed \u0111\u1ec3 r\u1ed3i nh\u1edb m\u00e3i<\/span><br \/>\n<span style=\"font-size: 120%;\">Ventoso Primitivo di Puglia th\u1ec3 hi\u1ec7n s\u1ef1 k\u1ebft h\u1ee3p gi\u1eefa c\u00e1c y\u1ebfu t\u1ed1 li\u00ean quan \u0111\u1ebfn kh\u00ed h\u1eadu, lo\u1ea1i \u0111\u1ea5t kh\u00e1c nhau, gi\u1ed1ng nho v\u00e0 \u1ea3nh h\u01b0\u1edfng c\u1ee7a con ng\u01b0\u1eddi, c\u00e1c y\u1ebfu t\u1ed1 g\u00f3p ph\u1ea7n l\u00e0m cho v\u00f9ng \u0111\u1ea5t Puglia tr\u1edf th\u00e0nh m\u1ed9t l\u00e3nh th\u1ed5 duy nh\u1ea5t trong t\u1eadp b\u1ea3n \u0111\u1ed3 th\u1ebf gi\u1edbi v\u1ec1 v\u00f9ng \u0111\u1ea5t l\u00fd t\u01b0\u1edfng cho c\u00e2y nho ph\u00e1t tri\u1ec3n. Trong v\u00f9ng \u0111\u1ea5t n\u00e0y b\u1ea1n c\u00f3 th\u1ec3 t\u00ecm th\u1ea5y nh\u1eefng c\u00e2y nho gi\u1ed1ng Primitivo to nh\u1ea5t \u0111\u01b0\u1ee3c v\u00ed nh\u01b0 di s\u1ea3n c\u1ee7a th\u1ebf gi\u1edbi. C\u00f3 nh\u1eefng g\u1ed1c nho tu\u1ed5i \u0111\u1eddi h\u01a1n 120 n\u0103m. Chai r\u01b0\u01a1u vang \u0111\u00e3 ph\u1ea3n \u00e1nh s\u1ee9c s\u1ed1ng c\u1ee7a v\u00f9ng \u0111\u1ea5t s\u1ea3n sinh ra nh\u1eefng tr\u00e1i nho v\u00e0 \u0111\u1ec9nh cao l\u00e0m m\u00ea \u0111\u1eafm l\u00f2ng ng\u01b0\u1eddi, \u0111\u01b0\u1ee3c s\u1ea3n xu\u1ea5t v\u1edbi s\u1ed1 l\u01b0\u1ee3ng nh\u1ecf t\u1eeb c\u00e1c g\u1ed1c nho l\u00e2u n\u0103m.<\/span><\/p>\n<p>&nbsp;<\/p>\n<p><img loading=\"lazy\" decoding=\"async\" class=\"aligncenter  wp-image-1423\" src=\"https:\/\/rwinevietnam.com\/home\/wp-content\/uploads\/2024\/04\/IMG_8355-1024x768.jpeg\" alt=\"\" width=\"727\" height=\"545\" srcset=\"https:\/\/rwinevietnam.com\/home\/wp-content\/uploads\/2024\/04\/IMG_8355-1024x768.jpeg 1024w, https:\/\/rwinevietnam.com\/home\/wp-content\/uploads\/2024\/04\/IMG_8355-300x225.jpeg 300w, https:\/\/rwinevietnam.com\/home\/wp-content\/uploads\/2024\/04\/IMG_8355-768x576.jpeg 768w, https:\/\/rwinevietnam.com\/home\/wp-content\/uploads\/2024\/04\/IMG_8355-1536x1152.jpeg 1536w, https:\/\/rwinevietnam.com\/home\/wp-content\/uploads\/2024\/04\/IMG_8355-2048x1536.jpeg 2048w, https:\/\/rwinevietnam.com\/home\/wp-content\/uploads\/2024\/04\/IMG_8355-600x450.jpeg 600w\" sizes=\"auto, (max-width: 727px) 100vw, 727px\" \/><\/p>\n<p>&nbsp;<\/p>\n<p><span style=\"font-size: 120%;\">THU HO\u1ea0CH:<\/span><br \/>\n<span style=\"font-size: 120%;\">N\u00f4ng d\u00e2n b\u1eaft \u0111\u1ea7u thu ho\u1ea1ch l\u00fac nho c\u00f2n xanh \u0111\u1ec3 \u0111\u1ea3m b\u1ea3o ch\u1ea5t l\u01b0\u1ee3ng cao nh\u1ea5t, k\u1ec3 c\u1ea3 nh\u1eefng ch\u00f9m nho c\u00f2n b\u00e9 \u0111\u1ec3 t\u1eadp trung ch\u1ea5t dinh d\u01b0\u1ee1ng cho s\u1ed1 nho c\u00f2n l\u1ea1i tr\u00ean c\u00e2y. Thu ho\u1ea1ch ho\u00e0n to\u00e0n b\u1eb1ng tay v\u00e0o n\u1eeda \u0111\u1ea7u th\u00e1ng 10 v\u00e0 c\u00f3 th\u1ec3 ti\u1ebfp t\u1ee5c v\u00e0o \u0111\u1ea7u th\u00e1ng 11 (m\u00f9a nho Raboso mu\u1ed9n). 15% s\u1ed1 nho s\u1ebd \u0111\u01b0\u1ee3c gi\u1eef trong ph\u00f2ng s\u1ea5y kh\u00f4 45 ng\u00e0y \u0111\u1ec3 c\u00f4 \u0111\u1eb7c l\u01b0\u1ee3ng \u0111\u01b0\u1eddng trong ch\u00fang.<\/span><\/p>\n<p><span style=\"font-size: 120%;\">S\u1ea2N XU\u1ea4T R\u01af\u1ee2U:<\/span><br \/>\n<span style=\"font-size: 120%;\">R\u01b0\u1ee3u vang \u00fd Ventoso Primitivo di Puglia s\u1eed d\u1ee5ng k\u1ef9 thu\u1eadt c\u1ed5 \u0111i\u1ec3n \u0111\u1ec3 t\u00e1ch cu\u1ed1ng ra kh\u1ecfi nho v\u00e0 \u00e9p nho. Ng\u00e2m trong th\u00f9ng g\u1ed7 s\u1ed3i trong v\u00f2ng 18 ng\u00e0y v\u1edbi delestage h\u00e0ng ng\u00e0y. C\u00e1c Malolactic b\u1eaft \u0111\u1ea7u qu\u00e1 tr\u00ecnh l\u00ean men v\u00e0 k\u1ebft th\u00fac trong th\u00f9ng g\u1ed7 s\u1ed3i v\u00e0o m\u00f9a xu\u00e2n ho\u1eb7c m\u00f9a h\u00e8 n\u0103m k\u1ebf ti\u1ebfp.<\/span><br \/>\n<span style=\"font-size: 120%;\">L\u00ean men malolactic c\u00f3 t\u00e1c d\u1ee5ng t\u1ed1t \u0111\u1ed1i v\u1edbi vang Ventoso Primitivo di Puglia c\u00f3 \u0111\u1ed9 chua cao ch\u1ee9a nhi\u1ec1u axit h\u1eefu c\u01a1, \u0111\u1eb7c bi\u1ec7t l\u00e0 axit malic. Qu\u00e1 tr\u00ecnh l\u00ean men malolactic \u0111\u01b0\u1ee3c th\u1ef1c hi\u1ec7n b\u1edfi vi khu\u1ea9n lactic ph\u00e2n l\u1eadp \u0111\u01b0\u1ee3c t\u1eeb vang. Qu\u00e1 tr\u00ecnh n\u00e0y \u0111em l\u1ea1i ba l\u1ee3i \u00edch ch\u00ednh cho vang \u00fd Ventoso Primitivo di Puglia gi\u1ea3m \u0111\u1ed9 chua c\u1ee7a vang, \u1ed5n \u0111\u1ecbnh vi sinh v\u1eadt, l\u00e0m cho vang \u201c\u00eam d\u1ecbu, tinh t\u1ebf\u201d h\u01a1n.<\/span><\/p>\n<p><span style=\"font-size: 120%;\">TR\u01af\u1edeNG TH\u00c0NH:<\/span><br \/>\n<span style=\"font-size: 120%;\">Q\u00faa tr\u00ecnh tr\u01b0\u1edfng th\u00e0nh \u0111\u01b0\u1ee3c th\u1ef1c hi\u1ec7n trong 24 th\u00e1ng trong th\u00f9ng g\u1ed7 s\u1ed3i Ph\u00e1p, thay th\u00f9ng t\u1eeb hai \u0111\u1ebfn ba l\u1ea7n tr\u01b0\u1edbc khi b\u01b0\u1edbc sang 12 th\u00e1ng ti\u1ebfp theo trong th\u00f9ng g\u1ed7 s\u1ed3i 5000 l\u00edt. Sau \u0111\u00f3 r\u01b0\u1ee3u \u0111\u01b0\u1ee3c \u0111\u00f3ng chai v\u00e0 tinh t\u1ebf cho th\u00eam 12 th\u00e1ng. t\u1eeb \u0111\u00f3 cho ra lo\u1ea1i vang \u00fd Ventoso Primitivo di Puglia r\u1ea5t ngon.<\/span><\/p>\n<p><img loading=\"lazy\" decoding=\"async\" class=\"aligncenter  wp-image-1425\" src=\"https:\/\/rwinevietnam.com\/home\/wp-content\/uploads\/2024\/04\/IMG_8357-768x1024.jpeg\" alt=\"\" width=\"569\" height=\"759\" srcset=\"https:\/\/rwinevietnam.com\/home\/wp-content\/uploads\/2024\/04\/IMG_8357-768x1024.jpeg 768w, https:\/\/rwinevietnam.com\/home\/wp-content\/uploads\/2024\/04\/IMG_8357-225x300.jpeg 225w, https:\/\/rwinevietnam.com\/home\/wp-content\/uploads\/2024\/04\/IMG_8357-1152x1536.jpeg 1152w, https:\/\/rwinevietnam.com\/home\/wp-content\/uploads\/2024\/04\/IMG_8357-1536x2048.jpeg 1536w, https:\/\/rwinevietnam.com\/home\/wp-content\/uploads\/2024\/04\/IMG_8357-300x400.jpeg 300w, https:\/\/rwinevietnam.com\/home\/wp-content\/uploads\/2024\/04\/IMG_8357-600x800.jpeg 600w, https:\/\/rwinevietnam.com\/home\/wp-content\/uploads\/2024\/04\/IMG_8357-scaled.jpeg 1920w\" sizes=\"auto, (max-width: 569px) 100vw, 569px\" \/><\/p>\n<p>&nbsp;<\/p>\n<p><span style=\"font-size: 120%;\">\u0110\u1eb6C \u0110I\u1ec2M TI\u00caU C\u1ea2M QUAN:<\/span><br \/>\n<span style=\"font-size: 120%;\">R\u01b0\u1ee3u vang \u00fd Ventoso Primitivo di Puglia c\u00f3 m\u00e0u ruby \u0111\u1ecf s\u1eabm v\u1edbi n\u1ed5i b\u1eadt h\u01b0\u01a1ng th\u01a1m c\u1ee7a tr\u00e1i c\u00e2y ch\u00edn k\u1ef9, m\u1ee9t tr\u00e1i c\u00e2y, da thu\u1ed9c, g\u1ed7 s\u1ed3i&#8230;<\/span><br \/>\n<span style=\"font-size: 120%;\">V\u1ecb: v\u1edbi \u0111\u1ed9 c\u1ed3n cao, r\u01b0\u1ee3u cho c\u1ea3m gi\u00e1c m\u1ea1nh m\u1ebd, nh\u01b0ng tannin v\u1eabn m\u1ec1m m\u1ea1i c\u00e2n b\u1eb1ng nh\u01b0ng v\u1eabn m\u00e1t m\u1ebb, d\u1ec5 ch\u1ecbu.<\/span><br \/>\n<span style=\"font-size: 120%;\">. C\u00e1c h\u01b0\u01a1ng v\u1ecb m\u1ed9c m\u1ea1c, tr\u00f2n v\u1ecb, m\u01b0\u1ee3t m\u00e0 v\u1edbi h\u1eadu v\u1ecb d\u00e0i s\u00e2u l\u1eafng<\/span><\/p>\n<p>&nbsp;<\/p>\n","protected":false},"excerpt":{"rendered":"<table style=\"border-collapse: collapse; width: 100%; height: 136px;\">\n<tbody>\n<tr style=\"height: 21px;\">\n<td style=\"width: 50%; height: 21px;\">Xu\u1ea5t x\u1ee9<\/td>\n<td style=\"width: 50%; height: 21px;\">\u00dd<\/td>\n<\/tr>\n<tr style=\"height: 21px;\">\n<td style=\"width: 50%; height: 21px;\">Ph\u00e2n lo\u1ea1i<\/td>\n<td style=\"width: 50%; height: 21px;\">Vang \u0111\u1ecf<\/td>\n<\/tr>\n<tr style=\"height: 21px;\">\n<td style=\"width: 50%; height: 21px;\">N\u1ed3ng \u0111\u1ed9<\/td>\n<td style=\"width: 50%; height: 21px;\">18 %<\/td>\n<\/tr>\n<tr style=\"height: 21px;\">\n<td style=\"width: 50%; height: 21px;\">Dung t\u00edch<\/td>\n<td style=\"width: 50%; height: 21px;\">750ml<\/td>\n<\/tr>\n<tr style=\"height: 21px;\">\n<td style=\"width: 50%; height: 21px;\">Gi\u1ed1ng nho<\/td>\n<td style=\"width: 50%; height: 21px;\">Pritimivo<\/td>\n<\/tr>\n<tr style=\"height: 21px;\">\n<td style=\"width: 50%; height: 10px;\">V\u00f9ng Vang<\/td>\n<td style=\"width: 50%; height: 10px;\"><strong>Puglia<\/strong><\/td>\n<\/tr>\n<tr style=\"height: 21px;\">\n<td style=\"width: 50%; height: 21px;\">C\u1ea5p \u0111\u1ed9 Vang<\/td>\n<td style=\"width: 50%; height: 21px;\">IGT<\/td>\n<\/tr>\n<\/tbody>\n<\/table>\n<p>&nbsp;<\/p>\n","protected":false},"featured_media":1422,"comment_status":"closed","ping_status":"closed","template":"","meta":{"_acf_changed":false},"product_brand":[],"product_cat":[367,80,27,86,26,62,29],"product_tag":[350,317,184,377,376,197,379,153,380],"class_list":{"0":"post-1421","1":"product","2":"type-product","3":"status-publish","4":"has-post-thumbnail","6":"product_cat-collefriso","7":"product_cat-primitivo","8":"product_cat-ruou-vang","9":"product_cat-ruou-vang-puglia","10":"product_cat-san-pham-noi-bat","11":"product_cat-vang-do","12":"product_cat-vang-y","13":"product_tag-pritimivo","14":"product_tag-puglia","15":"product_tag-ruou-vang-gia-re","16":"product_tag-vang-18-do","17":"product_tag-vang-coli-spa","18":"product_tag-vang-do","19":"product_tag-vang-ngon","20":"product_tag-vang-y","21":"product_tag-ventoso","23":"first","24":"instock","25":"shipping-taxable","26":"product-type-simple"},"acf":[],"yoast_head":"<!-- This site is optimized with the Yoast SEO plugin v26.8 - https:\/\/yoast.com\/product\/yoast-seo-wordpress\/ -->\n<title>R\u01b0\u1ee3u Vang \u00dd Ventoso Primitivo - R.WINE<\/title>\n<meta name=\"robots\" content=\"noindex, follow\" \/>\n<meta property=\"og:locale\" content=\"vi_VN\" \/>\n<meta property=\"og:type\" content=\"article\" \/>\n<meta property=\"og:title\" content=\"R\u01b0\u1ee3u Vang \u00dd Ventoso Primitivo - R.WINE\" \/>\n<meta property=\"og:description\" content=\"Xu\u1ea5t x\u1ee9 \u00dd   Ph\u00e2n lo\u1ea1i Vang \u0111\u1ecf   N\u1ed3ng \u0111\u1ed9 18 %   Dung t\u00edch 750ml   Gi\u1ed1ng nho Pritimivo   V\u00f9ng Vang Puglia   C\u1ea5p \u0111\u1ed9 Vang IGT    &nbsp;\" \/>\n<meta property=\"og:url\" content=\"https:\/\/rwinevietnam.com\/home\/ruou-vang-y-ventoso-primitivo\/\" \/>\n<meta property=\"og:site_name\" content=\"R.WINE\" \/>\n<meta property=\"article:modified_time\" content=\"2024-04-25T15:28:25+00:00\" \/>\n<meta property=\"og:image\" content=\"https:\/\/rwinevietnam.com\/home\/wp-content\/uploads\/2024\/04\/IMG_8358-scaled.jpeg\" \/>\n\t<meta property=\"og:image:width\" content=\"1920\" \/>\n\t<meta property=\"og:image:height\" content=\"2560\" \/>\n\t<meta property=\"og:image:type\" content=\"image\/jpeg\" \/>\n<meta name=\"twitter:card\" content=\"summary_large_image\" \/>\n<script type=\"application\/ld+json\" class=\"yoast-schema-graph\">{\"@context\":\"https:\/\/schema.org\",\"@graph\":[{\"@type\":\"WebPage\",\"@id\":\"https:\/\/rwinevietnam.com\/home\/ruou-vang-y-ventoso-primitivo\/\",\"url\":\"https:\/\/rwinevietnam.com\/home\/ruou-vang-y-ventoso-primitivo\/\",\"name\":\"R\u01b0\u1ee3u Vang \u00dd Ventoso Primitivo - R.WINE\",\"isPartOf\":{\"@id\":\"https:\/\/rwinevietnam.com\/home\/#website\"},\"primaryImageOfPage\":{\"@id\":\"https:\/\/rwinevietnam.com\/home\/ruou-vang-y-ventoso-primitivo\/#primaryimage\"},\"image\":{\"@id\":\"https:\/\/rwinevietnam.com\/home\/ruou-vang-y-ventoso-primitivo\/#primaryimage\"},\"thumbnailUrl\":\"https:\/\/rwinevietnam.com\/home\/wp-content\/uploads\/2024\/04\/IMG_8358-scaled.jpeg\",\"datePublished\":\"2024-04-25T15:17:15+00:00\",\"dateModified\":\"2024-04-25T15:28:25+00:00\",\"breadcrumb\":{\"@id\":\"https:\/\/rwinevietnam.com\/home\/ruou-vang-y-ventoso-primitivo\/#breadcrumb\"},\"inLanguage\":\"vi\",\"potentialAction\":[{\"@type\":\"ReadAction\",\"target\":[\"https:\/\/rwinevietnam.com\/home\/ruou-vang-y-ventoso-primitivo\/\"]}]},{\"@type\":\"ImageObject\",\"inLanguage\":\"vi\",\"@id\":\"https:\/\/rwinevietnam.com\/home\/ruou-vang-y-ventoso-primitivo\/#primaryimage\",\"url\":\"https:\/\/rwinevietnam.com\/home\/wp-content\/uploads\/2024\/04\/IMG_8358-scaled.jpeg\",\"contentUrl\":\"https:\/\/rwinevietnam.com\/home\/wp-content\/uploads\/2024\/04\/IMG_8358-scaled.jpeg\",\"width\":1920,\"height\":2560},{\"@type\":\"BreadcrumbList\",\"@id\":\"https:\/\/rwinevietnam.com\/home\/ruou-vang-y-ventoso-primitivo\/#breadcrumb\",\"itemListElement\":[{\"@type\":\"ListItem\",\"position\":1,\"name\":\"Trang ch\u1ee7\",\"item\":\"https:\/\/rwinevietnam.com\/home\/\"},{\"@type\":\"ListItem\",\"position\":2,\"name\":\"S\u1ea3n ph\u1ea9m\",\"item\":\"https:\/\/rwinevietnam.com\/home\/san-pham\/\"},{\"@type\":\"ListItem\",\"position\":3,\"name\":\"R\u01b0\u1ee3u Vang \u00dd Ventoso Primitivo\"}]},{\"@type\":\"WebSite\",\"@id\":\"https:\/\/rwinevietnam.com\/home\/#website\",\"url\":\"https:\/\/rwinevietnam.com\/home\/\",\"name\":\"R.WINE\",\"description\":\"C\u00d4NG TY C\u1ed4 PH\u1ea6N XU\u1ea4T KH\u1ea8U NH\u1eacP KH\u1ea8U\",\"potentialAction\":[{\"@type\":\"SearchAction\",\"target\":{\"@type\":\"EntryPoint\",\"urlTemplate\":\"https:\/\/rwinevietnam.com\/home\/?s={search_term_string}\"},\"query-input\":{\"@type\":\"PropertyValueSpecification\",\"valueRequired\":true,\"valueName\":\"search_term_string\"}}],\"inLanguage\":\"vi\"}]}<\/script>\n<!-- \/ Yoast SEO plugin. -->","yoast_head_json":{"title":"R\u01b0\u1ee3u Vang \u00dd Ventoso Primitivo - R.WINE","robots":{"index":"noindex","follow":"follow"},"og_locale":"vi_VN","og_type":"article","og_title":"R\u01b0\u1ee3u Vang \u00dd Ventoso Primitivo - R.WINE","og_description":"Xu\u1ea5t x\u1ee9 \u00dd   Ph\u00e2n lo\u1ea1i Vang \u0111\u1ecf   N\u1ed3ng \u0111\u1ed9 18 %   Dung t\u00edch 750ml   Gi\u1ed1ng nho Pritimivo   V\u00f9ng Vang Puglia   C\u1ea5p \u0111\u1ed9 Vang IGT    &nbsp;","og_url":"https:\/\/rwinevietnam.com\/home\/ruou-vang-y-ventoso-primitivo\/","og_site_name":"R.WINE","article_modified_time":"2024-04-25T15:28:25+00:00","og_image":[{"width":1920,"height":2560,"url":"https:\/\/rwinevietnam.com\/home\/wp-content\/uploads\/2024\/04\/IMG_8358-scaled.jpeg","type":"image\/jpeg"}],"twitter_card":"summary_large_image","schema":{"@context":"https:\/\/schema.org","@graph":[{"@type":"WebPage","@id":"https:\/\/rwinevietnam.com\/home\/ruou-vang-y-ventoso-primitivo\/","url":"https:\/\/rwinevietnam.com\/home\/ruou-vang-y-ventoso-primitivo\/","name":"R\u01b0\u1ee3u Vang \u00dd Ventoso Primitivo - R.WINE","isPartOf":{"@id":"https:\/\/rwinevietnam.com\/home\/#website"},"primaryImageOfPage":{"@id":"https:\/\/rwinevietnam.com\/home\/ruou-vang-y-ventoso-primitivo\/#primaryimage"},"image":{"@id":"https:\/\/rwinevietnam.com\/home\/ruou-vang-y-ventoso-primitivo\/#primaryimage"},"thumbnailUrl":"https:\/\/rwinevietnam.com\/home\/wp-content\/uploads\/2024\/04\/IMG_8358-scaled.jpeg","datePublished":"2024-04-25T15:17:15+00:00","dateModified":"2024-04-25T15:28:25+00:00","breadcrumb":{"@id":"https:\/\/rwinevietnam.com\/home\/ruou-vang-y-ventoso-primitivo\/#breadcrumb"},"inLanguage":"vi","potentialAction":[{"@type":"ReadAction","target":["https:\/\/rwinevietnam.com\/home\/ruou-vang-y-ventoso-primitivo\/"]}]},{"@type":"ImageObject","inLanguage":"vi","@id":"https:\/\/rwinevietnam.com\/home\/ruou-vang-y-ventoso-primitivo\/#primaryimage","url":"https:\/\/rwinevietnam.com\/home\/wp-content\/uploads\/2024\/04\/IMG_8358-scaled.jpeg","contentUrl":"https:\/\/rwinevietnam.com\/home\/wp-content\/uploads\/2024\/04\/IMG_8358-scaled.jpeg","width":1920,"height":2560},{"@type":"BreadcrumbList","@id":"https:\/\/rwinevietnam.com\/home\/ruou-vang-y-ventoso-primitivo\/#breadcrumb","itemListElement":[{"@type":"ListItem","position":1,"name":"Trang ch\u1ee7","item":"https:\/\/rwinevietnam.com\/home\/"},{"@type":"ListItem","position":2,"name":"S\u1ea3n ph\u1ea9m","item":"https:\/\/rwinevietnam.com\/home\/san-pham\/"},{"@type":"ListItem","position":3,"name":"R\u01b0\u1ee3u Vang \u00dd Ventoso Primitivo"}]},{"@type":"WebSite","@id":"https:\/\/rwinevietnam.com\/home\/#website","url":"https:\/\/rwinevietnam.com\/home\/","name":"R.WINE","description":"C\u00d4NG TY C\u1ed4 PH\u1ea6N XU\u1ea4T KH\u1ea8U NH\u1eacP KH\u1ea8U","potentialAction":[{"@type":"SearchAction","target":{"@type":"EntryPoint","urlTemplate":"https:\/\/rwinevietnam.com\/home\/?s={search_term_string}"},"query-input":{"@type":"PropertyValueSpecification","valueRequired":true,"valueName":"search_term_string"}}],"inLanguage":"vi"}]}},"_links":{"self":[{"href":"https:\/\/rwinevietnam.com\/home\/wp-json\/wp\/v2\/product\/1421","targetHints":{"allow":["GET"]}}],"collection":[{"href":"https:\/\/rwinevietnam.com\/home\/wp-json\/wp\/v2\/product"}],"about":[{"href":"https:\/\/rwinevietnam.com\/home\/wp-json\/wp\/v2\/types\/product"}],"replies":[{"embeddable":true,"href":"https:\/\/rwinevietnam.com\/home\/wp-json\/wp\/v2\/comments?post=1421"}],"wp:featuredmedia":[{"embeddable":true,"href":"https:\/\/rwinevietnam.com\/home\/wp-json\/wp\/v2\/media\/1422"}],"wp:attachment":[{"href":"https:\/\/rwinevietnam.com\/home\/wp-json\/wp\/v2\/media?parent=1421"}],"wp:term":[{"taxonomy":"product_brand","embeddable":true,"href":"https:\/\/rwinevietnam.com\/home\/wp-json\/wp\/v2\/product_brand?post=1421"},{"taxonomy":"product_cat","embeddable":true,"href":"https:\/\/rwinevietnam.com\/home\/wp-json\/wp\/v2\/product_cat?post=1421"},{"taxonomy":"product_tag","embeddable":true,"href":"https:\/\/rwinevietnam.com\/home\/wp-json\/wp\/v2\/product_tag?post=1421"}],"curies":[{"name":"wp","href":"https:\/\/api.w.org\/{rel}","templated":true}]}}