{"id":1290,"date":"2024-01-01T17:14:39","date_gmt":"2024-01-01T17:14:39","guid":{"rendered":"https:\/\/rwinevietnam.com\/home\/?post_type=product&#038;p=1290"},"modified":"2024-01-01T17:25:29","modified_gmt":"2024-01-01T17:25:29","slug":"ruou-vang-uc-68-dragon-version","status":"publish","type":"product","link":"https:\/\/rwinevietnam.com\/home\/ruou-vang-uc-68-dragon-version\/","title":{"rendered":"R\u01b0\u1ee3u vang \u00dac 68 Dragon Version"},"content":{"rendered":"<p><span style=\"font-size: 130%;\"><strong>R\u01b0\u1ee3u vang \u00dac 68 Dragon Version<\/strong>\u00a0l\u00e0 m\u1ed9t lo\u1ea1i r\u01b0\u1ee3u vang cao c\u1ea5p \u0111\u01b0\u1ee3c s\u1ea3n xu\u1ea5t t\u1ea1i v\u00f9ng nho l\u1edbn nh\u1ea5t c\u1ee7a \u00dac. V\u1edbi h\u01b0\u01a1ng v\u1ecb \u0111\u1eb7c tr\u01b0ng v\u00e0 ch\u1ea5t l\u01b0\u1ee3ng tuy\u1ec7t v\u1eddi, lo\u1ea1i\u00a0<strong>r\u01b0\u1ee3u vang \u00fac<\/strong> n\u00e0y \u0111\u00e3 thu h\u00fat s\u1ef1 quan t\u00e2m c\u1ee7a r\u1ea5t nhi\u1ec1u ng\u01b0\u1eddi y\u00eau th\u00edch r\u01b0\u1ee3u vang tr\u00ean kh\u1eafp th\u1ebf gi\u1edbi. R\u01b0\u1ee3u Vang B\u1eafc Giang R.wine Shop xin g\u1eedi t\u1edbi qu\u00fd v\u1ecb chai 68 Dragon Version\u00a0 n\u00e0y<\/span><\/p>\n<p><span style=\"font-size: 130%;\"><strong>1. Nguy\u00ean Nh\u00e2n Th\u00fa V\u1ecb \u0110\u1eb1ng Sau S\u1ef1 Ph\u1ed5 Bi\u1ebfn C\u1ee7a R\u01b0\u1ee3u Vang \u00dac 68 Dragon Version<\/strong><\/span><\/p>\n<figure id=\"attachment_15424\" class=\"wp-caption aligncenter\" aria-describedby=\"caption-attachment-15424\"><span style=\"font-size: 130%;\"><img loading=\"lazy\" decoding=\"async\" class=\" wp-image-15424\" title=\"R\u01b0\u1ee3u Vang \u00dac 68 Dragon Version\" src=\"https:\/\/ruoungoai68.com\/wp-content\/uploads\/2023\/11\/ruou-vang-uc-68-dragon-version-1.jpg\" sizes=\"auto, (max-width: 659px) 100vw, 659px\" srcset=\"https:\/\/ruoungoai68.com\/wp-content\/uploads\/2023\/11\/ruou-vang-uc-68-dragon-version-1.jpg 1080w, https:\/\/ruoungoai68.com\/wp-content\/uploads\/2023\/11\/ruou-vang-uc-68-dragon-version-1-768x768.jpg 768w, https:\/\/ruoungoai68.com\/wp-content\/uploads\/2023\/11\/ruou-vang-uc-68-dragon-version-1-510x510.jpg 510w, https:\/\/ruoungoai68.com\/wp-content\/uploads\/2023\/11\/ruou-vang-uc-68-dragon-version-1-100x100.jpg 100w\" alt=\"R\u01b0\u1ee3u vang \u00dac 68 Dragon Version\" width=\"659\" height=\"659\" \/><\/span><figcaption id=\"caption-attachment-15424\" class=\"wp-caption-text\"><span style=\"font-size: 130%;\">R\u01b0\u1ee3u vang \u00dac 68 Dragon Version thu h\u00fat s\u1ef1 ch\u00fa \u00fd c\u1ee7a ng\u01b0\u1eddi ti\u00eau d\u00f9ng kh\u00f4ng ch\u1ec9 b\u1edfi ch\u1ea5t l\u01b0\u1ee3ng t\u1ed1t m\u00e0 c\u00f2n b\u1edfi nguy\u00ean nh\u00e2n th\u00fa v\u1ecb \u0111\u1eb1ng sau th\u01b0\u01a1ng hi\u1ec7u<\/span><\/figcaption><\/figure>\n<p><span style=\"font-size: 130%;\"><strong>R\u01b0\u1ee3u vang \u00dac 68 Dragon Version<\/strong>\u00a0thu h\u00fat s\u1ef1 ch\u00fa \u00fd c\u1ee7a ng\u01b0\u1eddi ti\u00eau d\u00f9ng kh\u00f4ng ch\u1ec9 b\u1edfi ch\u1ea5t l\u01b0\u1ee3ng t\u1ed1t m\u00e0 c\u00f2n b\u1edfi nguy\u00ean nh\u00e2n th\u00fa v\u1ecb \u0111\u1eb1ng sau th\u01b0\u01a1ng hi\u1ec7u. \u00dac n\u1ed5i ti\u1ebfng v\u1edbi v\u00f9ng nho ch\u1ea5t l\u01b0\u1ee3ng cao v\u00e0 \u0111i\u1ec1u ki\u1ec7n kh\u00ed h\u1eadu l\u00fd t\u01b0\u1edfng, t\u1eeb \u0111\u00f3 t\u1ea1o ra nh\u1eefng tr\u00e1i nho ch\u00edn mu\u1ed3i v\u00e0 ngon m\u1ef9 m\u00e3n. Quy tr\u00ecnh ch\u0103m s\u00f3c nho v\u00e0 s\u1ea3n xu\u1ea5t r\u01b0\u1ee3u vang t\u1ea1i \u00dac c\u0169ng \u0111\u01b0\u1ee3c \u0111\u00e1nh gi\u00e1 cao v\u1ec1 s\u1ef1 c\u00f4ng phu v\u00e0 hi\u1ec7n \u0111\u1ea1i.<\/span><\/p>\n<p><span style=\"font-size: 130%;\"><strong>2. S\u1ef1 Phong Ph\u00fa V\u1ec1 H\u01b0\u01a1ng V\u1ecb v\u00e0 M\u00e0u S\u1eafc<\/strong><\/span><\/p>\n<figure id=\"attachment_15425\" class=\"wp-caption aligncenter\" aria-describedby=\"caption-attachment-15425\"><span style=\"font-size: 130%;\"><img loading=\"lazy\" decoding=\"async\" class=\" wp-image-15425\" title=\"R\u01b0\u1ee3u Vang \u00dac 68 Dragon Version\" src=\"https:\/\/ruoungoai68.com\/wp-content\/uploads\/2023\/11\/ruou-vang-uc-68-dragon-version-2.jpg\" sizes=\"auto, (max-width: 719px) 100vw, 719px\" srcset=\"https:\/\/ruoungoai68.com\/wp-content\/uploads\/2023\/11\/ruou-vang-uc-68-dragon-version-2.jpg 1280w, https:\/\/ruoungoai68.com\/wp-content\/uploads\/2023\/11\/ruou-vang-uc-68-dragon-version-2-768x512.jpg 768w, https:\/\/ruoungoai68.com\/wp-content\/uploads\/2023\/11\/ruou-vang-uc-68-dragon-version-2-510x340.jpg 510w\" alt=\"R\u01b0\u1ee3u vang \u00dac 68 Dragon Version\" width=\"719\" height=\"480\" \/><\/span><figcaption id=\"caption-attachment-15425\" class=\"wp-caption-text\"><span style=\"font-size: 130%;\">H\u1ed9p g\u1ed7 6 chai sang tr\u1ecdng l\u1ecbch s\u1ef1 th\u00edch h\u1ee3p l\u00e0m qu\u00e0 bi\u1ebfu<\/span><\/figcaption><\/figure>\n<p><span style=\"font-size: 130%;\"><strong>R\u01b0\u1ee3u vang \u00dac 68 Dragon Version<\/strong>\u00a0n\u1ed5i b\u1eadt v\u1edbi s\u1ef1 phong ph\u00fa v\u1ec1 h\u01b0\u01a1ng v\u1ecb v\u00e0 m\u00e0u s\u1eafc. V\u1edbi m\u00e0u \u0111\u1ecf \u0111\u1eadm quy\u1ebfn r\u0169, h\u01b0\u01a1ng th\u01a1m ph\u1ee9c h\u1ee3p c\u1ee7a tr\u00e1i c\u00e2y ch\u00edn m\u1ecdng v\u00e0 gia v\u1ecb, c\u00f9ng v\u1edbi v\u1ecb ch\u00e1t d\u1ecbu nh\u1eb9 v\u00e0 h\u1eadu v\u1ecb k\u00e9o d\u00e0i, lo\u1ea1i r\u01b0\u1ee3u vang n\u00e0y mang l\u1ea1i tr\u1ea3i nghi\u1ec7m th\u01b0\u1edfng th\u1ee9c tuy\u1ec7t v\u1eddi cho ng\u01b0\u1eddi y\u00eau th\u00edch h\u1ea3o h\u1ea1ng.<\/span><\/p>\n<p>&nbsp;<\/p>\n<p><span style=\"font-size: 130%;\"><strong>3. Quy Tr\u00ecnh S\u1ea3n Xu\u1ea5t \u0110\u1ed9c \u0110\u00e1o<\/strong><\/span><\/p>\n<figure id=\"attachment_15426\" class=\"wp-caption aligncenter\" aria-describedby=\"caption-attachment-15426\"><span style=\"font-size: 130%;\"><img loading=\"lazy\" decoding=\"async\" class=\" wp-image-15426\" title=\"R\u01b0\u1ee3u Vang \u00dac 68 Dragon Version\" src=\"https:\/\/ruoungoai68.com\/wp-content\/uploads\/2023\/11\/ruou-vang-uc-68-dragon-version-3.jpg\" sizes=\"auto, (max-width: 871px) 100vw, 871px\" srcset=\"https:\/\/ruoungoai68.com\/wp-content\/uploads\/2023\/11\/ruou-vang-uc-68-dragon-version-3.jpg 1280w, https:\/\/ruoungoai68.com\/wp-content\/uploads\/2023\/11\/ruou-vang-uc-68-dragon-version-3-768x512.jpg 768w, https:\/\/ruoungoai68.com\/wp-content\/uploads\/2023\/11\/ruou-vang-uc-68-dragon-version-3-510x340.jpg 510w\" alt=\"R\u01b0\u1ee3u vang \u00dac 68 Dragon Version\" width=\"871\" height=\"581\" \/><\/span><figcaption id=\"caption-attachment-15426\" class=\"wp-caption-text\"><span style=\"font-size: 130%;\">C\u1eb7p \u0111\u00f4i R\u01b0\u1ee3u vang \u00dac 68 Dragon Version tr\u00f4ng r\u1ea5t b\u1eaft m\u1eaft v\u00e0 \u0111\u1eb9p \u0111\u1ebd<\/span><\/figcaption><\/figure>\n<p><span style=\"font-size: 130%;\">Quy tr\u00ecnh s\u1ea3n xu\u1ea5t\u00a0<strong>R\u01b0\u1ee3u Vang \u00dac 68 Dragon Version<\/strong> tu\u00e2n theo nh\u1eefng ph\u01b0\u01a1ng ph\u00e1p truy\u1ec1n th\u1ed1ng k\u1ebft h\u1ee3p c\u00f9ng c\u00f4ng ngh\u1ec7 hi\u1ec7n \u0111\u1ea1i, t\u1eeb vi\u1ec7c l\u1ef1a ch\u1ecdn nho, \u00e9p nho, l\u00ean men cho \u0111\u1ebfn \u1ee7 r\u01b0\u1ee3u, m\u1ed7i b\u01b0\u1edbc \u0111\u1ec1u \u0111\u01b0\u1ee3c th\u1ef1c hi\u1ec7n m\u1ed9t c\u00e1ch c\u1ea9n th\u1eadn v\u00e0 t\u1ec9 m\u1ec9. \u0110i\u1ec1u n\u00e0y gi\u00fap t\u1ea1o ra s\u1ea3n ph\u1ea9m cu\u1ed1i c\u00f9ng c\u00f3 ch\u1ea5t l\u01b0\u1ee3ng cao v\u00e0 \u0111\u1ed9 \u0111\u1eb7c bi\u1ec7t trong t\u1eebng gi\u1ecdt r\u01b0\u1ee3u.<\/span><\/p>\n<p>&nbsp;<\/p>\n<p><span style=\"font-size: 130%;\"><strong>4. C\u00e1ch B\u1ea3o Qu\u1ea3n v\u00e0 Th\u01b0\u1edfng Th\u1ee9c R\u01b0\u1ee3u Vang \u00dac 68 Dragon Version<\/strong><\/span><\/p>\n<figure id=\"attachment_15427\" class=\"wp-caption aligncenter\" aria-describedby=\"caption-attachment-15427\"><span style=\"font-size: 130%;\"><img loading=\"lazy\" decoding=\"async\" class=\" wp-image-15427\" title=\"R\u01b0\u1ee3u Vang \u00dac 68 Dragon Version\" src=\"https:\/\/ruoungoai68.com\/wp-content\/uploads\/2023\/11\/ruou-vang-uc-68-dragon-version-4.jpg\" sizes=\"auto, (max-width: 888px) 100vw, 888px\" srcset=\"https:\/\/ruoungoai68.com\/wp-content\/uploads\/2023\/11\/ruou-vang-uc-68-dragon-version-4.jpg 1280w, https:\/\/ruoungoai68.com\/wp-content\/uploads\/2023\/11\/ruou-vang-uc-68-dragon-version-4-768x768.jpg 768w, https:\/\/ruoungoai68.com\/wp-content\/uploads\/2023\/11\/ruou-vang-uc-68-dragon-version-4-510x510.jpg 510w, https:\/\/ruoungoai68.com\/wp-content\/uploads\/2023\/11\/ruou-vang-uc-68-dragon-version-4-100x100.jpg 100w\" alt=\"R\u01b0\u1ee3u vang \u00dac 68 Dragon Version\" width=\"888\" height=\"888\" \/><\/span><figcaption id=\"caption-attachment-15427\" class=\"wp-caption-text\"><span style=\"font-size: 130%;\">R\u01b0\u1ee3u vang \u00dac 68 Dragon Version h\u1ee9a h\u1eb9n l\u00e0 m\u1ed9t c\u1eb7p qu\u00e0 t\u1eb7ng kh\u00e1 \u0111\u1eb9p cho t\u1ebft Gi\u00e1p Th\u00ecn 2024<\/span><\/figcaption><\/figure>\n<p><span style=\"font-size: 130%;\">\u0110\u1ec3 \u0111\u1ea3m b\u1ea3o h\u01b0\u01a1ng v\u1ecb v\u00e0 ch\u1ea5t l\u01b0\u1ee3ng t\u1ed1t nh\u1ea5t, vi\u1ec7c b\u1ea3o qu\u1ea3n\u00a0<strong>r\u01b0\u1ee3u vang \u00dac 68 Dragon Version<\/strong>\u00a0c\u0169ng \u0111\u00f2i h\u1ecfi s\u1ef1 ch\u0103m s\u00f3c k\u1ef9 l\u01b0\u1ee1ng. N\u00ean l\u01b0u tr\u1eef r\u01b0\u1ee3u vang \u1edf nhi\u1ec7t \u0111\u1ed9 v\u00e0 \u0111\u1ed9 \u1ea9m \u1ed5n \u0111\u1ecbnh, tr\u00e1nh \u00e1nh n\u1eafng tr\u1ef1c ti\u1ebfp v\u00e0 rung \u0111\u1ed9ng m\u1ea1nh. Khi th\u01b0\u1edfng th\u1ee9c, h\u00e3y r\u00f3t r\u01b0\u1ee3u v\u00e0o ly decanter v\u00e0 \u0111\u1ec3 trong kho\u1ea3ng 30 ph\u00fat tr\u01b0\u1edbc khi u\u1ed1ng \u0111\u1ec3 r\u01b0\u1ee3u c\u00f3 th\u1ec3 \u201cth\u1edf\u201d v\u00e0 h\u01b0\u01a1ng v\u1ecb \u0111\u01b0\u1ee3c t\u1ed1i \u01b0u h\u00f3a.<\/span><\/p>\n","protected":false},"excerpt":{"rendered":"<table style=\"border-collapse: collapse; width: 100%; height: 152px;\">\n<tbody>\n<tr style=\"height: 21px;\">\n<td style=\"width: 50%; height: 21px;\">Xu\u1ea5t x\u1ee9<\/td>\n<td style=\"width: 50%; height: 21px;\">\u00dac<\/td>\n<\/tr>\n<tr style=\"height: 21px;\">\n<td style=\"width: 50%; height: 21px;\">Ph\u00e2n lo\u1ea1i<\/td>\n<td style=\"width: 50%; height: 21px;\">Vang \u0111\u1ecf<\/td>\n<\/tr>\n<tr style=\"height: 21px;\">\n<td style=\"width: 50%; height: 21px;\">N\u1ed3ng \u0111\u1ed9<\/td>\n<td style=\"width: 50%; height: 21px;\">14,5 %<\/td>\n<\/tr>\n<tr style=\"height: 21px;\">\n<td style=\"width: 50%; height: 22px;\">Dung t\u00edch<\/td>\n<td style=\"width: 50%; height: 22px;\">\u00a0750ml<\/td>\n<\/tr>\n<tr style=\"height: 21px;\">\n<td style=\"width: 50%; height: 21px;\">Gi\u1ed1ng nho<\/td>\n<td style=\"width: 50%; height: 21px;\">Syrah, Tempranillo<\/td>\n<\/tr>\n<tr style=\"height: 21px;\">\n<td style=\"width: 50%; height: 21px;\">Th\u01b0\u01a1ng hi\u1ec7u<\/td>\n<td style=\"width: 50%; height: 21px;\">68 Dragon<\/td>\n<\/tr>\n<tr style=\"height: 21px;\">\n<td style=\"width: 50%; height: 25px;\">Ni\u00ean v\u1ee5<\/td>\n<td style=\"width: 50%; height: 25px;\">2020<\/td>\n<\/tr>\n<\/tbody>\n<\/table>\n<p>&nbsp;<\/p>\n","protected":false},"featured_media":1291,"comment_status":"closed","ping_status":"closed","template":"","meta":{"_acf_changed":false},"product_brand":[],"product_cat":[27,26,83,62,199],"product_tag":[325,319,184,318,197,323,324],"class_list":{"0":"post-1290","1":"product","2":"type-product","3":"status-publish","4":"has-post-thumbnail","6":"product_cat-ruou-vang","7":"product_cat-san-pham-noi-bat","8":"product_cat-syrah","9":"product_cat-vang-do","10":"product_cat-vang-uc","11":"product_tag-68-dragon-version","12":"product_tag-ruou-vang-2024","13":"product_tag-ruou-vang-gia-re","14":"product_tag-ruou-vang-rong","15":"product_tag-vang-do","16":"product_tag-vang-rong","17":"product_tag-vang-uc","19":"first","20":"instock","21":"shipping-taxable","22":"product-type-simple"},"acf":[],"yoast_head":"<!-- This site is optimized with the Yoast SEO plugin v26.8 - https:\/\/yoast.com\/product\/yoast-seo-wordpress\/ -->\n<title>R\u01b0\u1ee3u vang \u00dac 68 Dragon Version - R.WINE<\/title>\n<meta name=\"robots\" content=\"noindex, follow\" \/>\n<meta property=\"og:locale\" content=\"vi_VN\" \/>\n<meta property=\"og:type\" content=\"article\" \/>\n<meta property=\"og:title\" content=\"R\u01b0\u1ee3u vang \u00dac 68 Dragon Version - R.WINE\" \/>\n<meta property=\"og:description\" content=\"Xu\u1ea5t x\u1ee9 \u00dac   Ph\u00e2n lo\u1ea1i Vang \u0111\u1ecf   N\u1ed3ng \u0111\u1ed9 14,5 %   Dung t\u00edch \u00a0750ml   Gi\u1ed1ng nho Syrah, Tempranillo   Th\u01b0\u01a1ng hi\u1ec7u 68 Dragon   Ni\u00ean v\u1ee5 2020    &nbsp;\" \/>\n<meta property=\"og:url\" content=\"https:\/\/rwinevietnam.com\/home\/ruou-vang-uc-68-dragon-version\/\" \/>\n<meta property=\"og:site_name\" content=\"R.WINE\" \/>\n<meta property=\"article:modified_time\" content=\"2024-01-01T17:25:29+00:00\" \/>\n<meta property=\"og:image\" content=\"https:\/\/rwinevietnam.com\/home\/wp-content\/uploads\/2024\/01\/IMG_6994.jpeg\" \/>\n\t<meta property=\"og:image:width\" content=\"1536\" \/>\n\t<meta property=\"og:image:height\" content=\"2048\" \/>\n\t<meta property=\"og:image:type\" content=\"image\/jpeg\" \/>\n<meta name=\"twitter:card\" content=\"summary_large_image\" \/>\n<script type=\"application\/ld+json\" class=\"yoast-schema-graph\">{\"@context\":\"https:\/\/schema.org\",\"@graph\":[{\"@type\":\"WebPage\",\"@id\":\"https:\/\/rwinevietnam.com\/home\/ruou-vang-uc-68-dragon-version\/\",\"url\":\"https:\/\/rwinevietnam.com\/home\/ruou-vang-uc-68-dragon-version\/\",\"name\":\"R\u01b0\u1ee3u vang \u00dac 68 Dragon Version - R.WINE\",\"isPartOf\":{\"@id\":\"https:\/\/rwinevietnam.com\/home\/#website\"},\"primaryImageOfPage\":{\"@id\":\"https:\/\/rwinevietnam.com\/home\/ruou-vang-uc-68-dragon-version\/#primaryimage\"},\"image\":{\"@id\":\"https:\/\/rwinevietnam.com\/home\/ruou-vang-uc-68-dragon-version\/#primaryimage\"},\"thumbnailUrl\":\"https:\/\/rwinevietnam.com\/home\/wp-content\/uploads\/2024\/01\/IMG_6994.jpeg\",\"datePublished\":\"2024-01-01T17:14:39+00:00\",\"dateModified\":\"2024-01-01T17:25:29+00:00\",\"breadcrumb\":{\"@id\":\"https:\/\/rwinevietnam.com\/home\/ruou-vang-uc-68-dragon-version\/#breadcrumb\"},\"inLanguage\":\"vi\",\"potentialAction\":[{\"@type\":\"ReadAction\",\"target\":[\"https:\/\/rwinevietnam.com\/home\/ruou-vang-uc-68-dragon-version\/\"]}]},{\"@type\":\"ImageObject\",\"inLanguage\":\"vi\",\"@id\":\"https:\/\/rwinevietnam.com\/home\/ruou-vang-uc-68-dragon-version\/#primaryimage\",\"url\":\"https:\/\/rwinevietnam.com\/home\/wp-content\/uploads\/2024\/01\/IMG_6994.jpeg\",\"contentUrl\":\"https:\/\/rwinevietnam.com\/home\/wp-content\/uploads\/2024\/01\/IMG_6994.jpeg\",\"width\":1536,\"height\":2048},{\"@type\":\"BreadcrumbList\",\"@id\":\"https:\/\/rwinevietnam.com\/home\/ruou-vang-uc-68-dragon-version\/#breadcrumb\",\"itemListElement\":[{\"@type\":\"ListItem\",\"position\":1,\"name\":\"Trang ch\u1ee7\",\"item\":\"https:\/\/rwinevietnam.com\/home\/\"},{\"@type\":\"ListItem\",\"position\":2,\"name\":\"S\u1ea3n ph\u1ea9m\",\"item\":\"https:\/\/rwinevietnam.com\/home\/san-pham\/\"},{\"@type\":\"ListItem\",\"position\":3,\"name\":\"R\u01b0\u1ee3u vang \u00dac 68 Dragon Version\"}]},{\"@type\":\"WebSite\",\"@id\":\"https:\/\/rwinevietnam.com\/home\/#website\",\"url\":\"https:\/\/rwinevietnam.com\/home\/\",\"name\":\"R.WINE\",\"description\":\"C\u00d4NG TY C\u1ed4 PH\u1ea6N XU\u1ea4T KH\u1ea8U NH\u1eacP KH\u1ea8U\",\"potentialAction\":[{\"@type\":\"SearchAction\",\"target\":{\"@type\":\"EntryPoint\",\"urlTemplate\":\"https:\/\/rwinevietnam.com\/home\/?s={search_term_string}\"},\"query-input\":{\"@type\":\"PropertyValueSpecification\",\"valueRequired\":true,\"valueName\":\"search_term_string\"}}],\"inLanguage\":\"vi\"}]}<\/script>\n<!-- \/ Yoast SEO plugin. -->","yoast_head_json":{"title":"R\u01b0\u1ee3u vang \u00dac 68 Dragon Version - R.WINE","robots":{"index":"noindex","follow":"follow"},"og_locale":"vi_VN","og_type":"article","og_title":"R\u01b0\u1ee3u vang \u00dac 68 Dragon Version - R.WINE","og_description":"Xu\u1ea5t x\u1ee9 \u00dac   Ph\u00e2n lo\u1ea1i Vang \u0111\u1ecf   N\u1ed3ng \u0111\u1ed9 14,5 %   Dung t\u00edch \u00a0750ml   Gi\u1ed1ng nho Syrah, Tempranillo   Th\u01b0\u01a1ng hi\u1ec7u 68 Dragon   Ni\u00ean v\u1ee5 2020    &nbsp;","og_url":"https:\/\/rwinevietnam.com\/home\/ruou-vang-uc-68-dragon-version\/","og_site_name":"R.WINE","article_modified_time":"2024-01-01T17:25:29+00:00","og_image":[{"width":1536,"height":2048,"url":"https:\/\/rwinevietnam.com\/home\/wp-content\/uploads\/2024\/01\/IMG_6994.jpeg","type":"image\/jpeg"}],"twitter_card":"summary_large_image","schema":{"@context":"https:\/\/schema.org","@graph":[{"@type":"WebPage","@id":"https:\/\/rwinevietnam.com\/home\/ruou-vang-uc-68-dragon-version\/","url":"https:\/\/rwinevietnam.com\/home\/ruou-vang-uc-68-dragon-version\/","name":"R\u01b0\u1ee3u vang \u00dac 68 Dragon Version - R.WINE","isPartOf":{"@id":"https:\/\/rwinevietnam.com\/home\/#website"},"primaryImageOfPage":{"@id":"https:\/\/rwinevietnam.com\/home\/ruou-vang-uc-68-dragon-version\/#primaryimage"},"image":{"@id":"https:\/\/rwinevietnam.com\/home\/ruou-vang-uc-68-dragon-version\/#primaryimage"},"thumbnailUrl":"https:\/\/rwinevietnam.com\/home\/wp-content\/uploads\/2024\/01\/IMG_6994.jpeg","datePublished":"2024-01-01T17:14:39+00:00","dateModified":"2024-01-01T17:25:29+00:00","breadcrumb":{"@id":"https:\/\/rwinevietnam.com\/home\/ruou-vang-uc-68-dragon-version\/#breadcrumb"},"inLanguage":"vi","potentialAction":[{"@type":"ReadAction","target":["https:\/\/rwinevietnam.com\/home\/ruou-vang-uc-68-dragon-version\/"]}]},{"@type":"ImageObject","inLanguage":"vi","@id":"https:\/\/rwinevietnam.com\/home\/ruou-vang-uc-68-dragon-version\/#primaryimage","url":"https:\/\/rwinevietnam.com\/home\/wp-content\/uploads\/2024\/01\/IMG_6994.jpeg","contentUrl":"https:\/\/rwinevietnam.com\/home\/wp-content\/uploads\/2024\/01\/IMG_6994.jpeg","width":1536,"height":2048},{"@type":"BreadcrumbList","@id":"https:\/\/rwinevietnam.com\/home\/ruou-vang-uc-68-dragon-version\/#breadcrumb","itemListElement":[{"@type":"ListItem","position":1,"name":"Trang ch\u1ee7","item":"https:\/\/rwinevietnam.com\/home\/"},{"@type":"ListItem","position":2,"name":"S\u1ea3n ph\u1ea9m","item":"https:\/\/rwinevietnam.com\/home\/san-pham\/"},{"@type":"ListItem","position":3,"name":"R\u01b0\u1ee3u vang \u00dac 68 Dragon Version"}]},{"@type":"WebSite","@id":"https:\/\/rwinevietnam.com\/home\/#website","url":"https:\/\/rwinevietnam.com\/home\/","name":"R.WINE","description":"C\u00d4NG TY C\u1ed4 PH\u1ea6N XU\u1ea4T KH\u1ea8U NH\u1eacP KH\u1ea8U","potentialAction":[{"@type":"SearchAction","target":{"@type":"EntryPoint","urlTemplate":"https:\/\/rwinevietnam.com\/home\/?s={search_term_string}"},"query-input":{"@type":"PropertyValueSpecification","valueRequired":true,"valueName":"search_term_string"}}],"inLanguage":"vi"}]}},"_links":{"self":[{"href":"https:\/\/rwinevietnam.com\/home\/wp-json\/wp\/v2\/product\/1290","targetHints":{"allow":["GET"]}}],"collection":[{"href":"https:\/\/rwinevietnam.com\/home\/wp-json\/wp\/v2\/product"}],"about":[{"href":"https:\/\/rwinevietnam.com\/home\/wp-json\/wp\/v2\/types\/product"}],"replies":[{"embeddable":true,"href":"https:\/\/rwinevietnam.com\/home\/wp-json\/wp\/v2\/comments?post=1290"}],"wp:featuredmedia":[{"embeddable":true,"href":"https:\/\/rwinevietnam.com\/home\/wp-json\/wp\/v2\/media\/1291"}],"wp:attachment":[{"href":"https:\/\/rwinevietnam.com\/home\/wp-json\/wp\/v2\/media?parent=1290"}],"wp:term":[{"taxonomy":"product_brand","embeddable":true,"href":"https:\/\/rwinevietnam.com\/home\/wp-json\/wp\/v2\/product_brand?post=1290"},{"taxonomy":"product_cat","embeddable":true,"href":"https:\/\/rwinevietnam.com\/home\/wp-json\/wp\/v2\/product_cat?post=1290"},{"taxonomy":"product_tag","embeddable":true,"href":"https:\/\/rwinevietnam.com\/home\/wp-json\/wp\/v2\/product_tag?post=1290"}],"curies":[{"name":"wp","href":"https:\/\/api.w.org\/{rel}","templated":true}]}}