{"id":1198,"date":"2023-11-13T14:28:00","date_gmt":"2023-11-13T14:28:00","guid":{"rendered":"https:\/\/rwinevietnam.com\/home\/?post_type=product&#038;p=1198"},"modified":"2023-11-13T14:40:19","modified_gmt":"2023-11-13T14:40:19","slug":"bia-hoegaarden-rosee","status":"publish","type":"product","link":"https:\/\/rwinevietnam.com\/home\/bia-hoegaarden-rosee\/","title":{"rendered":"Bia Hoegaarden Ros\u00e9e"},"content":{"rendered":"<h3><strong>\u0110\u00f4i n\u00e9t v\u1ec1 th\u01b0\u01a1ng hi\u1ec7u Hoegaarden<\/strong><\/h3>\n<ul>\n<li>Hoegaarden \u0111\u01b0\u1ee3c ra m\u1eaft l\u1ea7n \u0111\u1ea7u t\u1ea1i B\u1ec9 n\u0103m 1445, l\u00e0 th\u01b0\u01a1ng hi\u1ec7u bia ch\u1ea5t l\u01b0\u1ee3ng h\u00e0ng \u0111\u1ea7u th\u1ebf gi\u1edbi c\u00f3 l\u1ecbch s\u1eed l\u00e2u \u0111\u1eddi v\u00e0 h\u01b0\u01a1ng v\u1ecb \u0111\u1eb7c tr\u01b0ng, h\u1ea3o h\u1ea1ng \u0111\u01b0\u1ee3c y\u00eau th\u00edch tr\u00ean th\u1ebf gi\u1edbi.<\/li>\n<li>Bia \u0111\u01b0\u1ee3c l\u00e0m t\u1eeb nh\u1eefng nguy\u00ean li\u1ec7u th\u01b0\u1ee3ng h\u1ea1ng ch\u00e2u \u00c2u, k\u1ebft h\u1ee3p m\u1edbi l\u1ea1 \u0111\u1ed9c \u0111\u00e1o, c\u00f4ng ngh\u1ec7 s\u1ea3n xu\u1ea5t hi\u1ec7n \u0111\u1ea1i, \u0111\u1ea3m b\u1ea3o mang \u0111\u1ebfn nh\u1eefng s\u1ea3n ph\u1ea9m ch\u1ea5t l\u01b0\u1ee3ng cho nh\u1eefng ng\u01b0\u1eddi y\u00eau bia tr\u00ean th\u1ebf gi\u1edbi<br \/>\n<img loading=\"lazy\" decoding=\"async\" class=\"aligncenter  wp-image-1200\" src=\"https:\/\/rwinevietnam.com\/home\/wp-content\/uploads\/2023\/11\/bia-hoegaarden-rosee-248ml-202202191123256737.jpg\" alt=\"\" width=\"649\" height=\"487\" srcset=\"https:\/\/rwinevietnam.com\/home\/wp-content\/uploads\/2023\/11\/bia-hoegaarden-rosee-248ml-202202191123256737.jpg 1024w, https:\/\/rwinevietnam.com\/home\/wp-content\/uploads\/2023\/11\/bia-hoegaarden-rosee-248ml-202202191123256737-300x225.jpg 300w, https:\/\/rwinevietnam.com\/home\/wp-content\/uploads\/2023\/11\/bia-hoegaarden-rosee-248ml-202202191123256737-768x576.jpg 768w, https:\/\/rwinevietnam.com\/home\/wp-content\/uploads\/2023\/11\/bia-hoegaarden-rosee-248ml-202202191123256737-600x450.jpg 600w\" sizes=\"auto, (max-width: 649px) 100vw, 649px\" \/><\/li>\n<\/ul>\n<h3><strong>Th\u00e0nh ph\u1ea7n dinh d\u01b0\u1ee1ng trong s\u1ea3n ph\u1ea9m<\/strong><\/h3>\n<ul>\n<li>Th\u00e0nh ph\u1ea7n bia \u0111\u01b0\u1ee3c l\u00e0m t\u1eeb c\u00e1c nguy\u00ean li\u1ec7u t\u1ef1 nhi\u00ean, tuy\u1ec3n ch\u1ecdn ch\u1ea5t l\u01b0\u1ee3ng t\u1eeb l\u00faa m\u00ec, l\u00faa m\u1ea1ch, h\u1ea1t rau m\u00f9i, hoa bia, c\u00f9ng ph\u00fac b\u1ed3n t\u1eed, t\u1ea1o ra h\u01b0\u01a1ng v\u1ecb v\u00e0 m\u00e0u s\u1eafc b\u1eaft m\u1eaft<\/li>\n<li>Bia ch\u1ee9a 3.3% l\u00e0 ethanol c\u00f9ng v\u1edbi \u0111\u00f3 l\u00e0 r\u1ea5t nhi\u1ec1u lo\u1ea1i acid amin v\u00e0 men t\u1ed1t cho s\u1ee9c kh\u1ecfe<\/li>\n<li>Bia c\u00f3 m\u1ee9c n\u0103ng l\u01b0\u1ee3ng kho\u1ea3ng 100-115 calo m\u1ed7i chai 248ml<\/li>\n<\/ul>\n<h3><strong>T\u00e1c d\u1ee5ng c\u1ee7a s\u1ea3n ph\u1ea9m v\u1edbi s\u1ee9c kh\u1ecfe<\/strong><\/h3>\n<ul>\n<li>Gi\u00fap c\u01a1 th\u1ec3 gi\u1ea3m c\u0103ng th\u1eb3ng, m\u1ec7t m\u1ecfi<\/li>\n<li>T\u0103ng c\u01b0\u1eddng s\u1ee9c kh\u1ecfe x\u01b0\u01a1ng<\/li>\n<li>Gi\u00fap gi\u1ea3m nguy c\u01a1 m\u1eafc b\u1ec7nh tim, ung th\u01b0 tuy\u1ebfn ti\u1ec1n li\u1ec7t, \u0111\u1ed9t qu\u1ef5 v\u00e0 m\u1ed9t s\u1ed1 b\u1ec7nh nguy hi\u1ec3m kh\u00e1c<\/li>\n<li>L\u00e0m \u0111\u1eb9p da, \u0111\u1eb9p t\u00f3c<\/li>\n<li>Gi\u1ea3m s\u1ecfi th\u1eadn<\/li>\n<li>T\u0103ng c\u01b0\u1eddng tr\u00ed n\u00e3o<\/li>\n<\/ul>\n","protected":false},"excerpt":{"rendered":"<table style=\"border-collapse: collapse; width: 100%; height: 147px;\">\n<tbody>\n<tr style=\"height: 21px;\">\n<td style=\"width: 50%; height: 21px;\"><\/td>\n<td style=\"width: 50%; height: 21px;\"><\/td>\n<\/tr>\n<tr style=\"height: 21px;\">\n<td style=\"width: 50%; height: 21px;\">Ph\u00e2n lo\u1ea1i<\/td>\n<td style=\"width: 50%; height: 21px;\">Bia<\/td>\n<\/tr>\n<tr style=\"height: 21px;\">\n<td style=\"width: 50%; height: 21px;\">N\u1ed3ng \u0111\u1ed9<\/td>\n<td style=\"width: 50%; height: 21px;\">3%<\/td>\n<\/tr>\n<tr style=\"height: 21px;\">\n<td style=\"width: 50%; height: 21px;\">Dung t\u00edch<\/td>\n<td style=\"width: 50%; height: 21px;\">248ml<\/td>\n<\/tr>\n<tr style=\"height: 21px;\">\n<td style=\"width: 50%; height: 21px;\"><\/td>\n<td style=\"width: 50%; height: 21px;\"><\/td>\n<\/tr>\n<tr style=\"height: 21px;\">\n<td style=\"width: 50%; height: 21px;\"><\/td>\n<td style=\"width: 50%; height: 21px;\"><\/td>\n<\/tr>\n<tr style=\"height: 21px;\">\n<td style=\"width: 50%; height: 21px;\"><\/td>\n<td style=\"width: 50%; height: 21px;\"><\/td>\n<\/tr>\n<\/tbody>\n<\/table>\n<p>&nbsp;<\/p>\n","protected":false},"featured_media":1199,"comment_status":"closed","ping_status":"closed","template":"","meta":{"_acf_changed":false},"product_brand":[],"product_cat":[35,26],"product_tag":[306,165,307,164],"class_list":{"0":"post-1198","1":"product","2":"type-product","3":"status-publish","4":"has-post-thumbnail","6":"product_cat-bia-nhap-khau","7":"product_cat-san-pham-noi-bat","8":"product_tag-bia","9":"product_tag-bia-bi","10":"product_tag-bia-gia-re","11":"product_tag-bia-hoegaarden-rosee","13":"first","14":"instock","15":"shipping-taxable","16":"product-type-simple"},"acf":[],"yoast_head":"<!-- This site is optimized with the Yoast SEO plugin v26.8 - https:\/\/yoast.com\/product\/yoast-seo-wordpress\/ -->\n<title>Bia Hoegaarden Ros\u00e9e - R.WINE<\/title>\n<meta name=\"robots\" content=\"noindex, follow\" \/>\n<meta property=\"og:locale\" content=\"vi_VN\" \/>\n<meta property=\"og:type\" content=\"article\" \/>\n<meta property=\"og:title\" content=\"Bia Hoegaarden Ros\u00e9e - R.WINE\" \/>\n<meta property=\"og:description\" content=\"Ph\u00e2n lo\u1ea1i Bia   N\u1ed3ng \u0111\u1ed9 3%   Dung t\u00edch 248ml                &nbsp;\" \/>\n<meta property=\"og:url\" content=\"https:\/\/rwinevietnam.com\/home\/bia-hoegaarden-rosee\/\" \/>\n<meta property=\"og:site_name\" content=\"R.WINE\" \/>\n<meta property=\"article:modified_time\" content=\"2023-11-13T14:40:19+00:00\" \/>\n<meta property=\"og:image\" content=\"https:\/\/rwinevietnam.com\/home\/wp-content\/uploads\/2023\/11\/364686214_225877577100639_4406301759379449154_n.jpg\" \/>\n\t<meta property=\"og:image:width\" content=\"1536\" \/>\n\t<meta property=\"og:image:height\" content=\"2048\" \/>\n\t<meta property=\"og:image:type\" content=\"image\/jpeg\" \/>\n<meta name=\"twitter:card\" content=\"summary_large_image\" \/>\n<script type=\"application\/ld+json\" class=\"yoast-schema-graph\">{\"@context\":\"https:\/\/schema.org\",\"@graph\":[{\"@type\":\"WebPage\",\"@id\":\"https:\/\/rwinevietnam.com\/home\/bia-hoegaarden-rosee\/\",\"url\":\"https:\/\/rwinevietnam.com\/home\/bia-hoegaarden-rosee\/\",\"name\":\"Bia Hoegaarden Ros\u00e9e - R.WINE\",\"isPartOf\":{\"@id\":\"https:\/\/rwinevietnam.com\/home\/#website\"},\"primaryImageOfPage\":{\"@id\":\"https:\/\/rwinevietnam.com\/home\/bia-hoegaarden-rosee\/#primaryimage\"},\"image\":{\"@id\":\"https:\/\/rwinevietnam.com\/home\/bia-hoegaarden-rosee\/#primaryimage\"},\"thumbnailUrl\":\"https:\/\/rwinevietnam.com\/home\/wp-content\/uploads\/2023\/11\/364686214_225877577100639_4406301759379449154_n.jpg\",\"datePublished\":\"2023-11-13T14:28:00+00:00\",\"dateModified\":\"2023-11-13T14:40:19+00:00\",\"breadcrumb\":{\"@id\":\"https:\/\/rwinevietnam.com\/home\/bia-hoegaarden-rosee\/#breadcrumb\"},\"inLanguage\":\"vi\",\"potentialAction\":[{\"@type\":\"ReadAction\",\"target\":[\"https:\/\/rwinevietnam.com\/home\/bia-hoegaarden-rosee\/\"]}]},{\"@type\":\"ImageObject\",\"inLanguage\":\"vi\",\"@id\":\"https:\/\/rwinevietnam.com\/home\/bia-hoegaarden-rosee\/#primaryimage\",\"url\":\"https:\/\/rwinevietnam.com\/home\/wp-content\/uploads\/2023\/11\/364686214_225877577100639_4406301759379449154_n.jpg\",\"contentUrl\":\"https:\/\/rwinevietnam.com\/home\/wp-content\/uploads\/2023\/11\/364686214_225877577100639_4406301759379449154_n.jpg\",\"width\":1536,\"height\":2048},{\"@type\":\"BreadcrumbList\",\"@id\":\"https:\/\/rwinevietnam.com\/home\/bia-hoegaarden-rosee\/#breadcrumb\",\"itemListElement\":[{\"@type\":\"ListItem\",\"position\":1,\"name\":\"Trang ch\u1ee7\",\"item\":\"https:\/\/rwinevietnam.com\/home\/\"},{\"@type\":\"ListItem\",\"position\":2,\"name\":\"S\u1ea3n ph\u1ea9m\",\"item\":\"https:\/\/rwinevietnam.com\/home\/san-pham\/\"},{\"@type\":\"ListItem\",\"position\":3,\"name\":\"Bia Hoegaarden Ros\u00e9e\"}]},{\"@type\":\"WebSite\",\"@id\":\"https:\/\/rwinevietnam.com\/home\/#website\",\"url\":\"https:\/\/rwinevietnam.com\/home\/\",\"name\":\"R.WINE\",\"description\":\"C\u00d4NG TY C\u1ed4 PH\u1ea6N XU\u1ea4T KH\u1ea8U NH\u1eacP KH\u1ea8U\",\"potentialAction\":[{\"@type\":\"SearchAction\",\"target\":{\"@type\":\"EntryPoint\",\"urlTemplate\":\"https:\/\/rwinevietnam.com\/home\/?s={search_term_string}\"},\"query-input\":{\"@type\":\"PropertyValueSpecification\",\"valueRequired\":true,\"valueName\":\"search_term_string\"}}],\"inLanguage\":\"vi\"}]}<\/script>\n<!-- \/ Yoast SEO plugin. -->","yoast_head_json":{"title":"Bia Hoegaarden Ros\u00e9e - R.WINE","robots":{"index":"noindex","follow":"follow"},"og_locale":"vi_VN","og_type":"article","og_title":"Bia Hoegaarden Ros\u00e9e - R.WINE","og_description":"Ph\u00e2n lo\u1ea1i Bia   N\u1ed3ng \u0111\u1ed9 3%   Dung t\u00edch 248ml                &nbsp;","og_url":"https:\/\/rwinevietnam.com\/home\/bia-hoegaarden-rosee\/","og_site_name":"R.WINE","article_modified_time":"2023-11-13T14:40:19+00:00","og_image":[{"width":1536,"height":2048,"url":"https:\/\/rwinevietnam.com\/home\/wp-content\/uploads\/2023\/11\/364686214_225877577100639_4406301759379449154_n.jpg","type":"image\/jpeg"}],"twitter_card":"summary_large_image","schema":{"@context":"https:\/\/schema.org","@graph":[{"@type":"WebPage","@id":"https:\/\/rwinevietnam.com\/home\/bia-hoegaarden-rosee\/","url":"https:\/\/rwinevietnam.com\/home\/bia-hoegaarden-rosee\/","name":"Bia Hoegaarden Ros\u00e9e - R.WINE","isPartOf":{"@id":"https:\/\/rwinevietnam.com\/home\/#website"},"primaryImageOfPage":{"@id":"https:\/\/rwinevietnam.com\/home\/bia-hoegaarden-rosee\/#primaryimage"},"image":{"@id":"https:\/\/rwinevietnam.com\/home\/bia-hoegaarden-rosee\/#primaryimage"},"thumbnailUrl":"https:\/\/rwinevietnam.com\/home\/wp-content\/uploads\/2023\/11\/364686214_225877577100639_4406301759379449154_n.jpg","datePublished":"2023-11-13T14:28:00+00:00","dateModified":"2023-11-13T14:40:19+00:00","breadcrumb":{"@id":"https:\/\/rwinevietnam.com\/home\/bia-hoegaarden-rosee\/#breadcrumb"},"inLanguage":"vi","potentialAction":[{"@type":"ReadAction","target":["https:\/\/rwinevietnam.com\/home\/bia-hoegaarden-rosee\/"]}]},{"@type":"ImageObject","inLanguage":"vi","@id":"https:\/\/rwinevietnam.com\/home\/bia-hoegaarden-rosee\/#primaryimage","url":"https:\/\/rwinevietnam.com\/home\/wp-content\/uploads\/2023\/11\/364686214_225877577100639_4406301759379449154_n.jpg","contentUrl":"https:\/\/rwinevietnam.com\/home\/wp-content\/uploads\/2023\/11\/364686214_225877577100639_4406301759379449154_n.jpg","width":1536,"height":2048},{"@type":"BreadcrumbList","@id":"https:\/\/rwinevietnam.com\/home\/bia-hoegaarden-rosee\/#breadcrumb","itemListElement":[{"@type":"ListItem","position":1,"name":"Trang ch\u1ee7","item":"https:\/\/rwinevietnam.com\/home\/"},{"@type":"ListItem","position":2,"name":"S\u1ea3n ph\u1ea9m","item":"https:\/\/rwinevietnam.com\/home\/san-pham\/"},{"@type":"ListItem","position":3,"name":"Bia Hoegaarden Ros\u00e9e"}]},{"@type":"WebSite","@id":"https:\/\/rwinevietnam.com\/home\/#website","url":"https:\/\/rwinevietnam.com\/home\/","name":"R.WINE","description":"C\u00d4NG TY C\u1ed4 PH\u1ea6N XU\u1ea4T KH\u1ea8U NH\u1eacP KH\u1ea8U","potentialAction":[{"@type":"SearchAction","target":{"@type":"EntryPoint","urlTemplate":"https:\/\/rwinevietnam.com\/home\/?s={search_term_string}"},"query-input":{"@type":"PropertyValueSpecification","valueRequired":true,"valueName":"search_term_string"}}],"inLanguage":"vi"}]}},"_links":{"self":[{"href":"https:\/\/rwinevietnam.com\/home\/wp-json\/wp\/v2\/product\/1198","targetHints":{"allow":["GET"]}}],"collection":[{"href":"https:\/\/rwinevietnam.com\/home\/wp-json\/wp\/v2\/product"}],"about":[{"href":"https:\/\/rwinevietnam.com\/home\/wp-json\/wp\/v2\/types\/product"}],"replies":[{"embeddable":true,"href":"https:\/\/rwinevietnam.com\/home\/wp-json\/wp\/v2\/comments?post=1198"}],"wp:featuredmedia":[{"embeddable":true,"href":"https:\/\/rwinevietnam.com\/home\/wp-json\/wp\/v2\/media\/1199"}],"wp:attachment":[{"href":"https:\/\/rwinevietnam.com\/home\/wp-json\/wp\/v2\/media?parent=1198"}],"wp:term":[{"taxonomy":"product_brand","embeddable":true,"href":"https:\/\/rwinevietnam.com\/home\/wp-json\/wp\/v2\/product_brand?post=1198"},{"taxonomy":"product_cat","embeddable":true,"href":"https:\/\/rwinevietnam.com\/home\/wp-json\/wp\/v2\/product_cat?post=1198"},{"taxonomy":"product_tag","embeddable":true,"href":"https:\/\/rwinevietnam.com\/home\/wp-json\/wp\/v2\/product_tag?post=1198"}],"curies":[{"name":"wp","href":"https:\/\/api.w.org\/{rel}","templated":true}]}}