{"id":1189,"date":"2023-11-13T11:23:28","date_gmt":"2023-11-13T11:23:28","guid":{"rendered":"https:\/\/rwinevietnam.com\/home\/?post_type=product&#038;p=1189"},"modified":"2023-11-13T11:26:18","modified_gmt":"2023-11-13T11:26:18","slug":"ruou-vang-y-cavatina-strawberry-vang-sui","status":"publish","type":"product","link":"https:\/\/rwinevietnam.com\/home\/ruou-vang-y-cavatina-strawberry-vang-sui\/","title":{"rendered":"R\u01b0\u1ee3u Vang\u00a0\u00dd Cavatina Strawberry vang s\u1ee7i"},"content":{"rendered":"<p>Cavatina Strawberry \u0111\u01b0\u1ee3c s\u1ea3n xu\u1ea5t t\u1ea1i v\u00f9ng Veneto \u2013 m\u1ed9t trong nh\u1eefng khu v\u1ef1c h\u00e0ng \u0111\u1ea7u c\u1ee7a Italy v\u1ec1 s\u1ed1 l\u01b0\u1ee3ng v\u00e0 ch\u1ea5t l\u01b0\u1ee3ng s\u1ea3n xu\u1ea5t r\u01b0\u1ee3u vang. \u0110\u00e2y l\u00e0 m\u1ed9t khu v\u1ef1c c\u00f3 c\u00e1c d\u00e3y n\u00fai l\u1edbn, c\u1ee5 th\u1ec3 l\u00e0 d\u00e3y n\u00fai An-P\u01a1 v\u00e0 Pre-Alps, khu v\u1ef1c \u0111\u1ed3i n\u00fai r\u1ed9ng l\u1edbn v\u00e0 m\u1ed9t khu v\u1ef1c b\u1eb1ng ph\u1eb3ng r\u1ed9ng l\u1edbn, \u0111\u1ed3ng b\u1eb1ng Po, bao ph\u1ee7 m\u1ed9t ph\u1ea7n t\u1ed1t c\u1ee7a to\u00e0n b\u1ed9 khu v\u1ef1c. S\u1ef1 hi\u1ec7n di\u1ec7n c\u1ee7a c\u00e1c d\u00e3y n\u00fai n\u00e0y v\u00e0 ph\u1ea7n l\u1edbn c\u1ee7a \u0111\u1ed3ng b\u1eb1ng c\u00f3 ngh\u0129a l\u00e0 c\u00f3 s\u1ef1 kh\u00e1c bi\u1ec7t \u0111\u00e1ng k\u1ec3 v\u1ec1 nhi\u1ec7t \u0111\u1ed9 gi\u1eefa m\u00f9a h\u00e8 v\u00e0 m\u00f9a \u0111\u00f4ng, gi\u1ea3m nh\u1eb9 \u1edf v\u00f9ng l\u00e2n c\u1eadn h\u1ed3 Garda \u0111\u1eb7c bi\u1ec7t l\u00e0 trong m\u00f9a h\u00e8 n\u00f3ng b\u1ee9c. \u0110i\u1ec1u n\u00e0y t\u1ea1o ra c\u00e1c thi\u1ebft l\u1eadp ho\u00e0n h\u1ea3o cho vi\u1ec7c tr\u1ed3ng nho, mang l\u1ea1i h\u01b0\u01a1ng vang \u0111\u1eb7c bi\u1ec7t cho Cavatina Strawberry.<\/p>\n<p>&nbsp;<\/p>\n<p><img loading=\"lazy\" decoding=\"async\" class=\"aligncenter  wp-image-1191\" src=\"https:\/\/rwinevietnam.com\/home\/wp-content\/uploads\/2023\/11\/IMG_6366-768x1024.jpeg\" alt=\"\" width=\"314\" height=\"419\" srcset=\"https:\/\/rwinevietnam.com\/home\/wp-content\/uploads\/2023\/11\/IMG_6366-768x1024.jpeg 768w, https:\/\/rwinevietnam.com\/home\/wp-content\/uploads\/2023\/11\/IMG_6366-225x300.jpeg 225w, https:\/\/rwinevietnam.com\/home\/wp-content\/uploads\/2023\/11\/IMG_6366-1152x1536.jpeg 1152w, https:\/\/rwinevietnam.com\/home\/wp-content\/uploads\/2023\/11\/IMG_6366-300x400.jpeg 300w, https:\/\/rwinevietnam.com\/home\/wp-content\/uploads\/2023\/11\/IMG_6366-600x800.jpeg 600w, https:\/\/rwinevietnam.com\/home\/wp-content\/uploads\/2023\/11\/IMG_6366.jpeg 1536w\" sizes=\"auto, (max-width: 314px) 100vw, 314px\" \/><\/p>\n<p>&nbsp;<\/p>\n<p>\u0110\u00d4I N\u00c9T V\u1ec0 R\u01af\u1ee2U VANG CAVATINA STRAWBERRY<\/p>\n<p>Cavatina Strawberry l\u00e0 chai vang s\u1ee7i c\u00f3 m\u00e0u hoa h\u1ed3ng. N\u00f3 c\u00f3 m\u1ed9t m\u00f9i h\u01b0\u01a1ng m\u00e3nh li\u1ec7t v\u00e0 th\u01a1m v\u1edbi h\u01b0\u01a1ng th\u01a1m d\u00e2u t\u00e2y tinh t\u1ebf. Tr\u00ean v\u00f2m mi\u1ec7ng n\u00f3 \u0111\u01b0\u1ee3c c\u00e2n b\u1eb1ng v\u1edbi m\u1ed9t ch\u00fat ng\u1ecdt ng\u00e0o, ch\u1ee9a \u0111\u1ef1ng h\u01b0\u01a1ng v\u1ecb th\u01a1m ngon v\u00e0 dai d\u1eb3ng, c\u00f9ng v\u1edbi h\u01b0\u01a1ng th\u01a1m n\u1ed3ng n\u00e0n c\u1ee7a d\u00e2u t\u00e2y. V\u1edbi m\u1ed9t n\u1ed3ng \u0111\u1ed9 v\u1eeba ph\u1ea3i 7.5%, r\u01b0\u1ee3u mang \u0111\u1ebfn c\u1ea3m gi\u00e1c khoan kho\u00e1i v\u00e0 d\u1ec5 ch\u1ecbu cho ng\u01b0\u1eddi th\u01b0\u1edfng th\u1ee9c.<\/p>\n<p>R\u01af\u1ee2U VANGCAVATINA STRAWBERRY K\u1ebeT H\u1ee2P HO\u00c0N H\u1ea2O V\u1edaI M\u00d3N \u0102N G\u00cc?<\/p>\n<p>K\u1ebft h\u1ee3p \u1ea9m th\u1ef1c: h\u00e0i h\u00f2a khi k\u1ebft h\u1ee3p v\u1edbi c\u00e1c m\u00f3n tr\u00e1ng mi\u1ec7ng tr\u00e1i c\u00e2y \u0111\u1eb7c bi\u1ec7t l\u00e0 v\u1edbi b\u00e1nh kh\u00f4 v\u00e0 Macedonian v\u00e0 m\u1ed9t s\u1ed1 pho m\u00e1t c\u1ee9ng Th\u1ee5y S\u1ef9. B\u00ean c\u1ea1nh \u0111\u00f3. c\u00f3 th\u1ec3 d\u00f9ng chai vang n\u00e0y nh\u01b0 m\u1ed9t lo\u1ea1i r\u01b0\u1ee3u khai v\u1ecb.<\/p>\n<p>&nbsp;<\/p>\n","protected":false},"excerpt":{"rendered":"<table style=\"border-collapse: collapse; width: 100%; height: 147px;\">\n<tbody>\n<tr style=\"height: 21px;\">\n<td style=\"width: 50%; height: 21px;\">Xu\u1ea5t x\u1ee9<\/td>\n<td style=\"width: 50%; height: 21px;\">\u00dd<\/td>\n<\/tr>\n<tr style=\"height: 21px;\">\n<td style=\"width: 50%; height: 21px;\">Ph\u00e2n lo\u1ea1i<\/td>\n<td style=\"width: 50%; height: 21px;\">Vang s\u1ee7i<\/td>\n<\/tr>\n<tr style=\"height: 21px;\">\n<td style=\"width: 50%; height: 21px;\">N\u1ed3ng \u0111\u1ed9<\/td>\n<td style=\"width: 50%; height: 21px;\">7,5%<\/td>\n<\/tr>\n<tr style=\"height: 21px;\">\n<td style=\"width: 50%; height: 21px;\">Dung t\u00edch<\/td>\n<td style=\"width: 50%; height: 21px;\">\u00a0750ml<\/td>\n<\/tr>\n<tr style=\"height: 21px;\">\n<td style=\"width: 50%; height: 21px;\">Gi\u1ed1ng nho<\/td>\n<td style=\"width: 50%; height: 21px;\">Blend<\/td>\n<\/tr>\n<tr style=\"height: 21px;\">\n<td style=\"width: 50%; height: 21px;\"><\/td>\n<td style=\"width: 50%; height: 21px;\"><\/td>\n<\/tr>\n<tr style=\"height: 21px;\">\n<td style=\"width: 50%; height: 21px;\"><\/td>\n<td style=\"width: 50%; height: 21px;\"><\/td>\n<\/tr>\n<\/tbody>\n<\/table>\n<p>&nbsp;<\/p>\n","protected":false},"featured_media":1190,"comment_status":"closed","ping_status":"closed","template":"","meta":{"_acf_changed":false},"product_brand":[],"product_cat":[205,27,26,67,29],"product_tag":[296,184,297,247,232,153],"class_list":{"0":"post-1189","1":"product","2":"type-product","3":"status-publish","4":"has-post-thumbnail","6":"product_cat-blend","7":"product_cat-ruou-vang","8":"product_cat-san-pham-noi-bat","9":"product_cat-vang-no","10":"product_cat-vang-y","11":"product_tag-cavatina-strawberry","12":"product_tag-ruou-vang-gia-re","13":"product_tag-vang-dau","14":"product_tag-vang-ngot","15":"product_tag-vang-sui","16":"product_tag-vang-y","18":"first","19":"instock","20":"shipping-taxable","21":"product-type-simple"},"acf":[],"yoast_head":"<!-- This site is optimized with the Yoast SEO plugin v26.8 - https:\/\/yoast.com\/product\/yoast-seo-wordpress\/ -->\n<title>R\u01b0\u1ee3u Vang\u00a0\u00dd Cavatina Strawberry vang s\u1ee7i - R.WINE<\/title>\n<meta name=\"robots\" content=\"noindex, follow\" \/>\n<meta property=\"og:locale\" content=\"vi_VN\" \/>\n<meta property=\"og:type\" content=\"article\" \/>\n<meta property=\"og:title\" content=\"R\u01b0\u1ee3u Vang\u00a0\u00dd Cavatina Strawberry vang s\u1ee7i - R.WINE\" \/>\n<meta property=\"og:description\" content=\"Xu\u1ea5t x\u1ee9 \u00dd   Ph\u00e2n lo\u1ea1i Vang s\u1ee7i   N\u1ed3ng \u0111\u1ed9 7,5%   Dung t\u00edch \u00a0750ml   Gi\u1ed1ng nho Blend            &nbsp;\" \/>\n<meta property=\"og:url\" content=\"https:\/\/rwinevietnam.com\/home\/ruou-vang-y-cavatina-strawberry-vang-sui\/\" \/>\n<meta property=\"og:site_name\" content=\"R.WINE\" \/>\n<meta property=\"article:modified_time\" content=\"2023-11-13T11:26:18+00:00\" \/>\n<meta property=\"og:image\" content=\"https:\/\/rwinevietnam.com\/home\/wp-content\/uploads\/2023\/11\/IMG_6365.jpeg\" \/>\n\t<meta property=\"og:image:width\" content=\"1536\" \/>\n\t<meta property=\"og:image:height\" content=\"2048\" \/>\n\t<meta property=\"og:image:type\" content=\"image\/jpeg\" \/>\n<meta name=\"twitter:card\" content=\"summary_large_image\" \/>\n<script type=\"application\/ld+json\" class=\"yoast-schema-graph\">{\"@context\":\"https:\/\/schema.org\",\"@graph\":[{\"@type\":\"WebPage\",\"@id\":\"https:\/\/rwinevietnam.com\/home\/ruou-vang-y-cavatina-strawberry-vang-sui\/\",\"url\":\"https:\/\/rwinevietnam.com\/home\/ruou-vang-y-cavatina-strawberry-vang-sui\/\",\"name\":\"R\u01b0\u1ee3u Vang\u00a0\u00dd Cavatina Strawberry vang s\u1ee7i - R.WINE\",\"isPartOf\":{\"@id\":\"https:\/\/rwinevietnam.com\/home\/#website\"},\"primaryImageOfPage\":{\"@id\":\"https:\/\/rwinevietnam.com\/home\/ruou-vang-y-cavatina-strawberry-vang-sui\/#primaryimage\"},\"image\":{\"@id\":\"https:\/\/rwinevietnam.com\/home\/ruou-vang-y-cavatina-strawberry-vang-sui\/#primaryimage\"},\"thumbnailUrl\":\"https:\/\/rwinevietnam.com\/home\/wp-content\/uploads\/2023\/11\/IMG_6365.jpeg\",\"datePublished\":\"2023-11-13T11:23:28+00:00\",\"dateModified\":\"2023-11-13T11:26:18+00:00\",\"breadcrumb\":{\"@id\":\"https:\/\/rwinevietnam.com\/home\/ruou-vang-y-cavatina-strawberry-vang-sui\/#breadcrumb\"},\"inLanguage\":\"vi\",\"potentialAction\":[{\"@type\":\"ReadAction\",\"target\":[\"https:\/\/rwinevietnam.com\/home\/ruou-vang-y-cavatina-strawberry-vang-sui\/\"]}]},{\"@type\":\"ImageObject\",\"inLanguage\":\"vi\",\"@id\":\"https:\/\/rwinevietnam.com\/home\/ruou-vang-y-cavatina-strawberry-vang-sui\/#primaryimage\",\"url\":\"https:\/\/rwinevietnam.com\/home\/wp-content\/uploads\/2023\/11\/IMG_6365.jpeg\",\"contentUrl\":\"https:\/\/rwinevietnam.com\/home\/wp-content\/uploads\/2023\/11\/IMG_6365.jpeg\",\"width\":1536,\"height\":2048},{\"@type\":\"BreadcrumbList\",\"@id\":\"https:\/\/rwinevietnam.com\/home\/ruou-vang-y-cavatina-strawberry-vang-sui\/#breadcrumb\",\"itemListElement\":[{\"@type\":\"ListItem\",\"position\":1,\"name\":\"Trang ch\u1ee7\",\"item\":\"https:\/\/rwinevietnam.com\/home\/\"},{\"@type\":\"ListItem\",\"position\":2,\"name\":\"S\u1ea3n ph\u1ea9m\",\"item\":\"https:\/\/rwinevietnam.com\/home\/san-pham\/\"},{\"@type\":\"ListItem\",\"position\":3,\"name\":\"R\u01b0\u1ee3u Vang\u00a0\u00dd Cavatina Strawberry vang s\u1ee7i\"}]},{\"@type\":\"WebSite\",\"@id\":\"https:\/\/rwinevietnam.com\/home\/#website\",\"url\":\"https:\/\/rwinevietnam.com\/home\/\",\"name\":\"R.WINE\",\"description\":\"C\u00d4NG TY C\u1ed4 PH\u1ea6N XU\u1ea4T KH\u1ea8U NH\u1eacP KH\u1ea8U\",\"potentialAction\":[{\"@type\":\"SearchAction\",\"target\":{\"@type\":\"EntryPoint\",\"urlTemplate\":\"https:\/\/rwinevietnam.com\/home\/?s={search_term_string}\"},\"query-input\":{\"@type\":\"PropertyValueSpecification\",\"valueRequired\":true,\"valueName\":\"search_term_string\"}}],\"inLanguage\":\"vi\"}]}<\/script>\n<!-- \/ Yoast SEO plugin. -->","yoast_head_json":{"title":"R\u01b0\u1ee3u Vang\u00a0\u00dd Cavatina Strawberry vang s\u1ee7i - R.WINE","robots":{"index":"noindex","follow":"follow"},"og_locale":"vi_VN","og_type":"article","og_title":"R\u01b0\u1ee3u Vang\u00a0\u00dd Cavatina Strawberry vang s\u1ee7i - R.WINE","og_description":"Xu\u1ea5t x\u1ee9 \u00dd   Ph\u00e2n lo\u1ea1i Vang s\u1ee7i   N\u1ed3ng \u0111\u1ed9 7,5%   Dung t\u00edch \u00a0750ml   Gi\u1ed1ng nho Blend            &nbsp;","og_url":"https:\/\/rwinevietnam.com\/home\/ruou-vang-y-cavatina-strawberry-vang-sui\/","og_site_name":"R.WINE","article_modified_time":"2023-11-13T11:26:18+00:00","og_image":[{"width":1536,"height":2048,"url":"https:\/\/rwinevietnam.com\/home\/wp-content\/uploads\/2023\/11\/IMG_6365.jpeg","type":"image\/jpeg"}],"twitter_card":"summary_large_image","schema":{"@context":"https:\/\/schema.org","@graph":[{"@type":"WebPage","@id":"https:\/\/rwinevietnam.com\/home\/ruou-vang-y-cavatina-strawberry-vang-sui\/","url":"https:\/\/rwinevietnam.com\/home\/ruou-vang-y-cavatina-strawberry-vang-sui\/","name":"R\u01b0\u1ee3u Vang\u00a0\u00dd Cavatina Strawberry vang s\u1ee7i - R.WINE","isPartOf":{"@id":"https:\/\/rwinevietnam.com\/home\/#website"},"primaryImageOfPage":{"@id":"https:\/\/rwinevietnam.com\/home\/ruou-vang-y-cavatina-strawberry-vang-sui\/#primaryimage"},"image":{"@id":"https:\/\/rwinevietnam.com\/home\/ruou-vang-y-cavatina-strawberry-vang-sui\/#primaryimage"},"thumbnailUrl":"https:\/\/rwinevietnam.com\/home\/wp-content\/uploads\/2023\/11\/IMG_6365.jpeg","datePublished":"2023-11-13T11:23:28+00:00","dateModified":"2023-11-13T11:26:18+00:00","breadcrumb":{"@id":"https:\/\/rwinevietnam.com\/home\/ruou-vang-y-cavatina-strawberry-vang-sui\/#breadcrumb"},"inLanguage":"vi","potentialAction":[{"@type":"ReadAction","target":["https:\/\/rwinevietnam.com\/home\/ruou-vang-y-cavatina-strawberry-vang-sui\/"]}]},{"@type":"ImageObject","inLanguage":"vi","@id":"https:\/\/rwinevietnam.com\/home\/ruou-vang-y-cavatina-strawberry-vang-sui\/#primaryimage","url":"https:\/\/rwinevietnam.com\/home\/wp-content\/uploads\/2023\/11\/IMG_6365.jpeg","contentUrl":"https:\/\/rwinevietnam.com\/home\/wp-content\/uploads\/2023\/11\/IMG_6365.jpeg","width":1536,"height":2048},{"@type":"BreadcrumbList","@id":"https:\/\/rwinevietnam.com\/home\/ruou-vang-y-cavatina-strawberry-vang-sui\/#breadcrumb","itemListElement":[{"@type":"ListItem","position":1,"name":"Trang ch\u1ee7","item":"https:\/\/rwinevietnam.com\/home\/"},{"@type":"ListItem","position":2,"name":"S\u1ea3n ph\u1ea9m","item":"https:\/\/rwinevietnam.com\/home\/san-pham\/"},{"@type":"ListItem","position":3,"name":"R\u01b0\u1ee3u Vang\u00a0\u00dd Cavatina Strawberry vang s\u1ee7i"}]},{"@type":"WebSite","@id":"https:\/\/rwinevietnam.com\/home\/#website","url":"https:\/\/rwinevietnam.com\/home\/","name":"R.WINE","description":"C\u00d4NG TY C\u1ed4 PH\u1ea6N XU\u1ea4T KH\u1ea8U NH\u1eacP KH\u1ea8U","potentialAction":[{"@type":"SearchAction","target":{"@type":"EntryPoint","urlTemplate":"https:\/\/rwinevietnam.com\/home\/?s={search_term_string}"},"query-input":{"@type":"PropertyValueSpecification","valueRequired":true,"valueName":"search_term_string"}}],"inLanguage":"vi"}]}},"_links":{"self":[{"href":"https:\/\/rwinevietnam.com\/home\/wp-json\/wp\/v2\/product\/1189","targetHints":{"allow":["GET"]}}],"collection":[{"href":"https:\/\/rwinevietnam.com\/home\/wp-json\/wp\/v2\/product"}],"about":[{"href":"https:\/\/rwinevietnam.com\/home\/wp-json\/wp\/v2\/types\/product"}],"replies":[{"embeddable":true,"href":"https:\/\/rwinevietnam.com\/home\/wp-json\/wp\/v2\/comments?post=1189"}],"wp:featuredmedia":[{"embeddable":true,"href":"https:\/\/rwinevietnam.com\/home\/wp-json\/wp\/v2\/media\/1190"}],"wp:attachment":[{"href":"https:\/\/rwinevietnam.com\/home\/wp-json\/wp\/v2\/media?parent=1189"}],"wp:term":[{"taxonomy":"product_brand","embeddable":true,"href":"https:\/\/rwinevietnam.com\/home\/wp-json\/wp\/v2\/product_brand?post=1189"},{"taxonomy":"product_cat","embeddable":true,"href":"https:\/\/rwinevietnam.com\/home\/wp-json\/wp\/v2\/product_cat?post=1189"},{"taxonomy":"product_tag","embeddable":true,"href":"https:\/\/rwinevietnam.com\/home\/wp-json\/wp\/v2\/product_tag?post=1189"}],"curies":[{"name":"wp","href":"https:\/\/api.w.org\/{rel}","templated":true}]}}