{"id":1182,"date":"2023-11-13T11:00:56","date_gmt":"2023-11-13T11:00:56","guid":{"rendered":"https:\/\/rwinevietnam.com\/home\/?post_type=product&#038;p=1182"},"modified":"2023-11-13T11:20:12","modified_gmt":"2023-11-13T11:20:12","slug":"ruou-vang-phap-chateau-petit-faurie-de-soutard","status":"publish","type":"product","link":"https:\/\/rwinevietnam.com\/home\/ruou-vang-phap-chateau-petit-faurie-de-soutard\/","title":{"rendered":"R\u01b0\u1ee3u Vang Ph\u00e1p Ch\u00e2teau Petit Faurie De Soutard"},"content":{"rendered":"<p>&nbsp;<\/p>\n<p><img loading=\"lazy\" decoding=\"async\" class=\"aligncenter wp-image-1184\" src=\"https:\/\/rwinevietnam.com\/home\/wp-content\/uploads\/2023\/11\/IMG_6361-768x1024.jpeg\" alt=\"\" width=\"464\" height=\"619\" srcset=\"https:\/\/rwinevietnam.com\/home\/wp-content\/uploads\/2023\/11\/IMG_6361-768x1024.jpeg 768w, https:\/\/rwinevietnam.com\/home\/wp-content\/uploads\/2023\/11\/IMG_6361-225x300.jpeg 225w, https:\/\/rwinevietnam.com\/home\/wp-content\/uploads\/2023\/11\/IMG_6361-1152x1536.jpeg 1152w, https:\/\/rwinevietnam.com\/home\/wp-content\/uploads\/2023\/11\/IMG_6361-300x400.jpeg 300w, https:\/\/rwinevietnam.com\/home\/wp-content\/uploads\/2023\/11\/IMG_6361-600x800.jpeg 600w, https:\/\/rwinevietnam.com\/home\/wp-content\/uploads\/2023\/11\/IMG_6361.jpeg 1536w\" sizes=\"auto, (max-width: 464px) 100vw, 464px\" \/><\/p>\n<p>&nbsp;<\/p>\n<p>Ch\u00e2teau Petit Faurie De Soutard kh\u00f4ng ng\u1eebng mang \u0111\u1ebfn cho h\u1ec7 th\u1ed1ng r\u01b0\u1ee3u vang n\u01b0\u1edbc Ph\u00e1p v\u1edbi bi\u1ebft bao nh\u1eefng s\u1ea3n ph\u1ea9m r\u01b0\u1ee3u vang s\u00e1ng gi\u00e1 kh\u00e1c nhau. Chai r\u01b0\u1ee3u vang n\u00e0y l\u00e0 m\u1ed9t g\u01b0\u01a1ng m\u1eb7t \u0111i\u1ec3n h\u00ecnh ti\u00eau bi\u1ec3u \u0111\u1ea1i di\u1ec7n cho s\u1ed1 nh\u1eefng chai vang \u0111\u1ecf cao c\u1ea5p c\u1ee7a nh\u00e0 l\u00e0m r\u01b0\u1ee3u c\u00f3 \u0111\u01b0\u1ee3c s\u1ee9c c\u1ea1nh tranh m\u1ea1nh m\u1ebd tr\u00ean th\u1ecb tr\u01b0\u1eddng.<\/p>\n<p>Ra \u0111\u1eddi t\u1eeb v\u00f9ng \u0111\u1ea5t \u0111\u1ea7y h\u1ee9a h\u1eb9n Saint Emilion, chai r\u01b0\u1ee3u vang l\u00e0 th\u00e0nh qu\u1ea3 c\u1ee7a s\u1ef1 k\u1ebf th\u1eeba \u0111\u1ea7y \u0111\u1ee7 nh\u1eefng gi\u00e1 tr\u1ecb m\u00e0 thi\u00ean nhi\u00ean v\u00f9ng \u0111\u1ea5t n\u01a1i \u0111\u00e2y \u0111\u00e3 t\u1ea1o n\u00ean.<\/p>\n<p>Tr\u01b0\u1edfng th\u00e0nh t\u1eeb s\u1ef1 pha tr\u1ed9n c\u1ee7a hai gi\u1ed1ng nho c\u01a1 b\u1ea3n \u0111\u00f3 l\u00e0 nho Cabernet Sauvignon, Cabernet Franc, \u0111i\u1ec1u \u0111\u00f3 l\u00e0m cho h\u01b0\u01a1ng v\u1ecb vang ng\u1ecdt ng\u00e0o \u0111\u1ebfn l\u1ea1.<\/p>\n<p>Ngo\u00e0i ra khi th\u01b0\u1edfng th\u1ee9c vang c\u00f2n c\u00f3 s\u1ef1 ghi ch\u00fa b\u1edfi h\u01b0\u01a1ng v\u1ecb c\u1ee7a d\u00e2u t\u00e2y, \u0111inh h\u01b0\u01a1ng, vi\u1ec7t qu\u1ea5t hay anh \u0111\u00e0o. L\u1ea7n \u0111\u1ea7u ti\u00ean ra m\u1eaft th\u1ecb tr\u01b0\u1eddng, ch\u00ednh h\u00ecnh th\u1ee9c b\u00ean ngo\u00e0i c\u1ee7a chai r\u01b0\u1ee3u vang n\u00e0y c\u0169ng \u0111\u1ee7 \u0111\u1ec3 quy\u1ebfn r\u0169 nh\u1eefng \u00e1nh m\u1eaft nh\u00ecn v\u00e0o s\u1ea3n ph\u1ea9m r\u01b0\u1ee3u vang \u1ea5y.<\/p>\n<p>S\u1edf h\u1eefu c\u1ea5u tr\u00fac vang c\u00e2n b\u1eb1ng v\u1edbi n\u1ed3ng \u0111\u1ed9 c\u1ed3n 15%, \u0111i\u1ec1u \u0111\u00f3 s\u1ebd khi\u1ebfn cho chai r\u01b0\u1ee3u vang \u0111\u1ec3 l\u1ea1i \u1ea5n t\u01b0\u1ee3ng ch\u1eb3ng bao gi\u1edd phai nh\u1ea1t.<\/p>\n<p>\u0110\u1ec3 l\u1ea1nh s\u00e2u trong nhi\u1ec7t \u0111\u1ed9 16 \u2013 18 \u0111\u1ed9 C kho\u1ea3ng tr\u00ean 2 gi\u1edd tr\u01b0\u1edbc khi d\u00f9ng, tr\u01b0\u1edbc khi u\u1ed1ng h\u00e3y m\u1edf chai r\u01b0\u1ee3u \u0111\u1ec3 ti\u1ebfp x\u00fac v\u1edbi kh\u00f4ng kh\u00ed kho\u1ea3ng 30 &#8211; 50 ph\u00fat ho\u1eb7c chuy\u1ec3n sang b\u00ecnh Decanter 20 &#8211; 30 ph\u00fat.\u00a0Lo\u1ea1i r\u01b0\u1ee3u n\u00e0y th\u01b0\u1eddng k\u1ebft h\u1ee3p t\u1ed1t v\u1edbi th\u1ecbt b\u00f2, th\u1ecbt c\u1eebu ho\u1eb7c th\u1ecbt th\u00fa r\u1eebng.<\/p>\n<p>&nbsp;<\/p>\n","protected":false},"excerpt":{"rendered":"<table style=\"border-collapse: collapse; width: 100%; height: 136px;\">\n<tbody>\n<tr style=\"height: 21px;\">\n<td style=\"width: 50%; height: 21px;\">Xu\u1ea5t x\u1ee9<\/td>\n<td style=\"width: 50%; height: 21px;\">Ph\u00e1p<\/td>\n<\/tr>\n<tr style=\"height: 21px;\">\n<td style=\"width: 50%; height: 21px;\">Ph\u00e2n lo\u1ea1i<\/td>\n<td style=\"width: 50%; height: 21px;\">Vang \u0111\u1ecf<\/td>\n<\/tr>\n<tr style=\"height: 21px;\">\n<td style=\"width: 50%; height: 21px;\">N\u1ed3ng \u0111\u1ed9<\/td>\n<td style=\"width: 50%; height: 21px;\">15%<\/td>\n<\/tr>\n<tr style=\"height: 21px;\">\n<td style=\"width: 50%; height: 21px;\">Dung t\u00edch<\/td>\n<td style=\"width: 50%; height: 21px;\">750ml<\/td>\n<\/tr>\n<tr style=\"height: 21px;\">\n<td style=\"width: 50%; height: 21px;\">Gi\u1ed1ng nho<\/td>\n<td style=\"width: 50%; height: 21px;\">Merlot ,Cabernet Franc ,Cabernet<\/td>\n<\/tr>\n<tr style=\"height: 21px;\">\n<td style=\"width: 50%; height: 21px;\">Ni\u00ean v\u1ee5<\/td>\n<td style=\"width: 50%; height: 21px;\">2013<\/td>\n<\/tr>\n<tr style=\"height: 21px;\">\n<td style=\"width: 50%; height: 21px;\"><\/td>\n<td style=\"width: 50%; height: 21px;\"><\/td>\n<\/tr>\n<\/tbody>\n<\/table>\n<p>&nbsp;<\/p>\n","protected":false},"featured_media":1183,"comment_status":"closed","ping_status":"closed","template":"","meta":{"_acf_changed":false},"product_brand":[],"product_cat":[81,291,78,27,26,62,28],"product_tag":[292,294,184,197,247,200],"class_list":{"0":"post-1182","1":"product","2":"type-product","3":"status-publish","4":"has-post-thumbnail","6":"product_cat-cabernet-franc","7":"product_cat-chateau","8":"product_cat-merlot","9":"product_cat-ruou-vang","10":"product_cat-san-pham-noi-bat","11":"product_cat-vang-do","12":"product_cat-vang-phap","13":"product_tag-chateau","14":"product_tag-chateau-petit-faurie-de-soutard","15":"product_tag-ruou-vang-gia-re","16":"product_tag-vang-do","17":"product_tag-vang-ngot","18":"product_tag-vang-phap","20":"first","21":"instock","22":"shipping-taxable","23":"product-type-simple"},"acf":[],"yoast_head":"<!-- This site is optimized with the Yoast SEO plugin v26.8 - https:\/\/yoast.com\/product\/yoast-seo-wordpress\/ -->\n<title>R\u01b0\u1ee3u Vang Ph\u00e1p Ch\u00e2teau Petit Faurie De Soutard - R.WINE<\/title>\n<meta name=\"robots\" content=\"noindex, follow\" \/>\n<meta property=\"og:locale\" content=\"vi_VN\" \/>\n<meta property=\"og:type\" content=\"article\" \/>\n<meta property=\"og:title\" content=\"R\u01b0\u1ee3u Vang Ph\u00e1p Ch\u00e2teau Petit Faurie De Soutard - R.WINE\" \/>\n<meta property=\"og:description\" content=\"Xu\u1ea5t x\u1ee9 Ph\u00e1p   Ph\u00e2n lo\u1ea1i Vang \u0111\u1ecf   N\u1ed3ng \u0111\u1ed9 15%   Dung t\u00edch 750ml   Gi\u1ed1ng nho Merlot ,Cabernet Franc ,Cabernet   Ni\u00ean v\u1ee5 2013        &nbsp;\" \/>\n<meta property=\"og:url\" content=\"https:\/\/rwinevietnam.com\/home\/ruou-vang-phap-chateau-petit-faurie-de-soutard\/\" \/>\n<meta property=\"og:site_name\" content=\"R.WINE\" \/>\n<meta property=\"article:modified_time\" content=\"2023-11-13T11:20:12+00:00\" \/>\n<meta property=\"og:image\" content=\"https:\/\/rwinevietnam.com\/home\/wp-content\/uploads\/2023\/11\/IMG_6360.jpeg\" \/>\n\t<meta property=\"og:image:width\" content=\"1330\" \/>\n\t<meta property=\"og:image:height\" content=\"2365\" \/>\n\t<meta property=\"og:image:type\" content=\"image\/jpeg\" \/>\n<meta name=\"twitter:card\" content=\"summary_large_image\" \/>\n<script type=\"application\/ld+json\" class=\"yoast-schema-graph\">{\"@context\":\"https:\/\/schema.org\",\"@graph\":[{\"@type\":\"WebPage\",\"@id\":\"https:\/\/rwinevietnam.com\/home\/ruou-vang-phap-chateau-petit-faurie-de-soutard\/\",\"url\":\"https:\/\/rwinevietnam.com\/home\/ruou-vang-phap-chateau-petit-faurie-de-soutard\/\",\"name\":\"R\u01b0\u1ee3u Vang Ph\u00e1p Ch\u00e2teau Petit Faurie De Soutard - R.WINE\",\"isPartOf\":{\"@id\":\"https:\/\/rwinevietnam.com\/home\/#website\"},\"primaryImageOfPage\":{\"@id\":\"https:\/\/rwinevietnam.com\/home\/ruou-vang-phap-chateau-petit-faurie-de-soutard\/#primaryimage\"},\"image\":{\"@id\":\"https:\/\/rwinevietnam.com\/home\/ruou-vang-phap-chateau-petit-faurie-de-soutard\/#primaryimage\"},\"thumbnailUrl\":\"https:\/\/rwinevietnam.com\/home\/wp-content\/uploads\/2023\/11\/IMG_6360.jpeg\",\"datePublished\":\"2023-11-13T11:00:56+00:00\",\"dateModified\":\"2023-11-13T11:20:12+00:00\",\"breadcrumb\":{\"@id\":\"https:\/\/rwinevietnam.com\/home\/ruou-vang-phap-chateau-petit-faurie-de-soutard\/#breadcrumb\"},\"inLanguage\":\"vi\",\"potentialAction\":[{\"@type\":\"ReadAction\",\"target\":[\"https:\/\/rwinevietnam.com\/home\/ruou-vang-phap-chateau-petit-faurie-de-soutard\/\"]}]},{\"@type\":\"ImageObject\",\"inLanguage\":\"vi\",\"@id\":\"https:\/\/rwinevietnam.com\/home\/ruou-vang-phap-chateau-petit-faurie-de-soutard\/#primaryimage\",\"url\":\"https:\/\/rwinevietnam.com\/home\/wp-content\/uploads\/2023\/11\/IMG_6360.jpeg\",\"contentUrl\":\"https:\/\/rwinevietnam.com\/home\/wp-content\/uploads\/2023\/11\/IMG_6360.jpeg\",\"width\":1330,\"height\":2365},{\"@type\":\"BreadcrumbList\",\"@id\":\"https:\/\/rwinevietnam.com\/home\/ruou-vang-phap-chateau-petit-faurie-de-soutard\/#breadcrumb\",\"itemListElement\":[{\"@type\":\"ListItem\",\"position\":1,\"name\":\"Trang ch\u1ee7\",\"item\":\"https:\/\/rwinevietnam.com\/home\/\"},{\"@type\":\"ListItem\",\"position\":2,\"name\":\"S\u1ea3n ph\u1ea9m\",\"item\":\"https:\/\/rwinevietnam.com\/home\/san-pham\/\"},{\"@type\":\"ListItem\",\"position\":3,\"name\":\"R\u01b0\u1ee3u Vang Ph\u00e1p Ch\u00e2teau Petit Faurie De Soutard\"}]},{\"@type\":\"WebSite\",\"@id\":\"https:\/\/rwinevietnam.com\/home\/#website\",\"url\":\"https:\/\/rwinevietnam.com\/home\/\",\"name\":\"R.WINE\",\"description\":\"C\u00d4NG TY C\u1ed4 PH\u1ea6N XU\u1ea4T KH\u1ea8U NH\u1eacP KH\u1ea8U\",\"potentialAction\":[{\"@type\":\"SearchAction\",\"target\":{\"@type\":\"EntryPoint\",\"urlTemplate\":\"https:\/\/rwinevietnam.com\/home\/?s={search_term_string}\"},\"query-input\":{\"@type\":\"PropertyValueSpecification\",\"valueRequired\":true,\"valueName\":\"search_term_string\"}}],\"inLanguage\":\"vi\"}]}<\/script>\n<!-- \/ Yoast SEO plugin. -->","yoast_head_json":{"title":"R\u01b0\u1ee3u Vang Ph\u00e1p Ch\u00e2teau Petit Faurie De Soutard - R.WINE","robots":{"index":"noindex","follow":"follow"},"og_locale":"vi_VN","og_type":"article","og_title":"R\u01b0\u1ee3u Vang Ph\u00e1p Ch\u00e2teau Petit Faurie De Soutard - R.WINE","og_description":"Xu\u1ea5t x\u1ee9 Ph\u00e1p   Ph\u00e2n lo\u1ea1i Vang \u0111\u1ecf   N\u1ed3ng \u0111\u1ed9 15%   Dung t\u00edch 750ml   Gi\u1ed1ng nho Merlot ,Cabernet Franc ,Cabernet   Ni\u00ean v\u1ee5 2013        &nbsp;","og_url":"https:\/\/rwinevietnam.com\/home\/ruou-vang-phap-chateau-petit-faurie-de-soutard\/","og_site_name":"R.WINE","article_modified_time":"2023-11-13T11:20:12+00:00","og_image":[{"width":1330,"height":2365,"url":"https:\/\/rwinevietnam.com\/home\/wp-content\/uploads\/2023\/11\/IMG_6360.jpeg","type":"image\/jpeg"}],"twitter_card":"summary_large_image","schema":{"@context":"https:\/\/schema.org","@graph":[{"@type":"WebPage","@id":"https:\/\/rwinevietnam.com\/home\/ruou-vang-phap-chateau-petit-faurie-de-soutard\/","url":"https:\/\/rwinevietnam.com\/home\/ruou-vang-phap-chateau-petit-faurie-de-soutard\/","name":"R\u01b0\u1ee3u Vang Ph\u00e1p Ch\u00e2teau Petit Faurie De Soutard - R.WINE","isPartOf":{"@id":"https:\/\/rwinevietnam.com\/home\/#website"},"primaryImageOfPage":{"@id":"https:\/\/rwinevietnam.com\/home\/ruou-vang-phap-chateau-petit-faurie-de-soutard\/#primaryimage"},"image":{"@id":"https:\/\/rwinevietnam.com\/home\/ruou-vang-phap-chateau-petit-faurie-de-soutard\/#primaryimage"},"thumbnailUrl":"https:\/\/rwinevietnam.com\/home\/wp-content\/uploads\/2023\/11\/IMG_6360.jpeg","datePublished":"2023-11-13T11:00:56+00:00","dateModified":"2023-11-13T11:20:12+00:00","breadcrumb":{"@id":"https:\/\/rwinevietnam.com\/home\/ruou-vang-phap-chateau-petit-faurie-de-soutard\/#breadcrumb"},"inLanguage":"vi","potentialAction":[{"@type":"ReadAction","target":["https:\/\/rwinevietnam.com\/home\/ruou-vang-phap-chateau-petit-faurie-de-soutard\/"]}]},{"@type":"ImageObject","inLanguage":"vi","@id":"https:\/\/rwinevietnam.com\/home\/ruou-vang-phap-chateau-petit-faurie-de-soutard\/#primaryimage","url":"https:\/\/rwinevietnam.com\/home\/wp-content\/uploads\/2023\/11\/IMG_6360.jpeg","contentUrl":"https:\/\/rwinevietnam.com\/home\/wp-content\/uploads\/2023\/11\/IMG_6360.jpeg","width":1330,"height":2365},{"@type":"BreadcrumbList","@id":"https:\/\/rwinevietnam.com\/home\/ruou-vang-phap-chateau-petit-faurie-de-soutard\/#breadcrumb","itemListElement":[{"@type":"ListItem","position":1,"name":"Trang ch\u1ee7","item":"https:\/\/rwinevietnam.com\/home\/"},{"@type":"ListItem","position":2,"name":"S\u1ea3n ph\u1ea9m","item":"https:\/\/rwinevietnam.com\/home\/san-pham\/"},{"@type":"ListItem","position":3,"name":"R\u01b0\u1ee3u Vang Ph\u00e1p Ch\u00e2teau Petit Faurie De Soutard"}]},{"@type":"WebSite","@id":"https:\/\/rwinevietnam.com\/home\/#website","url":"https:\/\/rwinevietnam.com\/home\/","name":"R.WINE","description":"C\u00d4NG TY C\u1ed4 PH\u1ea6N XU\u1ea4T KH\u1ea8U NH\u1eacP KH\u1ea8U","potentialAction":[{"@type":"SearchAction","target":{"@type":"EntryPoint","urlTemplate":"https:\/\/rwinevietnam.com\/home\/?s={search_term_string}"},"query-input":{"@type":"PropertyValueSpecification","valueRequired":true,"valueName":"search_term_string"}}],"inLanguage":"vi"}]}},"_links":{"self":[{"href":"https:\/\/rwinevietnam.com\/home\/wp-json\/wp\/v2\/product\/1182","targetHints":{"allow":["GET"]}}],"collection":[{"href":"https:\/\/rwinevietnam.com\/home\/wp-json\/wp\/v2\/product"}],"about":[{"href":"https:\/\/rwinevietnam.com\/home\/wp-json\/wp\/v2\/types\/product"}],"replies":[{"embeddable":true,"href":"https:\/\/rwinevietnam.com\/home\/wp-json\/wp\/v2\/comments?post=1182"}],"wp:featuredmedia":[{"embeddable":true,"href":"https:\/\/rwinevietnam.com\/home\/wp-json\/wp\/v2\/media\/1183"}],"wp:attachment":[{"href":"https:\/\/rwinevietnam.com\/home\/wp-json\/wp\/v2\/media?parent=1182"}],"wp:term":[{"taxonomy":"product_brand","embeddable":true,"href":"https:\/\/rwinevietnam.com\/home\/wp-json\/wp\/v2\/product_brand?post=1182"},{"taxonomy":"product_cat","embeddable":true,"href":"https:\/\/rwinevietnam.com\/home\/wp-json\/wp\/v2\/product_cat?post=1182"},{"taxonomy":"product_tag","embeddable":true,"href":"https:\/\/rwinevietnam.com\/home\/wp-json\/wp\/v2\/product_tag?post=1182"}],"curies":[{"name":"wp","href":"https:\/\/api.w.org\/{rel}","templated":true}]}}