{"id":1115,"date":"2023-11-02T13:23:38","date_gmt":"2023-11-02T13:23:38","guid":{"rendered":"https:\/\/rwinevietnam.com\/home\/?post_type=product&#038;p=1115"},"modified":"2023-11-02T13:29:25","modified_gmt":"2023-11-02T13:29:25","slug":"ruou-vang-y-collefrisio-appassimento","status":"publish","type":"product","link":"https:\/\/rwinevietnam.com\/home\/ruou-vang-y-collefrisio-appassimento\/","title":{"rendered":"R\u01b0\u1ee3u Vang\u00a0\u00dd Collefrisio Appassimento"},"content":{"rendered":"<p>R\u01b0\u1ee3u Vang\u00a0\u00dd Collefrisio Appassimento\u00a0R\u01b0\u1ee3u vang v\u1edbi h\u01b0\u01a1ng th\u01a1m ng\u00e0o ng\u1ea1t, ch\u00fang n\u1ed5i b\u1eadt c\u1ee7a m\u00f9i hoa qu\u1ea3 ch\u00ed. C\u00f3 th\u1ec3 k\u1ec3 \u0111\u1ebfn nh\u01b0 m\u00e2m x\u00f4i k\u1ebft h\u1ee3p v\u1edbi v\u1ecb socola \u0111\u1eafng. Vang v\u1edbi h\u01b0\u01a1ng v\u1ecb v\u00f4 c\u00f9ng ph\u1ee9c t\u1ea1p v\u00e0 k\u00e9o d\u00e0i, t\u1ea1o \u0111i\u1ec3m nh\u1ea5n ho\u00e0n to\u00e0n l\u00f4i cu\u1ed1n. H\u1eadu v\u1ecb r\u01b0\u1ee3u vang v\u1edbi tannin m\u1ec1m m\u01b0\u1ee3t, \u0111i k\u00e8m c\u00f9ng ch\u00fat d\u01b0 v\u1ecb \u0111\u1eafng c\u00f2n l\u1ea1i m\u00e3i trong v\u00f2m h\u1ecdng. R\u01b0\u1ee3u vang kh\u00e1 th\u00edch h\u1ee3p v\u1edbi nh\u1eefng ai t\u1eebng y\u00eau th\u00edch v\u00e0 b\u1ecb \u1ea5n t\u01b0\u1ee3ng b\u1edfi s\u1ef1 k\u1ebft h\u1ee3p c\u1ee7a nhi\u1ec1u lo\u1ea1i nho: Merlot, Sangiovese, Montepulciano.<\/p>\n<p><img loading=\"lazy\" decoding=\"async\" class=\"aligncenter  wp-image-1117\" src=\"https:\/\/rwinevietnam.com\/home\/wp-content\/uploads\/2023\/11\/IMG_6250-768x1024.jpeg\" alt=\"\" width=\"331\" height=\"442\" srcset=\"https:\/\/rwinevietnam.com\/home\/wp-content\/uploads\/2023\/11\/IMG_6250-768x1024.jpeg 768w, https:\/\/rwinevietnam.com\/home\/wp-content\/uploads\/2023\/11\/IMG_6250-225x300.jpeg 225w, https:\/\/rwinevietnam.com\/home\/wp-content\/uploads\/2023\/11\/IMG_6250-1152x1536.jpeg 1152w, https:\/\/rwinevietnam.com\/home\/wp-content\/uploads\/2023\/11\/IMG_6250-300x400.jpeg 300w, https:\/\/rwinevietnam.com\/home\/wp-content\/uploads\/2023\/11\/IMG_6250-600x800.jpeg 600w, https:\/\/rwinevietnam.com\/home\/wp-content\/uploads\/2023\/11\/IMG_6250.jpeg 1536w\" sizes=\"auto, (max-width: 331px) 100vw, 331px\" \/><\/p>\n<p>&nbsp;<\/p>\n<p>Gi\u1edbi Thi\u1ec7u R\u01b0\u1ee3u Vang \u00dd Collefrisio Appassimento<\/p>\n<p>L\u00e0 m\u1ed9t trong s\u1ed1 nh\u1eefng chai\u00a0vang \u0111\u1ecf\u00a0kh\u00e1 \u1ea5n t\u01b0\u1ee3ng, \u0111\u1eb7c s\u1eafc v\u00e0 th\u00fa v\u1ecb c\u1ee7a \u00dd \u2013 nh\u1eefng chai Appassimento Collefrisio n\u00e0y \u0111em \u0111\u1ebfn cho ng\u01b0\u1eddi th\u01b0\u1edfng th\u1ee9c h\u01b0\u01a1ng v\u1ecb kh\u00e1 \u0111\u1eb7c tr\u01b0ng. S\u1edf h\u1eefu n\u1ed3ng \u0111\u1ed9 c\u1ed3n 14% v\u1eeba \u0111\u1ee7 \u0111\u1ec3 ng\u01b0\u1eddi u\u1ed1ng c\u00f3 th\u1ec3 t\u1eeb t\u1eeb tr\u1ea3i nghi\u1ec7m v\u00e0 c\u1ea3m nh\u1eadn \u0111\u01b0\u1ee3c h\u01b0\u01a1ng v\u1ecb l\u00f4i cu\u1ed1n c\u1ee7a ch\u00fang.<\/p>\n<p>R\u01b0\u1ee3u vang s\u1edf h\u1eefu s\u1eafc \u0111\u1ecf h\u1ed3ng h\u00e0o m\u00e3nh li\u1ec7t v\u1edbi \u00e1nh t\u00edm lung linh, t\u1ea5t c\u1ea3 \u0111em \u0111\u1ebfn tr\u1ea3i nghi\u1ec7m kh\u00e1 \u1ea5n t\u01b0\u1ee3ng v\u00e0 th\u00fa v\u1ecb. Ch\u00ednh \u0111i\u1ec3m nh\u1ea5n n\u00e0y \u0111\u00e3 l\u00e0m ng\u01b0\u1eddi u\u1ed1ng th\u00eam y\u00eau th\u00edch v\u00e0 t\u1ea1o \u0111\u01b0\u1ee3c \u1ea5n t\u01b0\u1ee3ng tuy\u1ec7t v\u1eddi v\u1edbi ng\u01b0\u1eddi d\u00f9ng. R\u01b0\u1ee3u vang v\u1edbi h\u01b0\u01a1ng th\u01a1m ng\u00e0o ng\u1ea1t, ch\u00fang n\u1ed5i b\u1eadt c\u1ee7a m\u00f9i hoa qu\u1ea3 ch\u00ed. C\u00f3 th\u1ec3 k\u1ec3 \u0111\u1ebfn nh\u01b0 m\u00e2m x\u00f4i k\u1ebft h\u1ee3p v\u1edbi v\u1ecb socola \u0111\u1eafng. Vang v\u1edbi h\u01b0\u01a1ng v\u1ecb v\u00f4 c\u00f9ng ph\u1ee9c t\u1ea1p v\u00e0 k\u00e9o d\u00e0i, t\u1ea1o \u0111i\u1ec3m nh\u1ea5n ho\u00e0n to\u00e0n l\u00f4i cu\u1ed1n. H\u1eadu v\u1ecb r\u01b0\u1ee3u vang v\u1edbi tannin m\u1ec1m m\u01b0\u1ee3t, \u0111i k\u00e8m c\u00f9ng ch\u00fat d\u01b0 v\u1ecb \u0111\u1eafng c\u00f2n l\u1ea1i m\u00e3i trong v\u00f2m h\u1ecdng. R\u01b0\u1ee3u vang kh\u00e1 th\u00edch h\u1ee3p v\u1edbi nh\u1eefng ai t\u1eebng y\u00eau th\u00edch v\u00e0 b\u1ecb \u1ea5n t\u01b0\u1ee3ng b\u1edfi s\u1ef1 k\u1ebft h\u1ee3p c\u1ee7a nhi\u1ec1u lo\u1ea1i nho: Merlot, Sangiovese, Montepulciano.<\/p>\n<p>Th\u01b0\u1edfng th\u1ee9c R\u01b0\u1ee3u Vang Appassimento Collefrisio :<\/p>\n<p>\u0110\u1ec3 th\u01b0\u1edfng th\u1ee9c v\u00e0 c\u1ea3m nh\u1eadn h\u01b0\u01a1ng v\u1ecb c\u1ee7a r\u01b0\u1ee3u vang \u00dd, \u0111\u1eebng qu\u00ean \u01b0\u1edbp l\u1ea1nh ch\u00fang \u0111\u1ec3 b\u1ea1n c\u00f3 th\u1ec3 c\u1ea3m nh\u1eadn \u0111\u01b0\u1ee3c v\u1ecb ngon quy\u1ebfn r\u0169 v\u00e0 \u1ea5n t\u01b0\u1ee3ng.<br \/>\nM\u1ed9t s\u1ed1 m\u00f3n \u0103n th\u00edch h\u1ee3p \u0111\u1ec3 nh\u1eb1m t\u00f4 \u0111i\u1ec3m th\u00eam h\u01b0\u01a1ng v\u1ecb cho r\u01b0\u1ee3u vang\u00a0 nh\u01b0 m\u00f3n th\u1ecbt v\u1edbi n\u01b0\u1edbc s\u1ed1t tr\u00e1i c\u00e2y, ho\u1eb7c c\u00e1c m\u00f3n c\u00e0 chua, c\u00e1c m\u00f3n n\u01b0\u1edbng, c\u00e1c lo\u1ea1i th\u1ef1c ph\u1ea9m cay.<\/p>\n","protected":false},"excerpt":{"rendered":"<table style=\"border-collapse: collapse; width: 100%; height: 147px;\">\n<tbody>\n<tr style=\"height: 21px;\">\n<td style=\"width: 50%; height: 21px;\">Xu\u1ea5t x\u1ee9<\/td>\n<td style=\"width: 50%; height: 21px;\">\u00dd<\/td>\n<\/tr>\n<tr style=\"height: 21px;\">\n<td style=\"width: 50%; height: 21px;\">Ph\u00e2n lo\u1ea1i<\/td>\n<td style=\"width: 50%; height: 21px;\">Vang \u0111\u1ecf<\/td>\n<\/tr>\n<tr style=\"height: 21px;\">\n<td style=\"width: 50%; height: 21px;\">N\u1ed3ng \u0111\u1ed9<\/td>\n<td style=\"width: 50%; height: 21px;\">14 %<\/td>\n<\/tr>\n<tr style=\"height: 21px;\">\n<td style=\"width: 50%; height: 21px;\">Dung t\u00edch<\/td>\n<td style=\"width: 50%; height: 21px;\">\u00a0750ml<\/td>\n<\/tr>\n<tr style=\"height: 21px;\">\n<td style=\"width: 50%; height: 21px;\">Gi\u1ed1ng nho<\/td>\n<td style=\"width: 50%; height: 21px;\">Merlot, Sangiovese, Montepulciano.<\/td>\n<\/tr>\n<tr style=\"height: 21px;\">\n<td style=\"width: 50%; height: 21px;\"><\/td>\n<td style=\"width: 50%; height: 21px;\"><\/td>\n<\/tr>\n<tr style=\"height: 21px;\">\n<td style=\"width: 50%; height: 21px;\"><\/td>\n<td style=\"width: 50%; height: 21px;\"><\/td>\n<\/tr>\n<\/tbody>\n<\/table>\n<p>&nbsp;<\/p>\n","protected":false},"featured_media":1116,"comment_status":"closed","ping_status":"closed","template":"","meta":{"_acf_changed":false},"product_brand":[],"product_cat":[78,234,80,27,26,62,29],"product_tag":[260,184,197,153,259],"class_list":{"0":"post-1115","1":"product","2":"type-product","3":"status-publish","4":"has-post-thumbnail","6":"product_cat-merlot","7":"product_cat-montepulciano","8":"product_cat-primitivo","9":"product_cat-ruou-vang","10":"product_cat-san-pham-noi-bat","11":"product_cat-vang-do","12":"product_cat-vang-y","13":"product_tag-collefrisio-appassimento","14":"product_tag-ruou-vang-gia-re","15":"product_tag-vang-do","16":"product_tag-vang-y","17":"product_tag-vang-y-collefrisio-appassimento","19":"first","20":"instock","21":"shipping-taxable","22":"product-type-simple"},"acf":[],"yoast_head":"<!-- This site is optimized with the Yoast SEO plugin v26.8 - https:\/\/yoast.com\/product\/yoast-seo-wordpress\/ -->\n<title>R\u01b0\u1ee3u Vang\u00a0\u00dd Collefrisio Appassimento - R.WINE<\/title>\n<meta name=\"robots\" content=\"noindex, follow\" \/>\n<meta property=\"og:locale\" content=\"vi_VN\" \/>\n<meta property=\"og:type\" content=\"article\" \/>\n<meta property=\"og:title\" content=\"R\u01b0\u1ee3u Vang\u00a0\u00dd Collefrisio Appassimento - R.WINE\" \/>\n<meta property=\"og:description\" content=\"Xu\u1ea5t x\u1ee9 \u00dd   Ph\u00e2n lo\u1ea1i Vang \u0111\u1ecf   N\u1ed3ng \u0111\u1ed9 14 %   Dung t\u00edch \u00a0750ml   Gi\u1ed1ng nho Merlot, Sangiovese, Montepulciano.            &nbsp;\" \/>\n<meta property=\"og:url\" content=\"https:\/\/rwinevietnam.com\/home\/ruou-vang-y-collefrisio-appassimento\/\" \/>\n<meta property=\"og:site_name\" content=\"R.WINE\" \/>\n<meta property=\"article:modified_time\" content=\"2023-11-02T13:29:25+00:00\" \/>\n<meta property=\"og:image\" content=\"https:\/\/rwinevietnam.com\/home\/wp-content\/uploads\/2023\/11\/IMG_6251.jpeg\" \/>\n\t<meta property=\"og:image:width\" content=\"1536\" \/>\n\t<meta property=\"og:image:height\" content=\"2048\" \/>\n\t<meta property=\"og:image:type\" content=\"image\/jpeg\" \/>\n<meta name=\"twitter:card\" content=\"summary_large_image\" \/>\n<script type=\"application\/ld+json\" class=\"yoast-schema-graph\">{\"@context\":\"https:\/\/schema.org\",\"@graph\":[{\"@type\":\"WebPage\",\"@id\":\"https:\/\/rwinevietnam.com\/home\/ruou-vang-y-collefrisio-appassimento\/\",\"url\":\"https:\/\/rwinevietnam.com\/home\/ruou-vang-y-collefrisio-appassimento\/\",\"name\":\"R\u01b0\u1ee3u Vang\u00a0\u00dd Collefrisio Appassimento - R.WINE\",\"isPartOf\":{\"@id\":\"https:\/\/rwinevietnam.com\/home\/#website\"},\"primaryImageOfPage\":{\"@id\":\"https:\/\/rwinevietnam.com\/home\/ruou-vang-y-collefrisio-appassimento\/#primaryimage\"},\"image\":{\"@id\":\"https:\/\/rwinevietnam.com\/home\/ruou-vang-y-collefrisio-appassimento\/#primaryimage\"},\"thumbnailUrl\":\"https:\/\/rwinevietnam.com\/home\/wp-content\/uploads\/2023\/11\/IMG_6251.jpeg\",\"datePublished\":\"2023-11-02T13:23:38+00:00\",\"dateModified\":\"2023-11-02T13:29:25+00:00\",\"breadcrumb\":{\"@id\":\"https:\/\/rwinevietnam.com\/home\/ruou-vang-y-collefrisio-appassimento\/#breadcrumb\"},\"inLanguage\":\"vi\",\"potentialAction\":[{\"@type\":\"ReadAction\",\"target\":[\"https:\/\/rwinevietnam.com\/home\/ruou-vang-y-collefrisio-appassimento\/\"]}]},{\"@type\":\"ImageObject\",\"inLanguage\":\"vi\",\"@id\":\"https:\/\/rwinevietnam.com\/home\/ruou-vang-y-collefrisio-appassimento\/#primaryimage\",\"url\":\"https:\/\/rwinevietnam.com\/home\/wp-content\/uploads\/2023\/11\/IMG_6251.jpeg\",\"contentUrl\":\"https:\/\/rwinevietnam.com\/home\/wp-content\/uploads\/2023\/11\/IMG_6251.jpeg\",\"width\":1536,\"height\":2048},{\"@type\":\"BreadcrumbList\",\"@id\":\"https:\/\/rwinevietnam.com\/home\/ruou-vang-y-collefrisio-appassimento\/#breadcrumb\",\"itemListElement\":[{\"@type\":\"ListItem\",\"position\":1,\"name\":\"Trang ch\u1ee7\",\"item\":\"https:\/\/rwinevietnam.com\/home\/\"},{\"@type\":\"ListItem\",\"position\":2,\"name\":\"S\u1ea3n ph\u1ea9m\",\"item\":\"https:\/\/rwinevietnam.com\/home\/san-pham\/\"},{\"@type\":\"ListItem\",\"position\":3,\"name\":\"R\u01b0\u1ee3u Vang\u00a0\u00dd Collefrisio Appassimento\"}]},{\"@type\":\"WebSite\",\"@id\":\"https:\/\/rwinevietnam.com\/home\/#website\",\"url\":\"https:\/\/rwinevietnam.com\/home\/\",\"name\":\"R.WINE\",\"description\":\"C\u00d4NG TY C\u1ed4 PH\u1ea6N XU\u1ea4T KH\u1ea8U NH\u1eacP KH\u1ea8U\",\"potentialAction\":[{\"@type\":\"SearchAction\",\"target\":{\"@type\":\"EntryPoint\",\"urlTemplate\":\"https:\/\/rwinevietnam.com\/home\/?s={search_term_string}\"},\"query-input\":{\"@type\":\"PropertyValueSpecification\",\"valueRequired\":true,\"valueName\":\"search_term_string\"}}],\"inLanguage\":\"vi\"}]}<\/script>\n<!-- \/ Yoast SEO plugin. -->","yoast_head_json":{"title":"R\u01b0\u1ee3u Vang\u00a0\u00dd Collefrisio Appassimento - R.WINE","robots":{"index":"noindex","follow":"follow"},"og_locale":"vi_VN","og_type":"article","og_title":"R\u01b0\u1ee3u Vang\u00a0\u00dd Collefrisio Appassimento - R.WINE","og_description":"Xu\u1ea5t x\u1ee9 \u00dd   Ph\u00e2n lo\u1ea1i Vang \u0111\u1ecf   N\u1ed3ng \u0111\u1ed9 14 %   Dung t\u00edch \u00a0750ml   Gi\u1ed1ng nho Merlot, Sangiovese, Montepulciano.            &nbsp;","og_url":"https:\/\/rwinevietnam.com\/home\/ruou-vang-y-collefrisio-appassimento\/","og_site_name":"R.WINE","article_modified_time":"2023-11-02T13:29:25+00:00","og_image":[{"width":1536,"height":2048,"url":"https:\/\/rwinevietnam.com\/home\/wp-content\/uploads\/2023\/11\/IMG_6251.jpeg","type":"image\/jpeg"}],"twitter_card":"summary_large_image","schema":{"@context":"https:\/\/schema.org","@graph":[{"@type":"WebPage","@id":"https:\/\/rwinevietnam.com\/home\/ruou-vang-y-collefrisio-appassimento\/","url":"https:\/\/rwinevietnam.com\/home\/ruou-vang-y-collefrisio-appassimento\/","name":"R\u01b0\u1ee3u Vang\u00a0\u00dd Collefrisio Appassimento - R.WINE","isPartOf":{"@id":"https:\/\/rwinevietnam.com\/home\/#website"},"primaryImageOfPage":{"@id":"https:\/\/rwinevietnam.com\/home\/ruou-vang-y-collefrisio-appassimento\/#primaryimage"},"image":{"@id":"https:\/\/rwinevietnam.com\/home\/ruou-vang-y-collefrisio-appassimento\/#primaryimage"},"thumbnailUrl":"https:\/\/rwinevietnam.com\/home\/wp-content\/uploads\/2023\/11\/IMG_6251.jpeg","datePublished":"2023-11-02T13:23:38+00:00","dateModified":"2023-11-02T13:29:25+00:00","breadcrumb":{"@id":"https:\/\/rwinevietnam.com\/home\/ruou-vang-y-collefrisio-appassimento\/#breadcrumb"},"inLanguage":"vi","potentialAction":[{"@type":"ReadAction","target":["https:\/\/rwinevietnam.com\/home\/ruou-vang-y-collefrisio-appassimento\/"]}]},{"@type":"ImageObject","inLanguage":"vi","@id":"https:\/\/rwinevietnam.com\/home\/ruou-vang-y-collefrisio-appassimento\/#primaryimage","url":"https:\/\/rwinevietnam.com\/home\/wp-content\/uploads\/2023\/11\/IMG_6251.jpeg","contentUrl":"https:\/\/rwinevietnam.com\/home\/wp-content\/uploads\/2023\/11\/IMG_6251.jpeg","width":1536,"height":2048},{"@type":"BreadcrumbList","@id":"https:\/\/rwinevietnam.com\/home\/ruou-vang-y-collefrisio-appassimento\/#breadcrumb","itemListElement":[{"@type":"ListItem","position":1,"name":"Trang ch\u1ee7","item":"https:\/\/rwinevietnam.com\/home\/"},{"@type":"ListItem","position":2,"name":"S\u1ea3n ph\u1ea9m","item":"https:\/\/rwinevietnam.com\/home\/san-pham\/"},{"@type":"ListItem","position":3,"name":"R\u01b0\u1ee3u Vang\u00a0\u00dd Collefrisio Appassimento"}]},{"@type":"WebSite","@id":"https:\/\/rwinevietnam.com\/home\/#website","url":"https:\/\/rwinevietnam.com\/home\/","name":"R.WINE","description":"C\u00d4NG TY C\u1ed4 PH\u1ea6N XU\u1ea4T KH\u1ea8U NH\u1eacP KH\u1ea8U","potentialAction":[{"@type":"SearchAction","target":{"@type":"EntryPoint","urlTemplate":"https:\/\/rwinevietnam.com\/home\/?s={search_term_string}"},"query-input":{"@type":"PropertyValueSpecification","valueRequired":true,"valueName":"search_term_string"}}],"inLanguage":"vi"}]}},"_links":{"self":[{"href":"https:\/\/rwinevietnam.com\/home\/wp-json\/wp\/v2\/product\/1115","targetHints":{"allow":["GET"]}}],"collection":[{"href":"https:\/\/rwinevietnam.com\/home\/wp-json\/wp\/v2\/product"}],"about":[{"href":"https:\/\/rwinevietnam.com\/home\/wp-json\/wp\/v2\/types\/product"}],"replies":[{"embeddable":true,"href":"https:\/\/rwinevietnam.com\/home\/wp-json\/wp\/v2\/comments?post=1115"}],"wp:featuredmedia":[{"embeddable":true,"href":"https:\/\/rwinevietnam.com\/home\/wp-json\/wp\/v2\/media\/1116"}],"wp:attachment":[{"href":"https:\/\/rwinevietnam.com\/home\/wp-json\/wp\/v2\/media?parent=1115"}],"wp:term":[{"taxonomy":"product_brand","embeddable":true,"href":"https:\/\/rwinevietnam.com\/home\/wp-json\/wp\/v2\/product_brand?post=1115"},{"taxonomy":"product_cat","embeddable":true,"href":"https:\/\/rwinevietnam.com\/home\/wp-json\/wp\/v2\/product_cat?post=1115"},{"taxonomy":"product_tag","embeddable":true,"href":"https:\/\/rwinevietnam.com\/home\/wp-json\/wp\/v2\/product_tag?post=1115"}],"curies":[{"name":"wp","href":"https:\/\/api.w.org\/{rel}","templated":true}]}}