{"id":1111,"date":"2023-11-01T15:21:01","date_gmt":"2023-11-01T15:21:01","guid":{"rendered":"https:\/\/rwinevietnam.com\/home\/?post_type=product&#038;p=1111"},"modified":"2023-11-01T15:28:08","modified_gmt":"2023-11-01T15:28:08","slug":"ruou-vang-y-corte-golfo-lazio-rosso-igt","status":"publish","type":"product","link":"https:\/\/rwinevietnam.com\/home\/ruou-vang-y-corte-golfo-lazio-rosso-igt\/","title":{"rendered":"R\u01b0\u1ee3u Vang \u00dd Corte Golfo Lazio Rosso IGT"},"content":{"rendered":"<p>R\u01b0\u1ee3u Vang \u00dd Corte Golfo Lazio Rosso IGT<\/p>\n<p><img loading=\"lazy\" decoding=\"async\" class=\"aligncenter  wp-image-1114\" src=\"https:\/\/rwinevietnam.com\/home\/wp-content\/uploads\/2023\/11\/IMG_5315-768x1024.jpeg\" alt=\"\" width=\"280\" height=\"373\" srcset=\"https:\/\/rwinevietnam.com\/home\/wp-content\/uploads\/2023\/11\/IMG_5315-768x1024.jpeg 768w, https:\/\/rwinevietnam.com\/home\/wp-content\/uploads\/2023\/11\/IMG_5315-225x300.jpeg 225w, https:\/\/rwinevietnam.com\/home\/wp-content\/uploads\/2023\/11\/IMG_5315-1152x1536.jpeg 1152w, https:\/\/rwinevietnam.com\/home\/wp-content\/uploads\/2023\/11\/IMG_5315-300x400.jpeg 300w, https:\/\/rwinevietnam.com\/home\/wp-content\/uploads\/2023\/11\/IMG_5315-600x800.jpeg 600w, https:\/\/rwinevietnam.com\/home\/wp-content\/uploads\/2023\/11\/IMG_5315.jpeg 1536w\" sizes=\"auto, (max-width: 280px) 100vw, 280px\" \/><\/p>\n<p>&nbsp;<\/p>\n<p>&nbsp;<\/p>\n<p>R\u01b0\u1ee3u Vang Corte Golfo Lazio Rosso IGT\u00a0h\u01b0\u01a1ng v\u1ecb tinh t\u1ebf v\u00f9ng Lazio. V\u1edbi h\u01b0\u01a1ng v\u1ecb \u0111\u1eadm \u0111\u00e0, phong ph\u00fa v\u00e0 c\u1ea5u tr\u00fac t\u1ed1t, n\u00f3 th\u01b0\u1eddng \u0111\u01b0\u1ee3c \u01b0a chu\u1ed9ng trong c\u00e1c d\u1ecbp l\u1ec5 t\u1ebft hay c\u00e1c b\u1eefa ti\u1ec7c trang tr\u1ecdng. R.WINE\u00a0l\u00e0 m\u1ed9t trong nh\u1eefng \u0111\u1ecba ch\u1ec9 b\u00e1n r\u01b0\u1ee3u vang t\u1ed1t nh\u1ea5t\u00a0v\u1edbi \u0111\u1ea7y \u0111\u1ee7 c\u00e1c lo\u1ea1i\u00a0r\u01b0\u1ee3u vang Italia\u00a0n\u1ed5i ti\u1ebfng tr\u00ean th\u1ebf gi\u1edbi. Ch\u00fang t\u00f4i cam k\u1ebft cung c\u1ea5p s\u1ea3n ph\u1ea9m ch\u1ea5t l\u01b0\u1ee3ng v\u1edbi gi\u00e1 c\u1ea3 h\u1ee3p l\u00fd, \u0111\u1ea3m b\u1ea3o uy t\u00edn v\u00e0 ch\u1ea5t l\u01b0\u1ee3ng d\u1ecbch v\u1ee5 t\u1ed1t nh\u1ea5t.<\/p>\n<p>&nbsp;<\/p>\n<p>R\u01b0\u1ee3u Lazio Rosso c\u1ee7a nh\u00e0 s\u1ea3n xu\u1ea5t Corte Golfo l\u00e0 m\u1ed9t lo\u1ea1i r\u01b0\u1ee3u vang \u0111\u1ecf n\u1ed5i ti\u1ebfng c\u1ee7a v\u00f9ng Lazio, mi\u1ec1n Trung Italia. \u0110\u00e2y l\u00e0 m\u1ed9t lo\u1ea1i r\u01b0\u1ee3u \u0111\u1eadm \u0111\u00e0, \u0111\u1ea7y \u0111\u1eb7n v\u00e0 r\u1ea5t ph\u00f9 h\u1ee3p \u0111\u1ec3 th\u01b0\u1edfng th\u1ee9c trong c\u00e1c bu\u1ed5i ti\u1ec7c hay d\u00f9ng k\u00e8m v\u1edbi c\u00e1c m\u00f3n \u0103n \u0111\u1eadm ch\u1ea5t \u00dd.<\/p>\n<p>Corte Golfo Lazio Rosso IGT \u0111\u00e3 \u0111\u01b0\u1ee3c ch\u1ea5m \u0111i\u1ec3m r\u1ea5t cao 99 \u0111i\u1ec3m b\u1edfi Luca Maroni, m\u1ed9t chuy\u00ean gia n\u1ed5i ti\u1ebfng v\u1ec1 r\u01b0\u1ee3u vang t\u1ea1i \u00dd. \u0110i\u1ec3m s\u1ed1 n\u00e0y ch\u1ee9ng minh r\u1eb1ng \u0111\u00e2y l\u00e0 m\u1ed9t lo\u1ea1i r\u01b0\u1ee3u vang ch\u1ea5t l\u01b0\u1ee3ng cao v\u00e0 \u0111\u01b0\u1ee3c \u0111\u00e1nh gi\u00e1 r\u1ea5t cao.<\/p>\n<p>Khi th\u01b0\u1edfng th\u1ee9c m\u1ed9t\u00a0ly r\u01b0\u1ee3u vang \u0111\u1ecf\u00a0Lazio Rosso, b\u1ea1n s\u1ebd c\u1ea3m nh\u1eadn \u0111\u01b0\u1ee3c h\u01b0\u01a1ng v\u1ecb c\u1ee7a tr\u00e1i c\u00e2y \u0111en, vani v\u00e0 g\u1ed7 s\u1ed3i. \u0110\u1ed9 c\u00e2n b\u1eb1ng tuy\u1ec7t v\u1eddi gi\u1eefa axit v\u00e0 tannin t\u1ea1o n\u00ean m\u1ed9t h\u1eadu v\u1ecb d\u00e0i l\u00e2u v\u00e0 \u0111\u1ea7y s\u1ee9c s\u1ed1ng.<\/p>\n<p>&nbsp;<\/p>\n<p>Th\u01b0\u1edfng th\u1ee9c v\u00e0 b\u1ea3o qu\u1ea3n r\u01b0\u1ee3u vang Lazio Rosso<\/p>\n<p><img loading=\"lazy\" decoding=\"async\" class=\"aligncenter  wp-image-1113\" src=\"https:\/\/rwinevietnam.com\/home\/wp-content\/uploads\/2023\/11\/IMG_5318-768x1024.jpeg\" alt=\"\" width=\"261\" height=\"348\" srcset=\"https:\/\/rwinevietnam.com\/home\/wp-content\/uploads\/2023\/11\/IMG_5318-768x1024.jpeg 768w, https:\/\/rwinevietnam.com\/home\/wp-content\/uploads\/2023\/11\/IMG_5318-225x300.jpeg 225w, https:\/\/rwinevietnam.com\/home\/wp-content\/uploads\/2023\/11\/IMG_5318-1152x1536.jpeg 1152w, https:\/\/rwinevietnam.com\/home\/wp-content\/uploads\/2023\/11\/IMG_5318-300x400.jpeg 300w, https:\/\/rwinevietnam.com\/home\/wp-content\/uploads\/2023\/11\/IMG_5318-600x800.jpeg 600w, https:\/\/rwinevietnam.com\/home\/wp-content\/uploads\/2023\/11\/IMG_5318.jpeg 1536w\" sizes=\"auto, (max-width: 261px) 100vw, 261px\" \/><\/p>\n<p>Khi th\u01b0\u1edfng th\u1ee9c m\u1ed9t ly r\u01b0\u1ee3u vang \u0111\u1ecf Corte Golfo Lazio Rosso IGT ta th\u01b0\u1eddng \u0111\u01b0\u1ee3c \u0103n k\u00e8m v\u1edbi c\u00e1c m\u00f3n \u0103n nhi\u1ec1u gia v\u1ecb, \u0111\u1eadm \u0111\u00e0 nh\u01b0 th\u1ecbt \u0111\u1ecf n\u01b0\u1edbng, th\u1ecbt hun kh\u00f3i, th\u1ecbt b\u00f2 h\u1ea7m, \u0111\u1eb7c bi\u1ec7t l\u00e0 c\u00e1c m\u00f3n \u0103n c\u1ee7a v\u00f9ng Lazio nh\u01b0 c\u01a1m risotto v\u00e0 m\u00ec spaghetti v\u1edbi s\u1ed1t c\u00e0 chua.<\/p>\n<p>\u0110\u1ec3 b\u1ea3o qu\u1ea3n r\u01b0\u1ee3u vang \u00dd Lazio Rosso, c\u1ea7n l\u01b0u \u00fd \u0111\u1ec3 gi\u1eef \u0111\u01b0\u1ee3c ch\u1ea5t l\u01b0\u1ee3ng t\u1ed1t nh\u1ea5t c\u1ee7a s\u1ea3n ph\u1ea9m. R\u01b0\u1ee3u c\u1ea7n \u0111\u01b0\u1ee3c b\u1ea3o qu\u1ea3n \u1edf nhi\u1ec7t \u0111\u1ed9 t\u1eeb 12-18 \u0111\u1ed9 C v\u00e0 tr\u00e1nh \u00e1nh s\u00e1ng m\u1eb7t tr\u1eddi tr\u1ef1c ti\u1ebfp. N\u00ean \u0111\u1ec3 r\u01b0\u1ee3u vang trong n\u01a1i tho\u00e1ng m\u00e1t, kh\u00f4 r\u00e1o, tr\u00e1nh \u1ea9m \u01b0\u1edbt. Khi m\u1edf n\u1eafp chai, n\u00ean ti\u00eau th\u1ee5 h\u1ebft trong th\u1eddi gian ng\u1eafn \u0111\u1ec3 tr\u00e1nh b\u1ecb oxy h\u00f3a v\u00e0 gi\u1ea3m ch\u1ea5t l\u01b0\u1ee3ng s\u1ea3n ph\u1ea9m. N\u00ean d\u00f9ng ly r\u01b0\u1ee3u vang ph\u00f9 h\u1ee3p v\u00e0 r\u00f3t t\u1eeb t\u1eeb \u0111\u1ec3 gi\u00fap h\u01b0\u01a1ng v\u1ecb v\u00e0 m\u00f9i th\u01a1m \u0111\u01b0\u1ee3c th\u0103ng hoa h\u01a1n.<\/p>\n<p>&nbsp;<\/p>\n<p>R\u01b0\u1ee3u Vang Corte Golfo Lazio Rosso IGT l\u00e0 s\u1ea3n ph\u1ea9m cao c\u1ea5p \u0111\u01b0\u1ee3c ch\u1ea5m 99 \u0111i\u1ec3m b\u1edfi Luca Maroni, l\u00e0 m\u1ed9t trong nh\u1eefng chai r\u01b0\u1ee3u vang \u00dd tuy\u1ec7t v\u1eddi nh\u1ea5t hi\u1ec7n nay. V\u1edbi h\u01b0\u01a1ng th\u01a1m m\u1ea1nh m\u1ebd c\u1ee7a qu\u1ea3 m\u00e2m x\u00f4i, cherry \u0111en, vani v\u00e0 gia v\u1ecb, h\u1eadu v\u1ecb c\u00e2n b\u1eb1ng, d\u1ec5 u\u1ed1ng.<\/p>\n<p>&nbsp;<\/p>\n","protected":false},"excerpt":{"rendered":"<table style=\"border-collapse: collapse; width: 100%; height: 147px;\">\n<tbody>\n<tr style=\"height: 21px;\">\n<td style=\"width: 50%; height: 21px;\">Xu\u1ea5t x\u1ee9<\/td>\n<td style=\"width: 50%; height: 21px;\">\u00dd<\/td>\n<\/tr>\n<tr style=\"height: 21px;\">\n<td style=\"width: 50%; height: 21px;\">Ph\u00e2n lo\u1ea1i<\/td>\n<td style=\"width: 50%; height: 21px;\">Vang \u0111\u1ecf<\/td>\n<\/tr>\n<tr style=\"height: 21px;\">\n<td style=\"width: 50%; height: 21px;\">N\u1ed3ng \u0111\u1ed9<\/td>\n<td style=\"width: 50%; height: 21px;\">14,5 %<\/td>\n<\/tr>\n<tr style=\"height: 21px;\">\n<td style=\"width: 50%; height: 21px;\">Dung t\u00edch<\/td>\n<td style=\"width: 50%; height: 21px;\">\u00a0750ml<\/td>\n<\/tr>\n<tr style=\"height: 21px;\">\n<td style=\"width: 50%; height: 21px;\">Gi\u1ed1ng nho<\/td>\n<td style=\"width: 50%; height: 21px;\">Merlot<\/td>\n<\/tr>\n<tr style=\"height: 21px;\">\n<td style=\"width: 50%; height: 21px;\">Ni\u00ean v\u1ee5<\/td>\n<td style=\"width: 50%; height: 21px;\">2021<\/td>\n<\/tr>\n<tr style=\"height: 21px;\">\n<td style=\"width: 50%; height: 21px;\"><\/td>\n<td style=\"width: 50%; height: 21px;\"><\/td>\n<\/tr>\n<\/tbody>\n<\/table>\n<p>&nbsp;<\/p>\n","protected":false},"featured_media":1112,"comment_status":"closed","ping_status":"closed","template":"","meta":{"_acf_changed":false},"product_brand":[],"product_cat":[78,27,26,62,29],"product_tag":[258,184,257,197,153],"class_list":{"0":"post-1111","1":"product","2":"type-product","3":"status-publish","4":"has-post-thumbnail","6":"product_cat-merlot","7":"product_cat-ruou-vang","8":"product_cat-san-pham-noi-bat","9":"product_cat-vang-do","10":"product_cat-vang-y","11":"product_tag-lazio-rosso","12":"product_tag-ruou-vang-gia-re","13":"product_tag-vang-99-diem","14":"product_tag-vang-do","15":"product_tag-vang-y","17":"first","18":"instock","19":"shipping-taxable","20":"product-type-simple"},"acf":[],"yoast_head":"<!-- This site is optimized with the Yoast SEO plugin v26.8 - https:\/\/yoast.com\/product\/yoast-seo-wordpress\/ -->\n<title>R\u01b0\u1ee3u Vang \u00dd Corte Golfo Lazio Rosso IGT - R.WINE<\/title>\n<meta name=\"robots\" content=\"noindex, follow\" \/>\n<meta property=\"og:locale\" content=\"vi_VN\" \/>\n<meta property=\"og:type\" content=\"article\" \/>\n<meta property=\"og:title\" content=\"R\u01b0\u1ee3u Vang \u00dd Corte Golfo Lazio Rosso IGT - R.WINE\" \/>\n<meta property=\"og:description\" content=\"Xu\u1ea5t x\u1ee9 \u00dd   Ph\u00e2n lo\u1ea1i Vang \u0111\u1ecf   N\u1ed3ng \u0111\u1ed9 14,5 %   Dung t\u00edch \u00a0750ml   Gi\u1ed1ng nho Merlot   Ni\u00ean v\u1ee5 2021        &nbsp;\" \/>\n<meta property=\"og:url\" content=\"https:\/\/rwinevietnam.com\/home\/ruou-vang-y-corte-golfo-lazio-rosso-igt\/\" \/>\n<meta property=\"og:site_name\" content=\"R.WINE\" \/>\n<meta property=\"article:modified_time\" content=\"2023-11-01T15:28:08+00:00\" \/>\n<meta property=\"og:image\" content=\"https:\/\/rwinevietnam.com\/home\/wp-content\/uploads\/2023\/11\/IMG_5316.jpeg\" \/>\n\t<meta property=\"og:image:width\" content=\"1536\" \/>\n\t<meta property=\"og:image:height\" content=\"2048\" \/>\n\t<meta property=\"og:image:type\" content=\"image\/jpeg\" \/>\n<meta name=\"twitter:card\" content=\"summary_large_image\" \/>\n<script type=\"application\/ld+json\" class=\"yoast-schema-graph\">{\"@context\":\"https:\/\/schema.org\",\"@graph\":[{\"@type\":\"WebPage\",\"@id\":\"https:\/\/rwinevietnam.com\/home\/ruou-vang-y-corte-golfo-lazio-rosso-igt\/\",\"url\":\"https:\/\/rwinevietnam.com\/home\/ruou-vang-y-corte-golfo-lazio-rosso-igt\/\",\"name\":\"R\u01b0\u1ee3u Vang \u00dd Corte Golfo Lazio Rosso IGT - R.WINE\",\"isPartOf\":{\"@id\":\"https:\/\/rwinevietnam.com\/home\/#website\"},\"primaryImageOfPage\":{\"@id\":\"https:\/\/rwinevietnam.com\/home\/ruou-vang-y-corte-golfo-lazio-rosso-igt\/#primaryimage\"},\"image\":{\"@id\":\"https:\/\/rwinevietnam.com\/home\/ruou-vang-y-corte-golfo-lazio-rosso-igt\/#primaryimage\"},\"thumbnailUrl\":\"https:\/\/rwinevietnam.com\/home\/wp-content\/uploads\/2023\/11\/IMG_5316.jpeg\",\"datePublished\":\"2023-11-01T15:21:01+00:00\",\"dateModified\":\"2023-11-01T15:28:08+00:00\",\"breadcrumb\":{\"@id\":\"https:\/\/rwinevietnam.com\/home\/ruou-vang-y-corte-golfo-lazio-rosso-igt\/#breadcrumb\"},\"inLanguage\":\"vi\",\"potentialAction\":[{\"@type\":\"ReadAction\",\"target\":[\"https:\/\/rwinevietnam.com\/home\/ruou-vang-y-corte-golfo-lazio-rosso-igt\/\"]}]},{\"@type\":\"ImageObject\",\"inLanguage\":\"vi\",\"@id\":\"https:\/\/rwinevietnam.com\/home\/ruou-vang-y-corte-golfo-lazio-rosso-igt\/#primaryimage\",\"url\":\"https:\/\/rwinevietnam.com\/home\/wp-content\/uploads\/2023\/11\/IMG_5316.jpeg\",\"contentUrl\":\"https:\/\/rwinevietnam.com\/home\/wp-content\/uploads\/2023\/11\/IMG_5316.jpeg\",\"width\":1536,\"height\":2048},{\"@type\":\"BreadcrumbList\",\"@id\":\"https:\/\/rwinevietnam.com\/home\/ruou-vang-y-corte-golfo-lazio-rosso-igt\/#breadcrumb\",\"itemListElement\":[{\"@type\":\"ListItem\",\"position\":1,\"name\":\"Trang ch\u1ee7\",\"item\":\"https:\/\/rwinevietnam.com\/home\/\"},{\"@type\":\"ListItem\",\"position\":2,\"name\":\"S\u1ea3n ph\u1ea9m\",\"item\":\"https:\/\/rwinevietnam.com\/home\/san-pham\/\"},{\"@type\":\"ListItem\",\"position\":3,\"name\":\"R\u01b0\u1ee3u Vang \u00dd Corte Golfo Lazio Rosso IGT\"}]},{\"@type\":\"WebSite\",\"@id\":\"https:\/\/rwinevietnam.com\/home\/#website\",\"url\":\"https:\/\/rwinevietnam.com\/home\/\",\"name\":\"R.WINE\",\"description\":\"C\u00d4NG TY C\u1ed4 PH\u1ea6N XU\u1ea4T KH\u1ea8U NH\u1eacP KH\u1ea8U\",\"potentialAction\":[{\"@type\":\"SearchAction\",\"target\":{\"@type\":\"EntryPoint\",\"urlTemplate\":\"https:\/\/rwinevietnam.com\/home\/?s={search_term_string}\"},\"query-input\":{\"@type\":\"PropertyValueSpecification\",\"valueRequired\":true,\"valueName\":\"search_term_string\"}}],\"inLanguage\":\"vi\"}]}<\/script>\n<!-- \/ Yoast SEO plugin. -->","yoast_head_json":{"title":"R\u01b0\u1ee3u Vang \u00dd Corte Golfo Lazio Rosso IGT - R.WINE","robots":{"index":"noindex","follow":"follow"},"og_locale":"vi_VN","og_type":"article","og_title":"R\u01b0\u1ee3u Vang \u00dd Corte Golfo Lazio Rosso IGT - R.WINE","og_description":"Xu\u1ea5t x\u1ee9 \u00dd   Ph\u00e2n lo\u1ea1i Vang \u0111\u1ecf   N\u1ed3ng \u0111\u1ed9 14,5 %   Dung t\u00edch \u00a0750ml   Gi\u1ed1ng nho Merlot   Ni\u00ean v\u1ee5 2021        &nbsp;","og_url":"https:\/\/rwinevietnam.com\/home\/ruou-vang-y-corte-golfo-lazio-rosso-igt\/","og_site_name":"R.WINE","article_modified_time":"2023-11-01T15:28:08+00:00","og_image":[{"width":1536,"height":2048,"url":"https:\/\/rwinevietnam.com\/home\/wp-content\/uploads\/2023\/11\/IMG_5316.jpeg","type":"image\/jpeg"}],"twitter_card":"summary_large_image","schema":{"@context":"https:\/\/schema.org","@graph":[{"@type":"WebPage","@id":"https:\/\/rwinevietnam.com\/home\/ruou-vang-y-corte-golfo-lazio-rosso-igt\/","url":"https:\/\/rwinevietnam.com\/home\/ruou-vang-y-corte-golfo-lazio-rosso-igt\/","name":"R\u01b0\u1ee3u Vang \u00dd Corte Golfo Lazio Rosso IGT - R.WINE","isPartOf":{"@id":"https:\/\/rwinevietnam.com\/home\/#website"},"primaryImageOfPage":{"@id":"https:\/\/rwinevietnam.com\/home\/ruou-vang-y-corte-golfo-lazio-rosso-igt\/#primaryimage"},"image":{"@id":"https:\/\/rwinevietnam.com\/home\/ruou-vang-y-corte-golfo-lazio-rosso-igt\/#primaryimage"},"thumbnailUrl":"https:\/\/rwinevietnam.com\/home\/wp-content\/uploads\/2023\/11\/IMG_5316.jpeg","datePublished":"2023-11-01T15:21:01+00:00","dateModified":"2023-11-01T15:28:08+00:00","breadcrumb":{"@id":"https:\/\/rwinevietnam.com\/home\/ruou-vang-y-corte-golfo-lazio-rosso-igt\/#breadcrumb"},"inLanguage":"vi","potentialAction":[{"@type":"ReadAction","target":["https:\/\/rwinevietnam.com\/home\/ruou-vang-y-corte-golfo-lazio-rosso-igt\/"]}]},{"@type":"ImageObject","inLanguage":"vi","@id":"https:\/\/rwinevietnam.com\/home\/ruou-vang-y-corte-golfo-lazio-rosso-igt\/#primaryimage","url":"https:\/\/rwinevietnam.com\/home\/wp-content\/uploads\/2023\/11\/IMG_5316.jpeg","contentUrl":"https:\/\/rwinevietnam.com\/home\/wp-content\/uploads\/2023\/11\/IMG_5316.jpeg","width":1536,"height":2048},{"@type":"BreadcrumbList","@id":"https:\/\/rwinevietnam.com\/home\/ruou-vang-y-corte-golfo-lazio-rosso-igt\/#breadcrumb","itemListElement":[{"@type":"ListItem","position":1,"name":"Trang ch\u1ee7","item":"https:\/\/rwinevietnam.com\/home\/"},{"@type":"ListItem","position":2,"name":"S\u1ea3n ph\u1ea9m","item":"https:\/\/rwinevietnam.com\/home\/san-pham\/"},{"@type":"ListItem","position":3,"name":"R\u01b0\u1ee3u Vang \u00dd Corte Golfo Lazio Rosso IGT"}]},{"@type":"WebSite","@id":"https:\/\/rwinevietnam.com\/home\/#website","url":"https:\/\/rwinevietnam.com\/home\/","name":"R.WINE","description":"C\u00d4NG TY C\u1ed4 PH\u1ea6N XU\u1ea4T KH\u1ea8U NH\u1eacP KH\u1ea8U","potentialAction":[{"@type":"SearchAction","target":{"@type":"EntryPoint","urlTemplate":"https:\/\/rwinevietnam.com\/home\/?s={search_term_string}"},"query-input":{"@type":"PropertyValueSpecification","valueRequired":true,"valueName":"search_term_string"}}],"inLanguage":"vi"}]}},"_links":{"self":[{"href":"https:\/\/rwinevietnam.com\/home\/wp-json\/wp\/v2\/product\/1111","targetHints":{"allow":["GET"]}}],"collection":[{"href":"https:\/\/rwinevietnam.com\/home\/wp-json\/wp\/v2\/product"}],"about":[{"href":"https:\/\/rwinevietnam.com\/home\/wp-json\/wp\/v2\/types\/product"}],"replies":[{"embeddable":true,"href":"https:\/\/rwinevietnam.com\/home\/wp-json\/wp\/v2\/comments?post=1111"}],"wp:featuredmedia":[{"embeddable":true,"href":"https:\/\/rwinevietnam.com\/home\/wp-json\/wp\/v2\/media\/1112"}],"wp:attachment":[{"href":"https:\/\/rwinevietnam.com\/home\/wp-json\/wp\/v2\/media?parent=1111"}],"wp:term":[{"taxonomy":"product_brand","embeddable":true,"href":"https:\/\/rwinevietnam.com\/home\/wp-json\/wp\/v2\/product_brand?post=1111"},{"taxonomy":"product_cat","embeddable":true,"href":"https:\/\/rwinevietnam.com\/home\/wp-json\/wp\/v2\/product_cat?post=1111"},{"taxonomy":"product_tag","embeddable":true,"href":"https:\/\/rwinevietnam.com\/home\/wp-json\/wp\/v2\/product_tag?post=1111"}],"curies":[{"name":"wp","href":"https:\/\/api.w.org\/{rel}","templated":true}]}}