{"id":1098,"date":"2023-10-31T14:44:41","date_gmt":"2023-10-31T14:44:41","guid":{"rendered":"https:\/\/rwinevietnam.com\/home\/?post_type=product&#038;p=1098"},"modified":"2023-12-06T08:57:28","modified_gmt":"2023-12-06T08:57:28","slug":"ruou-vang-y-luna-al-chiar-di-luna-dal","status":"publish","type":"product","link":"https:\/\/rwinevietnam.com\/home\/ruou-vang-y-luna-al-chiar-di-luna-dal\/","title":{"rendered":"R\u01b0\u1ee3u Vang \u00dd Luna AL Chiar DI Luna DAL"},"content":{"rendered":"<p>R\u01b0\u1ee3u Vang Ng\u1ecdt Ch\u1ea5t L\u01b0\u1ee3ng Luna Rosso Dolce \/750ml N\u1ed3ng \u0110\u1ed9 C\u1ed3n Th\u1ea5p \u0110\u1ebfn T\u1eeb \u00dd<\/p>\n<p>&nbsp;<\/p>\n<p><img loading=\"lazy\" decoding=\"async\" class=\"aligncenter wp-image-1100\" src=\"https:\/\/rwinevietnam.com\/home\/wp-content\/uploads\/2023\/10\/IMG_6177-768x1024.jpeg\" alt=\"\" width=\"314\" height=\"419\" srcset=\"https:\/\/rwinevietnam.com\/home\/wp-content\/uploads\/2023\/10\/IMG_6177-768x1024.jpeg 768w, https:\/\/rwinevietnam.com\/home\/wp-content\/uploads\/2023\/10\/IMG_6177-225x300.jpeg 225w, https:\/\/rwinevietnam.com\/home\/wp-content\/uploads\/2023\/10\/IMG_6177-1152x1536.jpeg 1152w, https:\/\/rwinevietnam.com\/home\/wp-content\/uploads\/2023\/10\/IMG_6177-300x400.jpeg 300w, https:\/\/rwinevietnam.com\/home\/wp-content\/uploads\/2023\/10\/IMG_6177-600x800.jpeg 600w, https:\/\/rwinevietnam.com\/home\/wp-content\/uploads\/2023\/10\/IMG_6177.jpeg 1536w\" sizes=\"auto, (max-width: 314px) 100vw, 314px\" \/><\/p>\n<p>&nbsp;<\/p>\n<p>R\u01b0\u1ee3u vang Luna Rosso Dolce l\u00e0 m\u1ed9t d\u00f2ng vang ng\u1ecdt ch\u1ea5t l\u01b0\u1ee3ng c\u00f3 gi\u00e1 c\u1ea3 ph\u1ea3i ch\u0103ng \u0111\u1ebfn t\u1eeb \u00dd. V\u1edbi mong mu\u1ed1n \u0111\u00e1p \u1ee9ng m\u1ecdi nhu c\u1ea7u c\u1ee7a ng\u01b0\u1eddi th\u01b0\u1edfng th\u1ee9c nh\u00e0 s\u1ea3n xu\u1ea5t \u0111\u00e3 cho ra m\u1eaft d\u00f2ng r\u01b0\u1ee3u vang Luna\u00a0Rosso Dolce<\/p>\n<p><strong>Quy tr\u00ecnh l\u00e0m r\u01b0\u1ee3u vang Luna Rosso Dolce<\/strong><\/p>\n<p>Nho l\u00e0m r\u01b0\u1ee3u vang Luna Rosso Dolce \u0111\u01b0\u1ee3c thu ho\u1ea1ch t\u1eeb nh\u1eefng c\u00e2y nho c\u00f3 tu\u1ed5i th\u1ecd trung b\u00ecnh 14-16 n\u0103m. Khi tr\u0103ng \u0111\u00e3 l\u00ean v\u00e0o nh\u1eefng ng\u00e0y tr\u0103ng khuy\u1ebft, trong \u0111\u00eam t\u1ed1i, \u00e1nh \u0111i\u1ec7n b\u1eadt s\u00e1ng c\u1ea3 m\u1ed9t v\u00f9ng tr\u1eddi. Nh\u1eefng ng\u01b0\u1eddi c\u00f4ng nh\u00e2n thu h\u00e1i nho ngay trong \u0111\u00eam. H\u1ecd thu h\u00e1i b\u1eb1ng tay, t\u1ec9 m\u1ec9 v\u00e0 c\u1ea9n th\u1eadn.<\/p>\n<p>Sau khi \u0111\u01b0\u1ee3c thu ho\u1ea1ch nho \u0111\u01b0\u1ee3c \u00e9p v\u00e0 l\u00ean men trong \u0111i\u1ec1u ki\u1ec7n nhi\u1ec7t \u0111\u1ed9 ti\u00eau chu\u1ea9n. Qu\u00e1 tr\u00ecnh n\u00e0y k\u00e9o d\u00e0i kho\u1ea3ng t\u1eeb 8-10 ng\u00e0y. Sau \u0111\u00f3 r\u01b0\u1ee3u \u0111\u01b0\u1ee3c \u1ee7 trong th\u00f9ng g\u1ed7 s\u1ed3i trong th\u1eddi gian t\u1eeb 16-18 th\u00e1ng tr\u01b0\u1edbc khi \u0111\u00f3ng chai. Cu\u1ed1i c\u00f9ng r\u01b0\u1ee3u \u0111\u01b0\u1ee3c \u1ee7 th\u00eam 12 th\u00e1ng tr\u01b0\u1edbc khi \u0111em ra th\u1ecb\u00a0 tr\u01b0\u1eddng.<\/p>\n<p>\u0110\u1eb7c \u0111i\u1ec3m r\u01b0\u1ee3u vang Luna Rosso Dolce<\/p>\n<p>Do \u0111\u01b0\u1ee3c l\u00ean men t\u1eeb nh\u1eefng tr\u00e1i nho ch\u00edn mu\u1ed3i n\u00ean r\u01b0\u1ee3u vang Luna Rosso Dolce mang \u0111\u1ebfn cho ng\u01b0\u1eddi th\u01b0\u1edfng th\u1ee9c m\u1ed9t v\u1ecb ng\u1ecdt thanh tao, \u0111\u1ea7y hoa qu\u1ea3. T\u1ea1o ra m\u1ed9t c\u1ea3m gi\u00e1c \u0111\u1eadm \u0111\u00e0, r\u00f5 r\u00e0ng c\u1ee7a tanin trong v\u00f2m mi\u1ec7ng.<\/p>\n<p>B\u00ean c\u1ea1nh \u0111\u00f3 chai vang Luna Rosso Dolce c\u00f2n hi\u1ec7n l\u00ean \u0111\u1ea7y \u1ea5n t\u01b0\u1ee3ng v\u1edbi m\u1ed9t s\u1eafc h\u1ed3ng ng\u1ecdc qu\u00fd ph\u00e1i c\u00f9ng h\u01b0\u01a1ng th\u01a1m quy\u1ebfn r\u0169 \u0111\u1eadm \u0111\u00e0 c\u1ee7a tr\u00e1i c\u00e2y \u0111\u1ecf, m\u1eadn v\u00e0 vi\u1ec7t qu\u1ea5t.<\/p>\n<p>C\u1ed9ng th\u00eam n\u1ed3ng \u0111\u1ed9 c\u1ed3n th\u1ea5p, dung t\u00edch r\u01b0\u1ee3u l\u1edbn m\u00e0 gi\u00e1 c\u1ea3 ph\u1ea3i ch\u0103ng, r\u01b0\u1ee3u vang Luna Rosso Dolce \u0111\u00e3 tr\u1edf th\u00e0nh ng\u01b0\u1eddi b\u1ea1n \u0111\u1ed3ng h\u00e0nh l\u00fd t\u01b0\u1edfng cho m\u1ecdi b\u1eefa ti\u1ec7c.<\/p>\n<p>B\u00ed quy\u1ebft th\u01b0\u1edfng th\u1ee9c r\u01b0\u1ee3u vang Luna Rosso Dolce<\/p>\n<p>N\u00ean th\u01b0\u1edfng th\u1ee9c r\u01b0\u1ee3u vang \u0111\u1ecf ng\u1ecdt Luna Rosso Dolce \u1edf nhi\u1ec7t \u0111\u1ed9 dao \u0111\u1ed9ng t\u1eeb kho\u1ea3ng 8 \u2013 11 \u0111\u1ed9 C k\u00e8m c\u00e1c m\u00f3n th\u1ecbt th\u00fa r\u1eebng n\u01b0\u1edbng ho\u1eb7c c\u00e1c m\u00f3n h\u1ea5p.<\/p>\n<p>H\u01b0\u01a1ng v\u1ecb tr\u00e1i c\u00e2y c\u1ee7a r\u01b0\u1ee3u vang s\u1ebd tr\u1edf n\u00ean n\u1ed5i b\u1eadt n\u1ebfu \u0111\u01b0\u1ee3c th\u01b0\u1edfng th\u1ee9c trong ly th\u1ee7y tinh th\u00e2n thon, v\u00e0nh ly m\u1ecfng. V\u00ec b\u1ea1n c\u00f3 th\u1ec3 t\u1eeb t\u1eeb nh\u1ea5m nh\u00e1p d\u01b0 v\u1ecb ng\u1ecdt ng\u1ecdt tinh t\u1ebf c\u1ee7a r\u01b0\u1ee3u.<\/p>\n<p>&nbsp;<\/p>\n","protected":false},"excerpt":{"rendered":"<table style=\"border-collapse: collapse; width: 100%; height: 136px;\">\n<tbody>\n<tr style=\"height: 21px;\">\n<td style=\"width: 50%; height: 21px;\">Xu\u1ea5t x\u1ee9<\/td>\n<td style=\"width: 50%; height: 21px;\">\u00dd<\/td>\n<\/tr>\n<tr style=\"height: 21px;\">\n<td style=\"width: 50%; height: 21px;\">Ph\u00e2n lo\u1ea1i<\/td>\n<td style=\"width: 50%; height: 21px;\">Vang \u0111\u1ecf<\/td>\n<\/tr>\n<tr style=\"height: 21px;\">\n<td style=\"width: 50%; height: 21px;\">N\u1ed3ng \u0111\u1ed9<\/td>\n<td style=\"width: 50%; height: 21px;\">11%<\/td>\n<\/tr>\n<tr style=\"height: 21px;\">\n<td style=\"width: 50%; height: 21px;\">Dung t\u00edch<\/td>\n<td style=\"width: 50%; height: 21px;\">\u00a0750ml<\/td>\n<\/tr>\n<tr style=\"height: 21px;\">\n<td style=\"width: 50%; height: 21px;\">Gi\u1ed1ng nho<\/td>\n<td style=\"width: 50%; height: 21px;\">Blend<\/td>\n<\/tr>\n<tr style=\"height: 21px;\">\n<td style=\"width: 50%; height: 21px;\"><\/td>\n<td style=\"width: 50%; height: 21px;\"><\/td>\n<\/tr>\n<tr style=\"height: 21px;\">\n<td style=\"width: 50%; height: 21px;\"><\/td>\n<td style=\"width: 50%; height: 21px;\"><\/td>\n<\/tr>\n<\/tbody>\n<\/table>\n<p>&nbsp;<\/p>\n","protected":false},"featured_media":1099,"comment_status":"closed","ping_status":"closed","template":"","meta":{"_acf_changed":false},"product_brand":[],"product_cat":[205,27,26,62,29],"product_tag":[246,184,197,247,248,153],"class_list":{"0":"post-1098","1":"product","2":"type-product","3":"status-publish","4":"has-post-thumbnail","6":"product_cat-blend","7":"product_cat-ruou-vang","8":"product_cat-san-pham-noi-bat","9":"product_cat-vang-do","10":"product_cat-vang-y","11":"product_tag-luna","12":"product_tag-ruou-vang-gia-re","13":"product_tag-vang-do","14":"product_tag-vang-ngot","15":"product_tag-vang-thom","16":"product_tag-vang-y","18":"first","19":"instock","20":"shipping-taxable","21":"product-type-simple"},"acf":[],"yoast_head":"<!-- This site is optimized with the Yoast SEO plugin v26.8 - https:\/\/yoast.com\/product\/yoast-seo-wordpress\/ -->\n<title>R\u01b0\u1ee3u Vang \u00dd Luna AL Chiar DI Luna DAL - R.WINE<\/title>\n<meta name=\"robots\" content=\"noindex, follow\" \/>\n<meta property=\"og:locale\" content=\"vi_VN\" \/>\n<meta property=\"og:type\" content=\"article\" \/>\n<meta property=\"og:title\" content=\"R\u01b0\u1ee3u Vang \u00dd Luna AL Chiar DI Luna DAL - R.WINE\" \/>\n<meta property=\"og:description\" content=\"Xu\u1ea5t x\u1ee9 \u00dd   Ph\u00e2n lo\u1ea1i Vang \u0111\u1ecf   N\u1ed3ng \u0111\u1ed9 11%   Dung t\u00edch \u00a0750ml   Gi\u1ed1ng nho Blend            &nbsp;\" \/>\n<meta property=\"og:url\" content=\"https:\/\/rwinevietnam.com\/home\/ruou-vang-y-luna-al-chiar-di-luna-dal\/\" \/>\n<meta property=\"og:site_name\" content=\"R.WINE\" \/>\n<meta property=\"article:modified_time\" content=\"2023-12-06T08:57:28+00:00\" \/>\n<meta property=\"og:image\" content=\"https:\/\/rwinevietnam.com\/home\/wp-content\/uploads\/2023\/10\/IMG_6175.jpeg\" \/>\n\t<meta property=\"og:image:width\" content=\"1536\" \/>\n\t<meta property=\"og:image:height\" content=\"2048\" \/>\n\t<meta property=\"og:image:type\" content=\"image\/jpeg\" \/>\n<meta name=\"twitter:card\" content=\"summary_large_image\" \/>\n<script type=\"application\/ld+json\" class=\"yoast-schema-graph\">{\"@context\":\"https:\/\/schema.org\",\"@graph\":[{\"@type\":\"WebPage\",\"@id\":\"https:\/\/rwinevietnam.com\/home\/ruou-vang-y-luna-al-chiar-di-luna-dal\/\",\"url\":\"https:\/\/rwinevietnam.com\/home\/ruou-vang-y-luna-al-chiar-di-luna-dal\/\",\"name\":\"R\u01b0\u1ee3u Vang \u00dd Luna AL Chiar DI Luna DAL - R.WINE\",\"isPartOf\":{\"@id\":\"https:\/\/rwinevietnam.com\/home\/#website\"},\"primaryImageOfPage\":{\"@id\":\"https:\/\/rwinevietnam.com\/home\/ruou-vang-y-luna-al-chiar-di-luna-dal\/#primaryimage\"},\"image\":{\"@id\":\"https:\/\/rwinevietnam.com\/home\/ruou-vang-y-luna-al-chiar-di-luna-dal\/#primaryimage\"},\"thumbnailUrl\":\"https:\/\/rwinevietnam.com\/home\/wp-content\/uploads\/2023\/10\/IMG_6175.jpeg\",\"datePublished\":\"2023-10-31T14:44:41+00:00\",\"dateModified\":\"2023-12-06T08:57:28+00:00\",\"breadcrumb\":{\"@id\":\"https:\/\/rwinevietnam.com\/home\/ruou-vang-y-luna-al-chiar-di-luna-dal\/#breadcrumb\"},\"inLanguage\":\"vi\",\"potentialAction\":[{\"@type\":\"ReadAction\",\"target\":[\"https:\/\/rwinevietnam.com\/home\/ruou-vang-y-luna-al-chiar-di-luna-dal\/\"]}]},{\"@type\":\"ImageObject\",\"inLanguage\":\"vi\",\"@id\":\"https:\/\/rwinevietnam.com\/home\/ruou-vang-y-luna-al-chiar-di-luna-dal\/#primaryimage\",\"url\":\"https:\/\/rwinevietnam.com\/home\/wp-content\/uploads\/2023\/10\/IMG_6175.jpeg\",\"contentUrl\":\"https:\/\/rwinevietnam.com\/home\/wp-content\/uploads\/2023\/10\/IMG_6175.jpeg\",\"width\":1536,\"height\":2048},{\"@type\":\"BreadcrumbList\",\"@id\":\"https:\/\/rwinevietnam.com\/home\/ruou-vang-y-luna-al-chiar-di-luna-dal\/#breadcrumb\",\"itemListElement\":[{\"@type\":\"ListItem\",\"position\":1,\"name\":\"Trang ch\u1ee7\",\"item\":\"https:\/\/rwinevietnam.com\/home\/\"},{\"@type\":\"ListItem\",\"position\":2,\"name\":\"S\u1ea3n ph\u1ea9m\",\"item\":\"https:\/\/rwinevietnam.com\/home\/san-pham\/\"},{\"@type\":\"ListItem\",\"position\":3,\"name\":\"R\u01b0\u1ee3u Vang \u00dd Luna AL Chiar DI Luna DAL\"}]},{\"@type\":\"WebSite\",\"@id\":\"https:\/\/rwinevietnam.com\/home\/#website\",\"url\":\"https:\/\/rwinevietnam.com\/home\/\",\"name\":\"R.WINE\",\"description\":\"C\u00d4NG TY C\u1ed4 PH\u1ea6N XU\u1ea4T KH\u1ea8U NH\u1eacP KH\u1ea8U\",\"potentialAction\":[{\"@type\":\"SearchAction\",\"target\":{\"@type\":\"EntryPoint\",\"urlTemplate\":\"https:\/\/rwinevietnam.com\/home\/?s={search_term_string}\"},\"query-input\":{\"@type\":\"PropertyValueSpecification\",\"valueRequired\":true,\"valueName\":\"search_term_string\"}}],\"inLanguage\":\"vi\"}]}<\/script>\n<!-- \/ Yoast SEO plugin. -->","yoast_head_json":{"title":"R\u01b0\u1ee3u Vang \u00dd Luna AL Chiar DI Luna DAL - R.WINE","robots":{"index":"noindex","follow":"follow"},"og_locale":"vi_VN","og_type":"article","og_title":"R\u01b0\u1ee3u Vang \u00dd Luna AL Chiar DI Luna DAL - R.WINE","og_description":"Xu\u1ea5t x\u1ee9 \u00dd   Ph\u00e2n lo\u1ea1i Vang \u0111\u1ecf   N\u1ed3ng \u0111\u1ed9 11%   Dung t\u00edch \u00a0750ml   Gi\u1ed1ng nho Blend            &nbsp;","og_url":"https:\/\/rwinevietnam.com\/home\/ruou-vang-y-luna-al-chiar-di-luna-dal\/","og_site_name":"R.WINE","article_modified_time":"2023-12-06T08:57:28+00:00","og_image":[{"width":1536,"height":2048,"url":"https:\/\/rwinevietnam.com\/home\/wp-content\/uploads\/2023\/10\/IMG_6175.jpeg","type":"image\/jpeg"}],"twitter_card":"summary_large_image","schema":{"@context":"https:\/\/schema.org","@graph":[{"@type":"WebPage","@id":"https:\/\/rwinevietnam.com\/home\/ruou-vang-y-luna-al-chiar-di-luna-dal\/","url":"https:\/\/rwinevietnam.com\/home\/ruou-vang-y-luna-al-chiar-di-luna-dal\/","name":"R\u01b0\u1ee3u Vang \u00dd Luna AL Chiar DI Luna DAL - R.WINE","isPartOf":{"@id":"https:\/\/rwinevietnam.com\/home\/#website"},"primaryImageOfPage":{"@id":"https:\/\/rwinevietnam.com\/home\/ruou-vang-y-luna-al-chiar-di-luna-dal\/#primaryimage"},"image":{"@id":"https:\/\/rwinevietnam.com\/home\/ruou-vang-y-luna-al-chiar-di-luna-dal\/#primaryimage"},"thumbnailUrl":"https:\/\/rwinevietnam.com\/home\/wp-content\/uploads\/2023\/10\/IMG_6175.jpeg","datePublished":"2023-10-31T14:44:41+00:00","dateModified":"2023-12-06T08:57:28+00:00","breadcrumb":{"@id":"https:\/\/rwinevietnam.com\/home\/ruou-vang-y-luna-al-chiar-di-luna-dal\/#breadcrumb"},"inLanguage":"vi","potentialAction":[{"@type":"ReadAction","target":["https:\/\/rwinevietnam.com\/home\/ruou-vang-y-luna-al-chiar-di-luna-dal\/"]}]},{"@type":"ImageObject","inLanguage":"vi","@id":"https:\/\/rwinevietnam.com\/home\/ruou-vang-y-luna-al-chiar-di-luna-dal\/#primaryimage","url":"https:\/\/rwinevietnam.com\/home\/wp-content\/uploads\/2023\/10\/IMG_6175.jpeg","contentUrl":"https:\/\/rwinevietnam.com\/home\/wp-content\/uploads\/2023\/10\/IMG_6175.jpeg","width":1536,"height":2048},{"@type":"BreadcrumbList","@id":"https:\/\/rwinevietnam.com\/home\/ruou-vang-y-luna-al-chiar-di-luna-dal\/#breadcrumb","itemListElement":[{"@type":"ListItem","position":1,"name":"Trang ch\u1ee7","item":"https:\/\/rwinevietnam.com\/home\/"},{"@type":"ListItem","position":2,"name":"S\u1ea3n ph\u1ea9m","item":"https:\/\/rwinevietnam.com\/home\/san-pham\/"},{"@type":"ListItem","position":3,"name":"R\u01b0\u1ee3u Vang \u00dd Luna AL Chiar DI Luna DAL"}]},{"@type":"WebSite","@id":"https:\/\/rwinevietnam.com\/home\/#website","url":"https:\/\/rwinevietnam.com\/home\/","name":"R.WINE","description":"C\u00d4NG TY C\u1ed4 PH\u1ea6N XU\u1ea4T KH\u1ea8U NH\u1eacP KH\u1ea8U","potentialAction":[{"@type":"SearchAction","target":{"@type":"EntryPoint","urlTemplate":"https:\/\/rwinevietnam.com\/home\/?s={search_term_string}"},"query-input":{"@type":"PropertyValueSpecification","valueRequired":true,"valueName":"search_term_string"}}],"inLanguage":"vi"}]}},"_links":{"self":[{"href":"https:\/\/rwinevietnam.com\/home\/wp-json\/wp\/v2\/product\/1098","targetHints":{"allow":["GET"]}}],"collection":[{"href":"https:\/\/rwinevietnam.com\/home\/wp-json\/wp\/v2\/product"}],"about":[{"href":"https:\/\/rwinevietnam.com\/home\/wp-json\/wp\/v2\/types\/product"}],"replies":[{"embeddable":true,"href":"https:\/\/rwinevietnam.com\/home\/wp-json\/wp\/v2\/comments?post=1098"}],"wp:featuredmedia":[{"embeddable":true,"href":"https:\/\/rwinevietnam.com\/home\/wp-json\/wp\/v2\/media\/1099"}],"wp:attachment":[{"href":"https:\/\/rwinevietnam.com\/home\/wp-json\/wp\/v2\/media?parent=1098"}],"wp:term":[{"taxonomy":"product_brand","embeddable":true,"href":"https:\/\/rwinevietnam.com\/home\/wp-json\/wp\/v2\/product_brand?post=1098"},{"taxonomy":"product_cat","embeddable":true,"href":"https:\/\/rwinevietnam.com\/home\/wp-json\/wp\/v2\/product_cat?post=1098"},{"taxonomy":"product_tag","embeddable":true,"href":"https:\/\/rwinevietnam.com\/home\/wp-json\/wp\/v2\/product_tag?post=1098"}],"curies":[{"name":"wp","href":"https:\/\/api.w.org\/{rel}","templated":true}]}}