{"id":1088,"date":"2023-10-30T12:18:40","date_gmt":"2023-10-30T12:18:40","guid":{"rendered":"https:\/\/rwinevietnam.com\/home\/?post_type=product&#038;p=1088"},"modified":"2023-10-30T12:33:39","modified_gmt":"2023-10-30T12:33:39","slug":"ruou-brandy-xo-king-arthur-xv","status":"publish","type":"product","link":"https:\/\/rwinevietnam.com\/home\/ruou-brandy-xo-king-arthur-xv\/","title":{"rendered":"R\u01b0\u1ee3u Brandy XO King Arthur XV"},"content":{"rendered":"<p>R\u01b0\u1ee3u King Arthur XV XO Brandy Ph\u00e1p l\u00e0 m\u1ed9t trong nh\u1eefng lo\u1ea1i r\u01b0\u1ee3u Brandy \u0111\u1eb3ng c\u1ea5p cao \u0111\u01b0\u1ee3c s\u1ea3n xu\u1ea5t t\u1ea1i Ph\u00e1p. V\u1edbi h\u01b0\u01a1ng v\u1ecb tinh t\u1ebf v\u00e0 h\u01b0\u01a1ng th\u01a1m ph\u1ee9c h\u1ee3p, n\u00f3 \u0111em \u0111\u1ebfn tr\u1ea3i nghi\u1ec7m th\u01b0\u1edfng th\u1ee9c r\u01b0\u1ee3u tuy\u1ec7t v\u1eddi cho ng\u01b0\u1eddi y\u00eau th\u00edch r\u01b0\u1ee3u.<\/p>\n<p><strong>King Arthur XV XO Brandy Ph\u00e1p<\/strong>\u00a0l\u00e0 k\u1ebft qu\u1ea3 c\u1ee7a qu\u00e1 tr\u00ecnh \u1ee7 r\u01b0\u1ee3u tinh t\u00fay v\u00e0 l\u00e2u d\u00e0i. R\u01b0\u1ee3u \u0111\u01b0\u1ee3c s\u1ea3n xu\u1ea5t t\u1eeb nho ch\u1ee7 y\u1ebfu t\u1eeb v\u00f9ng Cognac c\u1ee7a Ph\u00e1p, n\u01a1i c\u00f3 \u0111i\u1ec1u ki\u1ec7n t\u1ef1 nhi\u00ean l\u00fd t\u01b0\u1edfng cho vi\u1ec7c tr\u1ed3ng v\u00e0 tr\u01b0\u1edfng th\u00e0nh nho. \u0110\u01b0\u1ee3c \u1ee7 trong c\u00e1c th\u00f9ng g\u1ed7 s\u1ed3i cao c\u1ea5p, r\u01b0\u1ee3u King Arthur XV XO Brandy Ph\u00e1p \u0111\u00e3 tr\u1ea3i qua qu\u00e1 tr\u00ecnh \u1ee7 l\u00e3o h\u00f3a k\u00e9o d\u00e0i \u00edt nh\u1ea5t 15 n\u0103m. \u0110i\u1ec1u n\u00e0y t\u1ea1o n\u00ean h\u01b0\u01a1ng v\u1ecb \u0111\u1eb7c tr\u01b0ng v\u00e0 phong ph\u00fa c\u1ee7a s\u1ea3n ph\u1ea9m.<\/p>\n<p>V\u1edbi m\u00e0u s\u1eafc v\u00e0ng \u00e1nh h\u1ed5 ph\u00e1ch v\u00e0 t\u1ea7ng m\u00e0u \u1ea5m \u00e1p, r\u01b0\u1ee3u King Arthur XV XO Brandy Ph\u00e1p g\u00e2y \u1ea5n t\u01b0\u1ee3ng ngay t\u1eeb c\u00e1i nh\u00ecn \u0111\u1ea7u ti\u00ean. H\u01b0\u01a1ng th\u01a1m ph\u1ee9c h\u1ee3p c\u1ee7a n\u00f3 mang \u0111\u1ebfn m\u1ed9t tr\u1ea3i nghi\u1ec7m g\u1ee3i nh\u1edb nh\u1eefng h\u01b0\u01a1ng v\u1ecb tuy\u1ec7t v\u1eddi c\u1ee7a tr\u00e1i c\u00e2y ch\u00edn m\u1ecdng, vani, s\u00f4 c\u00f4 la, h\u1ea1t d\u1ebb, v\u00e0 c\u00e1c m\u00f9i gia v\u1ecb \u1ea5m \u00e1p. Khi th\u01b0\u1edfng th\u1ee9c, r\u01b0\u1ee3u mang \u0111\u1ebfn c\u1ea3m gi\u00e1c \u00eam d\u1ecbu, tr\u00f2n \u0111\u1ea7y v\u00e0 l\u01b0u l\u1ea1i h\u1eadu v\u1ecb k\u00e9o d\u00e0i tr\u00ean \u0111\u1ea7u l\u01b0\u1ee1i.<\/p>\n<p>V\u1edbi ch\u1ea5t l\u01b0\u1ee3ng cao v\u00e0 gi\u00e1 tr\u1ecb th\u01b0\u01a1ng hi\u1ec7u, r\u01b0\u1ee3u King Arthur XV XO Brandy Ph\u00e1p l\u00e0 s\u1ef1 l\u1ef1a ch\u1ecdn ho\u00e0n h\u1ea3o cho nh\u1eefng d\u1ecbp \u0111\u1eb7c bi\u1ec7t. N\u00f3 th\u00edch h\u1ee3p \u0111\u1ec3 th\u01b0\u1edfng th\u1ee9c m\u1ed9t m\u00ecnh ho\u1eb7c c\u00f9ng b\u1ea1n b\u00e8 v\u00e0 ng\u01b0\u1eddi th\u00e2n.<\/p>\n<p>&nbsp;<\/p>\n<p><img loading=\"lazy\" decoding=\"async\" class=\"aligncenter  wp-image-1090\" src=\"https:\/\/rwinevietnam.com\/home\/wp-content\/uploads\/2023\/10\/IMG_6155-799x1024.jpeg\" alt=\"\" width=\"433\" height=\"555\" srcset=\"https:\/\/rwinevietnam.com\/home\/wp-content\/uploads\/2023\/10\/IMG_6155-799x1024.jpeg 799w, https:\/\/rwinevietnam.com\/home\/wp-content\/uploads\/2023\/10\/IMG_6155-234x300.jpeg 234w, https:\/\/rwinevietnam.com\/home\/wp-content\/uploads\/2023\/10\/IMG_6155-768x984.jpeg 768w, https:\/\/rwinevietnam.com\/home\/wp-content\/uploads\/2023\/10\/IMG_6155-1198x1536.jpeg 1198w, https:\/\/rwinevietnam.com\/home\/wp-content\/uploads\/2023\/10\/IMG_6155-300x384.jpeg 300w, https:\/\/rwinevietnam.com\/home\/wp-content\/uploads\/2023\/10\/IMG_6155-600x769.jpeg 600w, https:\/\/rwinevietnam.com\/home\/wp-content\/uploads\/2023\/10\/IMG_6155.jpeg 1566w\" sizes=\"auto, (max-width: 433px) 100vw, 433px\" \/><\/p>\n<p>R\u01b0\u1ee3u King Arthur XV t\u1ecfa ra m\u1ed9t h\u01b0\u01a1ng th\u01a1m quy\u1ebfn r\u0169 v\u00e0 tinh t\u1ebf. T\u1eeb m\u00f9i c\u1ee7a T\u00e1o t\u01b0\u01a1i, Nho kh\u00f4 v\u00e0 Ch\u00e0 L\u00e0 cho \u0111\u1ebfn h\u01b0\u01a1ng tr\u00e1i c\u00e2y s\u1ea5y kh\u00f4 nh\u01b0 qu\u1ea3 M\u01a1 v\u00e0 Cam k\u1eb9o, m\u1ed7i h\u01b0\u01a1ng th\u01a1m \u0111\u1ec1u g\u00f3p ph\u1ea7n t\u1ea1o n\u00ean m\u1ed9t t\u1ea7ng h\u01b0\u01a1ng \u0111\u1ed9c \u0111\u00e1o. B\u00ean c\u1ea1nh \u0111\u00f3, h\u01b0\u01a1ng th\u01a1m c\u1ee7a Qu\u1ebf v\u00e0 Nh\u1ee5c \u0110\u1eadu Kh\u1ea5u c\u00f9ng v\u1edbi ch\u00fat \u0110inh H\u01b0\u01a1ng, H\u1ea1t Ti\u00eau, rau M\u00f9i v\u00e0 Th\u00ec L\u00e0 t\u1ea1o n\u00ean s\u1ef1 phong ph\u00fa v\u00e0 h\u1ea5p d\u1eabn cho King Arthur XV.<\/p>\n<p><strong>R\u01b0\u1ee3u King Arthur XV<\/strong> l\u00e0 m\u1ed9t trong nh\u1eefng lo\u1ea1i r\u01b0\u1ee3u Brandy cao c\u1ea5p \u0111\u1ed9c \u0111\u00e1o, \u0111\u1ebfn t\u1eeb nh\u00e0 m\u00e1y ch\u01b0ng c\u1ea5t r\u01b0\u1ee3u n\u1ed5i ti\u1ebfng. V\u1edbi qu\u00e1 tr\u00ecnh \u1ee7 l\u00e2u n\u0103m trong th\u00f9ng g\u1ed7 s\u1ed3i, r\u01b0\u1ee3u King Arthur XV mang trong m\u00ecnh v\u1ecb ng\u1ecdt thanh l\u1ecbch v\u00e0 h\u01b0\u01a1ng th\u01a1m tinh t\u1ebf m\u00e0 kh\u00f4ng ai c\u00f3 th\u1ec3 ph\u1ee7 nh\u1eadn. R.WINE t\u1ef1 h\u00e0o l\u00e0 m\u1ed9t trong nh\u1eefng \u0111\u1ecba ch\u1ec9 h\u00e0ng \u0111\u1ea7u \u0111\u1ec3 mua R\u01b0\u1ee3u King Arthur XV uy t\u00edn v\u00e0 gi\u00e1 t\u1ed1t. V\u1edbi s\u1ef1 \u0111am m\u00ea v\u1edbi r\u01b0\u1ee3u ngo\u1ea1i v\u00e0 cam k\u1ebft mang \u0111\u1ebfn s\u1ef1 h\u00e0i l\u00f2ng cho kh\u00e1ch h\u00e0ng, ch\u00fang t\u00f4i t\u1ef1 tin l\u00e0 \u0111\u1ed1i t\u00e1c \u0111\u00e1ng tin c\u1eady trong vi\u1ec7c kh\u00e1m ph\u00e1 v\u1ebb \u0111\u1eb9p c\u1ee7a R\u01b0\u1ee3u King Arthur XV.<\/p>\n<p>&nbsp;<\/p>\n<p><img loading=\"lazy\" decoding=\"async\" class=\"aligncenter  wp-image-1091\" src=\"https:\/\/rwinevietnam.com\/home\/wp-content\/uploads\/2023\/10\/IMG_6154-768x1024.jpeg\" alt=\"\" width=\"442\" height=\"590\" srcset=\"https:\/\/rwinevietnam.com\/home\/wp-content\/uploads\/2023\/10\/IMG_6154-768x1024.jpeg 768w, https:\/\/rwinevietnam.com\/home\/wp-content\/uploads\/2023\/10\/IMG_6154-225x300.jpeg 225w, https:\/\/rwinevietnam.com\/home\/wp-content\/uploads\/2023\/10\/IMG_6154-1152x1536.jpeg 1152w, https:\/\/rwinevietnam.com\/home\/wp-content\/uploads\/2023\/10\/IMG_6154-300x400.jpeg 300w, https:\/\/rwinevietnam.com\/home\/wp-content\/uploads\/2023\/10\/IMG_6154-600x800.jpeg 600w, https:\/\/rwinevietnam.com\/home\/wp-content\/uploads\/2023\/10\/IMG_6154.jpeg 1536w\" sizes=\"auto, (max-width: 442px) 100vw, 442px\" \/><\/p>\n<p><strong>\u00a0<\/strong><\/p>\n<p>&nbsp;<\/p>\n","protected":false},"excerpt":{"rendered":"<table style=\"border-collapse: collapse; width: 100%; height: 136px;\">\n<tbody>\n<tr style=\"height: 21px;\">\n<td style=\"width: 50%; height: 21px;\">Xu\u1ea5t x\u1ee9<\/td>\n<td style=\"width: 50%; height: 21px;\">Ph\u00e1p<\/td>\n<\/tr>\n<tr style=\"height: 21px;\">\n<td style=\"width: 50%; height: 21px;\">M\u1ea7u s\u1eafc<\/td>\n<td style=\"width: 50%; height: 21px;\">M\u1ea7u V\u00e0ng \u0110\u1eadm<\/td>\n<\/tr>\n<tr style=\"height: 21px;\">\n<td style=\"width: 50%; height: 21px;\">N\u1ed3ng \u0111\u1ed9<\/td>\n<td style=\"width: 50%; height: 21px;\">40%<\/td>\n<\/tr>\n<tr style=\"height: 21px;\">\n<td style=\"width: 50%; height: 21px;\">Dung t\u00edch<\/td>\n<td style=\"width: 50%; height: 21px;\">3 L\u00edt<\/td>\n<\/tr>\n<tr style=\"height: 21px;\">\n<td style=\"width: 50%; height: 21px;\"><\/td>\n<td style=\"width: 50%; height: 21px;\"><\/td>\n<\/tr>\n<tr style=\"height: 21px;\">\n<td style=\"width: 50%; height: 21px;\"><\/td>\n<td style=\"width: 50%; height: 21px;\"><\/td>\n<\/tr>\n<tr style=\"height: 21px;\">\n<td style=\"width: 50%; height: 21px;\"><\/td>\n<td style=\"width: 50%; height: 21px;\"><\/td>\n<\/tr>\n<\/tbody>\n<\/table>\n<p>&nbsp;<\/p>\n","protected":false},"featured_media":1089,"comment_status":"closed","ping_status":"closed","template":"","meta":{"_acf_changed":false},"product_brand":[],"product_cat":[236,34,26],"product_tag":[239,240,237,242,238,241],"class_list":{"0":"post-1088","1":"product","2":"type-product","3":"status-publish","4":"has-post-thumbnail","6":"product_cat-brandy","7":"product_cat-ruou-manh","8":"product_cat-san-pham-noi-bat","9":"product_tag-brandy","10":"product_tag-king-arthur-xv","11":"product_tag-ruou-manh","12":"product_tag-ruou-manh-gia-re","13":"product_tag-xo","14":"product_tag-xv","16":"first","17":"instock","18":"shipping-taxable","19":"product-type-simple"},"acf":[],"yoast_head":"<!-- This site is optimized with the Yoast SEO plugin v26.8 - https:\/\/yoast.com\/product\/yoast-seo-wordpress\/ -->\n<title>R\u01b0\u1ee3u Brandy XO King Arthur XV - R.WINE<\/title>\n<meta name=\"robots\" content=\"noindex, follow\" \/>\n<meta property=\"og:locale\" content=\"vi_VN\" \/>\n<meta property=\"og:type\" content=\"article\" \/>\n<meta property=\"og:title\" content=\"R\u01b0\u1ee3u Brandy XO King Arthur XV - R.WINE\" \/>\n<meta property=\"og:description\" content=\"Xu\u1ea5t x\u1ee9 Ph\u00e1p   M\u1ea7u s\u1eafc M\u1ea7u V\u00e0ng \u0110\u1eadm   N\u1ed3ng \u0111\u1ed9 40%   Dung t\u00edch 3 L\u00edt                &nbsp;\" \/>\n<meta property=\"og:url\" content=\"https:\/\/rwinevietnam.com\/home\/ruou-brandy-xo-king-arthur-xv\/\" \/>\n<meta property=\"og:site_name\" content=\"R.WINE\" \/>\n<meta property=\"article:modified_time\" content=\"2023-10-30T12:33:39+00:00\" \/>\n<meta property=\"og:image\" content=\"https:\/\/rwinevietnam.com\/home\/wp-content\/uploads\/2023\/10\/IMG_6153.jpeg\" \/>\n\t<meta property=\"og:image:width\" content=\"1536\" \/>\n\t<meta property=\"og:image:height\" content=\"2048\" \/>\n\t<meta property=\"og:image:type\" content=\"image\/jpeg\" \/>\n<meta name=\"twitter:card\" content=\"summary_large_image\" \/>\n<script type=\"application\/ld+json\" class=\"yoast-schema-graph\">{\"@context\":\"https:\/\/schema.org\",\"@graph\":[{\"@type\":\"WebPage\",\"@id\":\"https:\/\/rwinevietnam.com\/home\/ruou-brandy-xo-king-arthur-xv\/\",\"url\":\"https:\/\/rwinevietnam.com\/home\/ruou-brandy-xo-king-arthur-xv\/\",\"name\":\"R\u01b0\u1ee3u Brandy XO King Arthur XV - R.WINE\",\"isPartOf\":{\"@id\":\"https:\/\/rwinevietnam.com\/home\/#website\"},\"primaryImageOfPage\":{\"@id\":\"https:\/\/rwinevietnam.com\/home\/ruou-brandy-xo-king-arthur-xv\/#primaryimage\"},\"image\":{\"@id\":\"https:\/\/rwinevietnam.com\/home\/ruou-brandy-xo-king-arthur-xv\/#primaryimage\"},\"thumbnailUrl\":\"https:\/\/rwinevietnam.com\/home\/wp-content\/uploads\/2023\/10\/IMG_6153.jpeg\",\"datePublished\":\"2023-10-30T12:18:40+00:00\",\"dateModified\":\"2023-10-30T12:33:39+00:00\",\"breadcrumb\":{\"@id\":\"https:\/\/rwinevietnam.com\/home\/ruou-brandy-xo-king-arthur-xv\/#breadcrumb\"},\"inLanguage\":\"vi\",\"potentialAction\":[{\"@type\":\"ReadAction\",\"target\":[\"https:\/\/rwinevietnam.com\/home\/ruou-brandy-xo-king-arthur-xv\/\"]}]},{\"@type\":\"ImageObject\",\"inLanguage\":\"vi\",\"@id\":\"https:\/\/rwinevietnam.com\/home\/ruou-brandy-xo-king-arthur-xv\/#primaryimage\",\"url\":\"https:\/\/rwinevietnam.com\/home\/wp-content\/uploads\/2023\/10\/IMG_6153.jpeg\",\"contentUrl\":\"https:\/\/rwinevietnam.com\/home\/wp-content\/uploads\/2023\/10\/IMG_6153.jpeg\",\"width\":1536,\"height\":2048},{\"@type\":\"BreadcrumbList\",\"@id\":\"https:\/\/rwinevietnam.com\/home\/ruou-brandy-xo-king-arthur-xv\/#breadcrumb\",\"itemListElement\":[{\"@type\":\"ListItem\",\"position\":1,\"name\":\"Trang ch\u1ee7\",\"item\":\"https:\/\/rwinevietnam.com\/home\/\"},{\"@type\":\"ListItem\",\"position\":2,\"name\":\"S\u1ea3n ph\u1ea9m\",\"item\":\"https:\/\/rwinevietnam.com\/home\/san-pham\/\"},{\"@type\":\"ListItem\",\"position\":3,\"name\":\"R\u01b0\u1ee3u Brandy XO King Arthur XV\"}]},{\"@type\":\"WebSite\",\"@id\":\"https:\/\/rwinevietnam.com\/home\/#website\",\"url\":\"https:\/\/rwinevietnam.com\/home\/\",\"name\":\"R.WINE\",\"description\":\"C\u00d4NG TY C\u1ed4 PH\u1ea6N XU\u1ea4T KH\u1ea8U NH\u1eacP KH\u1ea8U\",\"potentialAction\":[{\"@type\":\"SearchAction\",\"target\":{\"@type\":\"EntryPoint\",\"urlTemplate\":\"https:\/\/rwinevietnam.com\/home\/?s={search_term_string}\"},\"query-input\":{\"@type\":\"PropertyValueSpecification\",\"valueRequired\":true,\"valueName\":\"search_term_string\"}}],\"inLanguage\":\"vi\"}]}<\/script>\n<!-- \/ Yoast SEO plugin. -->","yoast_head_json":{"title":"R\u01b0\u1ee3u Brandy XO King Arthur XV - R.WINE","robots":{"index":"noindex","follow":"follow"},"og_locale":"vi_VN","og_type":"article","og_title":"R\u01b0\u1ee3u Brandy XO King Arthur XV - R.WINE","og_description":"Xu\u1ea5t x\u1ee9 Ph\u00e1p   M\u1ea7u s\u1eafc M\u1ea7u V\u00e0ng \u0110\u1eadm   N\u1ed3ng \u0111\u1ed9 40%   Dung t\u00edch 3 L\u00edt                &nbsp;","og_url":"https:\/\/rwinevietnam.com\/home\/ruou-brandy-xo-king-arthur-xv\/","og_site_name":"R.WINE","article_modified_time":"2023-10-30T12:33:39+00:00","og_image":[{"width":1536,"height":2048,"url":"https:\/\/rwinevietnam.com\/home\/wp-content\/uploads\/2023\/10\/IMG_6153.jpeg","type":"image\/jpeg"}],"twitter_card":"summary_large_image","schema":{"@context":"https:\/\/schema.org","@graph":[{"@type":"WebPage","@id":"https:\/\/rwinevietnam.com\/home\/ruou-brandy-xo-king-arthur-xv\/","url":"https:\/\/rwinevietnam.com\/home\/ruou-brandy-xo-king-arthur-xv\/","name":"R\u01b0\u1ee3u Brandy XO King Arthur XV - R.WINE","isPartOf":{"@id":"https:\/\/rwinevietnam.com\/home\/#website"},"primaryImageOfPage":{"@id":"https:\/\/rwinevietnam.com\/home\/ruou-brandy-xo-king-arthur-xv\/#primaryimage"},"image":{"@id":"https:\/\/rwinevietnam.com\/home\/ruou-brandy-xo-king-arthur-xv\/#primaryimage"},"thumbnailUrl":"https:\/\/rwinevietnam.com\/home\/wp-content\/uploads\/2023\/10\/IMG_6153.jpeg","datePublished":"2023-10-30T12:18:40+00:00","dateModified":"2023-10-30T12:33:39+00:00","breadcrumb":{"@id":"https:\/\/rwinevietnam.com\/home\/ruou-brandy-xo-king-arthur-xv\/#breadcrumb"},"inLanguage":"vi","potentialAction":[{"@type":"ReadAction","target":["https:\/\/rwinevietnam.com\/home\/ruou-brandy-xo-king-arthur-xv\/"]}]},{"@type":"ImageObject","inLanguage":"vi","@id":"https:\/\/rwinevietnam.com\/home\/ruou-brandy-xo-king-arthur-xv\/#primaryimage","url":"https:\/\/rwinevietnam.com\/home\/wp-content\/uploads\/2023\/10\/IMG_6153.jpeg","contentUrl":"https:\/\/rwinevietnam.com\/home\/wp-content\/uploads\/2023\/10\/IMG_6153.jpeg","width":1536,"height":2048},{"@type":"BreadcrumbList","@id":"https:\/\/rwinevietnam.com\/home\/ruou-brandy-xo-king-arthur-xv\/#breadcrumb","itemListElement":[{"@type":"ListItem","position":1,"name":"Trang ch\u1ee7","item":"https:\/\/rwinevietnam.com\/home\/"},{"@type":"ListItem","position":2,"name":"S\u1ea3n ph\u1ea9m","item":"https:\/\/rwinevietnam.com\/home\/san-pham\/"},{"@type":"ListItem","position":3,"name":"R\u01b0\u1ee3u Brandy XO King Arthur XV"}]},{"@type":"WebSite","@id":"https:\/\/rwinevietnam.com\/home\/#website","url":"https:\/\/rwinevietnam.com\/home\/","name":"R.WINE","description":"C\u00d4NG TY C\u1ed4 PH\u1ea6N XU\u1ea4T KH\u1ea8U NH\u1eacP KH\u1ea8U","potentialAction":[{"@type":"SearchAction","target":{"@type":"EntryPoint","urlTemplate":"https:\/\/rwinevietnam.com\/home\/?s={search_term_string}"},"query-input":{"@type":"PropertyValueSpecification","valueRequired":true,"valueName":"search_term_string"}}],"inLanguage":"vi"}]}},"_links":{"self":[{"href":"https:\/\/rwinevietnam.com\/home\/wp-json\/wp\/v2\/product\/1088","targetHints":{"allow":["GET"]}}],"collection":[{"href":"https:\/\/rwinevietnam.com\/home\/wp-json\/wp\/v2\/product"}],"about":[{"href":"https:\/\/rwinevietnam.com\/home\/wp-json\/wp\/v2\/types\/product"}],"replies":[{"embeddable":true,"href":"https:\/\/rwinevietnam.com\/home\/wp-json\/wp\/v2\/comments?post=1088"}],"wp:featuredmedia":[{"embeddable":true,"href":"https:\/\/rwinevietnam.com\/home\/wp-json\/wp\/v2\/media\/1089"}],"wp:attachment":[{"href":"https:\/\/rwinevietnam.com\/home\/wp-json\/wp\/v2\/media?parent=1088"}],"wp:term":[{"taxonomy":"product_brand","embeddable":true,"href":"https:\/\/rwinevietnam.com\/home\/wp-json\/wp\/v2\/product_brand?post=1088"},{"taxonomy":"product_cat","embeddable":true,"href":"https:\/\/rwinevietnam.com\/home\/wp-json\/wp\/v2\/product_cat?post=1088"},{"taxonomy":"product_tag","embeddable":true,"href":"https:\/\/rwinevietnam.com\/home\/wp-json\/wp\/v2\/product_tag?post=1088"}],"curies":[{"name":"wp","href":"https:\/\/api.w.org\/{rel}","templated":true}]}}