{"id":1085,"date":"2023-10-30T10:48:14","date_gmt":"2023-10-30T10:48:14","guid":{"rendered":"https:\/\/rwinevietnam.com\/home\/?post_type=product&#038;p=1085"},"modified":"2023-10-30T12:06:17","modified_gmt":"2023-10-30T12:06:17","slug":"ruou-vang-y-cf-collefrisio-limited-edition-ten-vintages","status":"publish","type":"product","link":"https:\/\/rwinevietnam.com\/home\/ruou-vang-y-cf-collefrisio-limited-edition-ten-vintages\/","title":{"rendered":"R\u01b0\u1ee3u vang \u00dd CF Collefrisio Limited Edition Ten Vintages"},"content":{"rendered":"<p><strong>R\u01b0\u1ee3u vang \u00dd CF Collefrisio Limited Edition Ten Vintages<\/strong><\/p>\n<p><img loading=\"lazy\" decoding=\"async\" class=\"aligncenter wp-image-1087 \" src=\"https:\/\/rwinevietnam.com\/home\/wp-content\/uploads\/2023\/10\/IMG_6149-768x1024.jpeg\" alt=\"\" width=\"426\" height=\"568\" srcset=\"https:\/\/rwinevietnam.com\/home\/wp-content\/uploads\/2023\/10\/IMG_6149-768x1024.jpeg 768w, https:\/\/rwinevietnam.com\/home\/wp-content\/uploads\/2023\/10\/IMG_6149-225x300.jpeg 225w, https:\/\/rwinevietnam.com\/home\/wp-content\/uploads\/2023\/10\/IMG_6149-1152x1536.jpeg 1152w, https:\/\/rwinevietnam.com\/home\/wp-content\/uploads\/2023\/10\/IMG_6149-300x400.jpeg 300w, https:\/\/rwinevietnam.com\/home\/wp-content\/uploads\/2023\/10\/IMG_6149-600x800.jpeg 600w, https:\/\/rwinevietnam.com\/home\/wp-content\/uploads\/2023\/10\/IMG_6149.jpeg 1536w\" sizes=\"auto, (max-width: 426px) 100vw, 426px\" \/><\/p>\n<p>C\u1ea5u tr\u00fac \u0111\u1ea7y \u0111\u1eb7n, m\u1ea1nh m\u1ebd, h\u01b0\u01a1ng th\u01a1m tr\u00e1i d\u00e2u \u0111en, Tr\u00e1i th\u1ea1ch l\u1ef1u, Anh \u0111\u00e0o, n\u1ea5m truffle \u0111en sang tr\u1ecdng. H\u01b0\u01a1ng v\u1ecb r\u01b0\u1ee3u l\u00e0 nh\u1eefng g\u00ec tinh t\u00fay nh\u1ea5t \u0111\u01b0\u1ee3c ch\u1eafc l\u1ecdc t\u1eeb 10 m\u00f9a nho.<br \/>\nL\u00e0 m\u1ed9t phi\u00ean b\u1ea3n \u0111\u1eb7c bi\u1ec7t CF Limited Edition Ten Vintages \u0111\u01b0\u1ee3c tr\u01b0ng b\u00e0y sang tr\u1ecdng trong h\u1ed9p g\u1ed7 h\u1ed9p s\u01a1n m\u00e0i cao c\u1ea5p, k\u00e8m theo \u0111\u1ed3 khui k\u1ef7 ni\u1ec7m c\u1ee7a h\u00e3ng.<\/p>\n<h2>CF Collefrisio Limited Edition Ten Vintages \u2013 R\u01b0\u1ee3u vang \u0111\u1eb3ng c\u1ea5p \u0111\u1ebfn t\u1eeb \u00dd<\/h2>\n<p>R\u01b0\u1ee3u vang CF Collefrisio Limited Edition Ten Vintages l\u00e0 chai vang phi\u00ean b\u1ea3n gi\u1edbi h\u1ea1n, \u0111\u1eb7c bi\u1ec7t nh\u01b0 ch\u00ednh t\u00ean g\u1ecdi c\u1ee7a n\u00f3. R\u01b0\u1ee3u \u0111\u01b0\u1ee3c s\u1ea3n xu\u1ea5t v\u1edbi s\u1ed1 l\u01b0\u1ee3ng gi\u1edbi h\u1ea1n ch\u1ec9 6000 chai tr\u00ean to\u00e0n th\u1ebf gi\u1edbi. Nho l\u00e0m r\u01b0\u1ee3u l\u00e0 nho Motepulciano D\u2019Abuzz, \u0111\u01b0\u1ee3c ch\u1ecdn l\u1ecdc ra t\u1eeb 10 m\u00f9a nho t\u1eeb n\u0103m 2004 \u0111\u1ebfn n\u0103m 2014 . \u0110i\u1ec1u n\u00e0y t\u1ea1o n\u00ean s\u1ef1 \u0111\u1eb7c bi\u1ec7t ch\u1ec9 c\u00f3 \u1edf r\u01b0\u1ee3u vang CF Collefrisio Limited Edition Ten Vintages.<\/p>\n<h3>Th\u01b0\u1edfng th\u1ee9c r\u01b0\u1ee3u vang CF Limited Ten Vintage<\/h3>\n<p>Khi r\u00f3t ra ly r\u01b0\u1ee3u vang c\u00f3 m\u00e0u \u0111\u1ecf \u0111\u1eadm \u00e1nh t\u00edm quy\u1ebfn r\u0169. C\u1ea5u tr\u00fac \u0111\u1ea7y \u0111\u1eb7n, m\u1ea1nh m\u1ebd, h\u01b0\u01a1ng th\u01a1m tr\u00e1i d\u00e2u \u0111en, tr\u00e1i th\u1ea1ch l\u1ef1u, anh \u0111\u00e0o, n\u1ea5m truffle \u0111en sang tr\u1ecdng. H\u01b0\u01a1ng v\u1ecb r\u01b0\u1ee3u l\u00e0 nh\u1eefng g\u00ec tinh t\u00fay nh\u1ea5t \u0111\u01b0\u1ee3c ch\u1eafc l\u1ecdc t\u1eeb 10 m\u00f9a nho.<br \/>\nL\u00e0 m\u1ed9t phi\u00ean b\u1ea3n \u0111\u1eb7c bi\u1ec7t CF Limited Edition Ten Vintage \u0111\u01b0\u1ee3c tr\u01b0ng b\u00e0y sang tr\u1ecdng trong h\u1ed9p g\u1ed7 cao c\u1ea5p, k\u00e8m theo \u0111\u1ed3 khui k\u1ef7 ni\u1ec7m c\u1ee7a h\u00e3ng.<\/p>\n<p>CF \u0111\u01b0\u1ee3c bao b\u1ecdc b\u1edfi h\u1ed9p s\u01a1n m\u00e0i cao c\u1ea5p k\u00e8m \u0111\u1ed3 khui c\u1ee7a h\u00e3ng. B\u00ean trong h\u1ed9p \u0111\u01b0\u1ee3c \u0111\u01b0\u1ee3c thi\u1ebft k\u1ebf tinh t\u1ebf, sang tr\u1ecdng, k\u00e8m \u0111\u1ed3 khui cao c\u1ea5p t\u1eeb h\u00e3ng. V\u1edbi h\u01b0\u01a1ng v\u1ecb \u0111\u1eb7c bi\u1ec7t quy\u1ebfn r\u0169, c\u00f9ng phong c\u00e1ch chai v\u00e0 h\u1ed9p \u0111\u1ef1ng sang tr\u1ecdng. Chai vang n\u00e0y \u0111\u01b0\u1ee3c gi\u1edbi s\u00e0nh vang y\u00eau th\u00edch, \u0111\u1ed3ng th\u1eddi c\u0169ng l\u00e0 m\u00f3n qu\u00e0 sang tr\u1ecdng, \u0111\u1eb3ng c\u1ea5p \u0111\u01b0\u1ee3c nhi\u1ec1u l\u1ef1a ch\u1ecdn l\u00e0m Qu\u00e0 VIP t\u1eb7ng s\u1ebfp, \u0111\u1ed1i t\u00e1c VIP.<\/p>\n<h3>V\u00f9ng Abruzzo v\u00e0 nh\u00e0 s\u1ea3n xu\u1ea5t Collefrisio<\/h3>\n<p>Abruzzo:\u00a0l\u00e0 m\u1ed9t khu v\u1ef1c trung t\u00e2m c\u1ee7a b\u00e1n \u0111\u1ea3o \u00dd n\u1eb1m gi\u1eefa bi\u1ec3n Adriatic v\u00e0 Apennine Mountains. Ch\u1ec9 c\u00f3 b\u1ed1n lo\u1ea1i r\u01b0\u1ee3u vang \u1edf \u0111\u00e2y \u0111\u1ea1t c\u1ea5p \u0111\u1ed9 DOC \u0111\u01b0\u1ee3c c\u00f4ng nh\u1eadn l\u00e0: Contro Guerra, Trebbiano d\u2019Abruzzo, Montepulciano d\u2019Abruzzo v\u00e0 Montepulciano d\u2019Abruzzo Colline Teramane.<\/p>\n<p>Collefrisio: l\u00e0 m\u1ed9t nh\u00e0 l\u00e0m r\u01b0\u1ee3u vang v\u1edbi t\u01b0 duy tr\u1ebb tu\u1ed5i, c\u00f3 tr\u1ee5 s\u1edf \u1edf t\u1ec9nh Chieti c\u1ee7a Abruzzo n\u01a1i nhi\u1ec7t \u0111\u1ed9 \u1ea5m v\u00e0o ban ng\u00e0y v\u00e0 m\u00e1t m\u1ebb v\u00e0o bu\u1ed5i t\u1ed1i. \u0110\u00e2y l\u00e0 \u0111i\u1ec1u ki\u1ec7n l\u00fd t\u01b0\u1edfng \u0111\u1ec3 gi\u1ed1ng nho Montepulciano ph\u00e1t tri\u1ec3n m\u1ea1nh m\u1ebd v\u00e0 t\u1ea1o ra nh\u1eefng tuy\u1ec7t t\u00e1c nh\u01b0 r\u01b0\u1ee3u vang CF Collefrisio Limited Edition Ten Vintages<\/p>\n","protected":false},"excerpt":{"rendered":"<table style=\"border-collapse: collapse; width: 100%; height: 136px;\">\n<tbody>\n<tr style=\"height: 21px;\">\n<td style=\"width: 50%; height: 21px;\">Xu\u1ea5t x\u1ee9<\/td>\n<td style=\"width: 50%; height: 21px;\">\u00dd<\/td>\n<\/tr>\n<tr style=\"height: 21px;\">\n<td style=\"width: 50%; height: 21px;\">Lo\u1ea1i vang<\/td>\n<td style=\"width: 50%; height: 21px;\">Vang \u0111\u1ecf<\/td>\n<\/tr>\n<tr style=\"height: 21px;\">\n<td style=\"width: 50%; height: 10px;\">Gi\u1ed1ng nho<\/td>\n<td style=\"width: 50%; height: 10px;\">Montepulciano<\/td>\n<\/tr>\n<tr style=\"height: 21px;\">\n<td style=\"width: 50%; height: 21px;\">N\u1ed3ng \u0111\u1ed9<\/td>\n<td style=\"width: 50%; height: 21px;\">15%<\/td>\n<\/tr>\n<tr style=\"height: 21px;\">\n<td style=\"width: 50%; height: 21px;\">Dung t\u00edch<\/td>\n<td style=\"width: 50%; height: 21px;\">750ML<\/td>\n<\/tr>\n<tr style=\"height: 21px;\">\n<td style=\"width: 50%; height: 21px;\"><\/td>\n<td style=\"width: 50%; height: 21px;\"><\/td>\n<\/tr>\n<tr style=\"height: 21px;\">\n<td style=\"width: 50%; height: 21px;\"><\/td>\n<td style=\"width: 50%; height: 21px;\"><\/td>\n<\/tr>\n<\/tbody>\n<\/table>\n<p>&nbsp;<\/p>\n","protected":false},"featured_media":1086,"comment_status":"closed","ping_status":"closed","template":"","meta":{"_acf_changed":false},"product_brand":[],"product_cat":[234,27,26,62,29],"product_tag":[235,147,184,153],"class_list":{"0":"post-1085","1":"product","2":"type-product","3":"status-publish","4":"has-post-thumbnail","6":"product_cat-montepulciano","7":"product_cat-ruou-vang","8":"product_cat-san-pham-noi-bat","9":"product_cat-vang-do","10":"product_cat-vang-y","11":"product_tag-cf-limited-ten-vintage","12":"product_tag-ruou-vang-do","13":"product_tag-ruou-vang-gia-re","14":"product_tag-vang-y","16":"first","17":"instock","18":"shipping-taxable","19":"product-type-simple"},"acf":[],"yoast_head":"<!-- This site is optimized with the Yoast SEO plugin v26.8 - https:\/\/yoast.com\/product\/yoast-seo-wordpress\/ -->\n<title>R\u01b0\u1ee3u vang \u00dd CF Collefrisio Limited Edition Ten Vintages - R.WINE<\/title>\n<meta name=\"robots\" content=\"noindex, follow\" \/>\n<meta property=\"og:locale\" content=\"vi_VN\" \/>\n<meta property=\"og:type\" content=\"article\" \/>\n<meta property=\"og:title\" content=\"R\u01b0\u1ee3u vang \u00dd CF Collefrisio Limited Edition Ten Vintages - R.WINE\" \/>\n<meta property=\"og:description\" content=\"Xu\u1ea5t x\u1ee9 \u00dd   Lo\u1ea1i vang Vang \u0111\u1ecf   Gi\u1ed1ng nho Montepulciano   N\u1ed3ng \u0111\u1ed9 15%   Dung t\u00edch 750ML            &nbsp;\" \/>\n<meta property=\"og:url\" content=\"https:\/\/rwinevietnam.com\/home\/ruou-vang-y-cf-collefrisio-limited-edition-ten-vintages\/\" \/>\n<meta property=\"og:site_name\" content=\"R.WINE\" \/>\n<meta property=\"article:modified_time\" content=\"2023-10-30T12:06:17+00:00\" \/>\n<meta property=\"og:image\" content=\"https:\/\/rwinevietnam.com\/home\/wp-content\/uploads\/2023\/10\/IMG_6150.jpeg\" \/>\n\t<meta property=\"og:image:width\" content=\"1576\" \/>\n\t<meta property=\"og:image:height\" content=\"1995\" \/>\n\t<meta property=\"og:image:type\" content=\"image\/jpeg\" \/>\n<meta name=\"twitter:card\" content=\"summary_large_image\" \/>\n<script type=\"application\/ld+json\" class=\"yoast-schema-graph\">{\"@context\":\"https:\/\/schema.org\",\"@graph\":[{\"@type\":\"WebPage\",\"@id\":\"https:\/\/rwinevietnam.com\/home\/ruou-vang-y-cf-collefrisio-limited-edition-ten-vintages\/\",\"url\":\"https:\/\/rwinevietnam.com\/home\/ruou-vang-y-cf-collefrisio-limited-edition-ten-vintages\/\",\"name\":\"R\u01b0\u1ee3u vang \u00dd CF Collefrisio Limited Edition Ten Vintages - R.WINE\",\"isPartOf\":{\"@id\":\"https:\/\/rwinevietnam.com\/home\/#website\"},\"primaryImageOfPage\":{\"@id\":\"https:\/\/rwinevietnam.com\/home\/ruou-vang-y-cf-collefrisio-limited-edition-ten-vintages\/#primaryimage\"},\"image\":{\"@id\":\"https:\/\/rwinevietnam.com\/home\/ruou-vang-y-cf-collefrisio-limited-edition-ten-vintages\/#primaryimage\"},\"thumbnailUrl\":\"https:\/\/rwinevietnam.com\/home\/wp-content\/uploads\/2023\/10\/IMG_6150.jpeg\",\"datePublished\":\"2023-10-30T10:48:14+00:00\",\"dateModified\":\"2023-10-30T12:06:17+00:00\",\"breadcrumb\":{\"@id\":\"https:\/\/rwinevietnam.com\/home\/ruou-vang-y-cf-collefrisio-limited-edition-ten-vintages\/#breadcrumb\"},\"inLanguage\":\"vi\",\"potentialAction\":[{\"@type\":\"ReadAction\",\"target\":[\"https:\/\/rwinevietnam.com\/home\/ruou-vang-y-cf-collefrisio-limited-edition-ten-vintages\/\"]}]},{\"@type\":\"ImageObject\",\"inLanguage\":\"vi\",\"@id\":\"https:\/\/rwinevietnam.com\/home\/ruou-vang-y-cf-collefrisio-limited-edition-ten-vintages\/#primaryimage\",\"url\":\"https:\/\/rwinevietnam.com\/home\/wp-content\/uploads\/2023\/10\/IMG_6150.jpeg\",\"contentUrl\":\"https:\/\/rwinevietnam.com\/home\/wp-content\/uploads\/2023\/10\/IMG_6150.jpeg\",\"width\":1576,\"height\":1995},{\"@type\":\"BreadcrumbList\",\"@id\":\"https:\/\/rwinevietnam.com\/home\/ruou-vang-y-cf-collefrisio-limited-edition-ten-vintages\/#breadcrumb\",\"itemListElement\":[{\"@type\":\"ListItem\",\"position\":1,\"name\":\"Trang ch\u1ee7\",\"item\":\"https:\/\/rwinevietnam.com\/home\/\"},{\"@type\":\"ListItem\",\"position\":2,\"name\":\"S\u1ea3n ph\u1ea9m\",\"item\":\"https:\/\/rwinevietnam.com\/home\/san-pham\/\"},{\"@type\":\"ListItem\",\"position\":3,\"name\":\"R\u01b0\u1ee3u vang \u00dd CF Collefrisio Limited Edition Ten Vintages\"}]},{\"@type\":\"WebSite\",\"@id\":\"https:\/\/rwinevietnam.com\/home\/#website\",\"url\":\"https:\/\/rwinevietnam.com\/home\/\",\"name\":\"R.WINE\",\"description\":\"C\u00d4NG TY C\u1ed4 PH\u1ea6N XU\u1ea4T KH\u1ea8U NH\u1eacP KH\u1ea8U\",\"potentialAction\":[{\"@type\":\"SearchAction\",\"target\":{\"@type\":\"EntryPoint\",\"urlTemplate\":\"https:\/\/rwinevietnam.com\/home\/?s={search_term_string}\"},\"query-input\":{\"@type\":\"PropertyValueSpecification\",\"valueRequired\":true,\"valueName\":\"search_term_string\"}}],\"inLanguage\":\"vi\"}]}<\/script>\n<!-- \/ Yoast SEO plugin. -->","yoast_head_json":{"title":"R\u01b0\u1ee3u vang \u00dd CF Collefrisio Limited Edition Ten Vintages - R.WINE","robots":{"index":"noindex","follow":"follow"},"og_locale":"vi_VN","og_type":"article","og_title":"R\u01b0\u1ee3u vang \u00dd CF Collefrisio Limited Edition Ten Vintages - R.WINE","og_description":"Xu\u1ea5t x\u1ee9 \u00dd   Lo\u1ea1i vang Vang \u0111\u1ecf   Gi\u1ed1ng nho Montepulciano   N\u1ed3ng \u0111\u1ed9 15%   Dung t\u00edch 750ML            &nbsp;","og_url":"https:\/\/rwinevietnam.com\/home\/ruou-vang-y-cf-collefrisio-limited-edition-ten-vintages\/","og_site_name":"R.WINE","article_modified_time":"2023-10-30T12:06:17+00:00","og_image":[{"width":1576,"height":1995,"url":"https:\/\/rwinevietnam.com\/home\/wp-content\/uploads\/2023\/10\/IMG_6150.jpeg","type":"image\/jpeg"}],"twitter_card":"summary_large_image","schema":{"@context":"https:\/\/schema.org","@graph":[{"@type":"WebPage","@id":"https:\/\/rwinevietnam.com\/home\/ruou-vang-y-cf-collefrisio-limited-edition-ten-vintages\/","url":"https:\/\/rwinevietnam.com\/home\/ruou-vang-y-cf-collefrisio-limited-edition-ten-vintages\/","name":"R\u01b0\u1ee3u vang \u00dd CF Collefrisio Limited Edition Ten Vintages - R.WINE","isPartOf":{"@id":"https:\/\/rwinevietnam.com\/home\/#website"},"primaryImageOfPage":{"@id":"https:\/\/rwinevietnam.com\/home\/ruou-vang-y-cf-collefrisio-limited-edition-ten-vintages\/#primaryimage"},"image":{"@id":"https:\/\/rwinevietnam.com\/home\/ruou-vang-y-cf-collefrisio-limited-edition-ten-vintages\/#primaryimage"},"thumbnailUrl":"https:\/\/rwinevietnam.com\/home\/wp-content\/uploads\/2023\/10\/IMG_6150.jpeg","datePublished":"2023-10-30T10:48:14+00:00","dateModified":"2023-10-30T12:06:17+00:00","breadcrumb":{"@id":"https:\/\/rwinevietnam.com\/home\/ruou-vang-y-cf-collefrisio-limited-edition-ten-vintages\/#breadcrumb"},"inLanguage":"vi","potentialAction":[{"@type":"ReadAction","target":["https:\/\/rwinevietnam.com\/home\/ruou-vang-y-cf-collefrisio-limited-edition-ten-vintages\/"]}]},{"@type":"ImageObject","inLanguage":"vi","@id":"https:\/\/rwinevietnam.com\/home\/ruou-vang-y-cf-collefrisio-limited-edition-ten-vintages\/#primaryimage","url":"https:\/\/rwinevietnam.com\/home\/wp-content\/uploads\/2023\/10\/IMG_6150.jpeg","contentUrl":"https:\/\/rwinevietnam.com\/home\/wp-content\/uploads\/2023\/10\/IMG_6150.jpeg","width":1576,"height":1995},{"@type":"BreadcrumbList","@id":"https:\/\/rwinevietnam.com\/home\/ruou-vang-y-cf-collefrisio-limited-edition-ten-vintages\/#breadcrumb","itemListElement":[{"@type":"ListItem","position":1,"name":"Trang ch\u1ee7","item":"https:\/\/rwinevietnam.com\/home\/"},{"@type":"ListItem","position":2,"name":"S\u1ea3n ph\u1ea9m","item":"https:\/\/rwinevietnam.com\/home\/san-pham\/"},{"@type":"ListItem","position":3,"name":"R\u01b0\u1ee3u vang \u00dd CF Collefrisio Limited Edition Ten Vintages"}]},{"@type":"WebSite","@id":"https:\/\/rwinevietnam.com\/home\/#website","url":"https:\/\/rwinevietnam.com\/home\/","name":"R.WINE","description":"C\u00d4NG TY C\u1ed4 PH\u1ea6N XU\u1ea4T KH\u1ea8U NH\u1eacP KH\u1ea8U","potentialAction":[{"@type":"SearchAction","target":{"@type":"EntryPoint","urlTemplate":"https:\/\/rwinevietnam.com\/home\/?s={search_term_string}"},"query-input":{"@type":"PropertyValueSpecification","valueRequired":true,"valueName":"search_term_string"}}],"inLanguage":"vi"}]}},"_links":{"self":[{"href":"https:\/\/rwinevietnam.com\/home\/wp-json\/wp\/v2\/product\/1085","targetHints":{"allow":["GET"]}}],"collection":[{"href":"https:\/\/rwinevietnam.com\/home\/wp-json\/wp\/v2\/product"}],"about":[{"href":"https:\/\/rwinevietnam.com\/home\/wp-json\/wp\/v2\/types\/product"}],"replies":[{"embeddable":true,"href":"https:\/\/rwinevietnam.com\/home\/wp-json\/wp\/v2\/comments?post=1085"}],"wp:featuredmedia":[{"embeddable":true,"href":"https:\/\/rwinevietnam.com\/home\/wp-json\/wp\/v2\/media\/1086"}],"wp:attachment":[{"href":"https:\/\/rwinevietnam.com\/home\/wp-json\/wp\/v2\/media?parent=1085"}],"wp:term":[{"taxonomy":"product_brand","embeddable":true,"href":"https:\/\/rwinevietnam.com\/home\/wp-json\/wp\/v2\/product_brand?post=1085"},{"taxonomy":"product_cat","embeddable":true,"href":"https:\/\/rwinevietnam.com\/home\/wp-json\/wp\/v2\/product_cat?post=1085"},{"taxonomy":"product_tag","embeddable":true,"href":"https:\/\/rwinevietnam.com\/home\/wp-json\/wp\/v2\/product_tag?post=1085"}],"curies":[{"name":"wp","href":"https:\/\/api.w.org\/{rel}","templated":true}]}}