{"id":1075,"date":"2023-10-28T11:45:45","date_gmt":"2023-10-28T11:45:45","guid":{"rendered":"https:\/\/rwinevietnam.com\/home\/?post_type=product&#038;p=1075"},"modified":"2023-10-28T11:51:09","modified_gmt":"2023-10-28T11:51:09","slug":"ruou-vang-phap-menuts-bordeaux-moelleux-blanc","status":"publish","type":"product","link":"https:\/\/rwinevietnam.com\/home\/ruou-vang-phap-menuts-bordeaux-moelleux-blanc\/","title":{"rendered":"R\u01b0\u1ee3u vang Ph\u00e1p Menuts Bordeaux Moelleux Blanc"},"content":{"rendered":"<p>&nbsp;<\/p>\n<p>R\u01b0\u1ee3u vang Menuts Bordeaux Moelleux Blanc l\u00e0 m\u1ed9t\u00a0<a href=\"https:\/\/thegioiruoungon.vn\/\">lo\u1ea1i vang tr\u1eafng<\/a>\u00a0m\u1ec1m ng\u1ecdt (moelleux) \u0111\u01b0\u1ee3c s\u1ea3n xu\u1ea5t t\u1ea1i v\u00f9ng Bordeaux, Ph\u00e1p. \u0110\u00e2y l\u00e0 m\u1ed9t trong nh\u1eefng d\u1ea1ng r\u01b0\u1ee3u tr\u1eafng n\u1ed5i ti\u1ebfng c\u1ee7a khu v\u1ef1c Bordeaux, v\u1edbi h\u01b0\u01a1ng v\u1ecb ng\u1ecdt ng\u00e0o v\u00e0 h\u01b0\u01a1ng th\u01a1m t\u01b0\u01a1i m\u00e1t.<\/p>\n<p>&nbsp;<\/p>\n<p><img loading=\"lazy\" decoding=\"async\" class=\" wp-image-1077 aligncenter\" src=\"https:\/\/rwinevietnam.com\/home\/wp-content\/uploads\/2023\/10\/Menuts-Bordeaux-Moelleux-Blanc-225x300.jpg\" alt=\"\" width=\"317\" height=\"423\" srcset=\"https:\/\/rwinevietnam.com\/home\/wp-content\/uploads\/2023\/10\/Menuts-Bordeaux-Moelleux-Blanc-225x300.jpg 225w, https:\/\/rwinevietnam.com\/home\/wp-content\/uploads\/2023\/10\/Menuts-Bordeaux-Moelleux-Blanc-768x1024.jpg 768w, https:\/\/rwinevietnam.com\/home\/wp-content\/uploads\/2023\/10\/Menuts-Bordeaux-Moelleux-Blanc-300x400.jpg 300w, https:\/\/rwinevietnam.com\/home\/wp-content\/uploads\/2023\/10\/Menuts-Bordeaux-Moelleux-Blanc-600x800.jpg 600w, https:\/\/rwinevietnam.com\/home\/wp-content\/uploads\/2023\/10\/Menuts-Bordeaux-Moelleux-Blanc.jpg 1080w\" sizes=\"auto, (max-width: 317px) 100vw, 317px\" \/><\/p>\n<ul>\n<li>V\u00f9ng s\u1ea3n xu\u1ea5t: Bordeaux, Ph\u00e1p. Bordeaux n\u1eb1m \u1edf t\u00e2y nam n\u01b0\u1edbc Ph\u00e1p v\u00e0 l\u00e0 m\u1ed9t trong nh\u1eefng khu v\u1ef1c s\u1ea3n xu\u1ea5t r\u01b0\u1ee3u vang uy t\u00edn nh\u1ea5t tr\u00ean th\u1ebf gi\u1edbi. V\u00f9ng n\u00e0y chia th\u00e0nh nhi\u1ec1u khu v\u1ef1c nh\u1ecf kh\u00e1c nhau, m\u1ed7i khu v\u1ef1c \u0111\u1eb7c tr\u01b0ng cho c\u00e1c gi\u1ed1ng nho v\u00e0 phong c\u00e1ch l\u00e0m r\u01b0\u1ee3u ri\u00eang bi\u1ec7t.<\/li>\n<li>Lo\u1ea1i r\u01b0\u1ee3u: Menuts Bordeaux Moelleux Blanc l\u00e0 m\u1ed9t lo\u1ea1i r\u01b0\u1ee3u tr\u1eafng ng\u1ecdt (moelleux). R\u01b0\u1ee3u tr\u1eafng ng\u1ecdt th\u01b0\u1eddng c\u00f3 h\u01b0\u01a1ng v\u1ecb ng\u1ecdt ng\u00e0o, \u0111\u01b0\u1ee3c s\u1ea3n xu\u1ea5t t\u1eeb nh\u1eefng qu\u1ea3 nho ch\u00edn m\u1ecdng c\u00f3 n\u1ed3ng \u0111\u1ed9 \u0111\u01b0\u1eddng cao.<\/li>\n<li>Gi\u1ed1ng nho: R\u01b0\u1ee3u vang Moelleux Blanc t\u1eeb Bordeaux th\u01b0\u1eddng \u0111\u01b0\u1ee3c l\u00e0m t\u1eeb c\u00e1c gi\u1ed1ng nho tr\u1eafng, ch\u1eb3ng h\u1ea1n nh\u01b0 S\u00e9millon, Sauvignon Blanc v\u00e0 Muscadelle. Gi\u1ed1ng nho S\u00e9millon th\u01b0\u1eddng \u0111\u01b0\u1ee3c s\u1eed d\u1ee5ng ch\u1ee7 y\u1ebfu, b\u1edfi v\u00ec n\u00f3 c\u00f3 kh\u1ea3 n\u0103ng ch\u1ecbu \u0111\u01b0\u1ee3c nhi\u1ec7t \u0111\u1ed9 cao v\u00e0 khi\u1ebfn cho r\u01b0\u1ee3u vang ng\u1ecdt c\u00f3 \u0111\u1ed9 b\u1ec1n v\u00e0 \u0111\u1ed9 ph\u1ee9c t\u1ea1p cao.<\/li>\n<li>H\u01b0\u01a1ng v\u1ecb v\u00e0 h\u01b0\u01a1ng th\u01a1m: R\u01b0\u1ee3u vang Menuts Bordeaux Moelleux Blanc c\u00f3 th\u1ec3 c\u00f3 h\u01b0\u01a1ng v\u1ecb c\u1ee7a c\u00e1c lo\u1ea1i tr\u00e1i c\u00e2y nh\u01b0 \u0111\u00e0o, l\u00ea, cam, t\u00e1o v\u00e0 m\u1ed9t ch\u00fat h\u01b0\u01a1ng vani. \u0110\u1ed9 ng\u1ecdt v\u00e0 \u0111\u1ed9 axit c\u00e2n \u0111\u1ed1i t\u1ea1o n\u00ean h\u01b0\u01a1ng v\u1ecb t\u01b0\u01a1i m\u00e1t v\u00e0 d\u1ec5 u\u1ed1ng.<\/li>\n<li>Ph\u00f9 h\u1ee3p v\u1edbi m\u00f3n \u0103n: R\u01b0\u1ee3u vang Moelleux Blanc th\u01b0\u1eddng \u0111i k\u00e8m v\u1edbi c\u00e1c m\u00f3n \u0103n ng\u1ecdt, ch\u1eb3ng h\u1ea1n nh\u01b0 m\u1ee9t, b\u00e1nh ng\u1ecdt, kem v\u00e0 c\u00e1c m\u00f3n tr\u00e1ng mi\u1ec7ng kh\u00e1c. N\u00f3 c\u0169ng c\u00f3 th\u1ec3 \u0111\u01b0\u1ee3c th\u01b0\u1edfng th\u1ee9c nh\u01b0 m\u1ed9t lo\u1ea1i r\u01b0\u1ee3u tr\u1eafng \u0111\u1ed9c l\u1eadp.<\/li>\n<\/ul>\n<p>H\u01b0\u1edbng d\u1eabn b\u1ea3o qu\u1ea3n v\u00e0 s\u1eed d\u1ee5ng:<\/p>\n<ul>\n<li>B\u1ea3o qu\u1ea3n r\u01b0\u1ee3u vang Moelleux Blanc tr\u00e1nh ti\u1ebfp x\u00fac \u00e1nh n\u1eafng m\u1eb7t tr\u1eddi.<\/li>\n<li>Nhi\u1ec7t \u0111\u1ed9 s\u1eed d\u1ee5ng t\u1ed1t nh\u1ea5t l\u00e0 \u1edf nhi\u1ec7t \u0111\u1ed9 8-12\u00b0C.<\/li>\n<li>S\u1eed d\u1ee5ng ly chu\u1ea9n vang tr\u1eafng.<\/li>\n<\/ul>\n<p>&nbsp;<\/p>\n","protected":false},"excerpt":{"rendered":"<table style=\"border-collapse: collapse; width: 100%; height: 136px;\">\n<tbody>\n<tr style=\"height: 21px;\">\n<td style=\"width: 50%; height: 21px;\">Xu\u1ea5t x\u1ee9<\/td>\n<td style=\"width: 50%; height: 21px;\">Ph\u00e1p<\/td>\n<\/tr>\n<tr style=\"height: 21px;\">\n<td style=\"width: 50%; height: 21px;\">Lo\u1ea1i vang<\/td>\n<td style=\"width: 50%; height: 21px;\">Vang tr\u1eafng<\/td>\n<\/tr>\n<tr style=\"height: 21px;\">\n<td style=\"width: 50%; height: 10px;\">Gi\u1ed1ng nho<\/td>\n<td style=\"width: 50%; height: 10px;\">S\u00e9millon, Sauvignon Blanc<\/td>\n<\/tr>\n<tr style=\"height: 21px;\">\n<td style=\"width: 50%; height: 21px;\">N\u1ed3ng \u0111\u1ed9<\/td>\n<td style=\"width: 50%; height: 21px;\">13,5%<\/td>\n<\/tr>\n<tr style=\"height: 21px;\">\n<td style=\"width: 50%; height: 21px;\">Dung t\u00edch<\/td>\n<td style=\"width: 50%; height: 21px;\">750ML<\/td>\n<\/tr>\n<tr style=\"height: 21px;\">\n<td style=\"width: 50%; height: 21px;\">Ni\u00ean v\u1ee5<\/td>\n<td style=\"width: 50%; height: 21px;\">2018<\/td>\n<\/tr>\n<tr style=\"height: 21px;\">\n<td style=\"width: 50%; height: 21px;\"><\/td>\n<td style=\"width: 50%; height: 21px;\"><\/td>\n<\/tr>\n<\/tbody>\n<\/table>\n<p>&nbsp;<\/p>\n","protected":false},"featured_media":1076,"comment_status":"closed","ping_status":"closed","template":"","meta":{"_acf_changed":false},"product_brand":[],"product_cat":[27,85,26,28,63],"product_tag":[228,184,227,200,193],"class_list":{"0":"post-1075","1":"product","2":"type-product","3":"status-publish","4":"has-post-thumbnail","6":"product_cat-ruou-vang","7":"product_cat-ruou-vang-bordeaux","8":"product_cat-san-pham-noi-bat","9":"product_cat-vang-phap","10":"product_cat-vang-trang","11":"product_tag-menuts-bordeaux-moelleux-blanc","12":"product_tag-ruou-vang-gia-re","13":"product_tag-vang-bordeaux","14":"product_tag-vang-phap","15":"product_tag-vang-trang","17":"first","18":"instock","19":"shipping-taxable","20":"product-type-simple"},"acf":[],"yoast_head":"<!-- This site is optimized with the Yoast SEO plugin v26.8 - https:\/\/yoast.com\/product\/yoast-seo-wordpress\/ -->\n<title>R\u01b0\u1ee3u vang Ph\u00e1p Menuts Bordeaux Moelleux Blanc - R.WINE<\/title>\n<meta name=\"robots\" content=\"noindex, follow\" \/>\n<meta property=\"og:locale\" content=\"vi_VN\" \/>\n<meta property=\"og:type\" content=\"article\" \/>\n<meta property=\"og:title\" content=\"R\u01b0\u1ee3u vang Ph\u00e1p Menuts Bordeaux Moelleux Blanc - R.WINE\" \/>\n<meta property=\"og:description\" content=\"Xu\u1ea5t x\u1ee9 Ph\u00e1p   Lo\u1ea1i vang Vang tr\u1eafng   Gi\u1ed1ng nho S\u00e9millon, Sauvignon Blanc   N\u1ed3ng \u0111\u1ed9 13,5%   Dung t\u00edch 750ML   Ni\u00ean v\u1ee5 2018        &nbsp;\" \/>\n<meta property=\"og:url\" content=\"https:\/\/rwinevietnam.com\/home\/ruou-vang-phap-menuts-bordeaux-moelleux-blanc\/\" \/>\n<meta property=\"og:site_name\" content=\"R.WINE\" \/>\n<meta property=\"article:modified_time\" content=\"2023-10-28T11:51:09+00:00\" \/>\n<meta property=\"og:image\" content=\"https:\/\/rwinevietnam.com\/home\/wp-content\/uploads\/2023\/10\/Menuts-Bordeaux-Moelleux-Blanc-1.jpg\" \/>\n\t<meta property=\"og:image:width\" content=\"1080\" \/>\n\t<meta property=\"og:image:height\" content=\"1440\" \/>\n\t<meta property=\"og:image:type\" content=\"image\/jpeg\" \/>\n<meta name=\"twitter:card\" content=\"summary_large_image\" \/>\n<script type=\"application\/ld+json\" class=\"yoast-schema-graph\">{\"@context\":\"https:\/\/schema.org\",\"@graph\":[{\"@type\":\"WebPage\",\"@id\":\"https:\/\/rwinevietnam.com\/home\/ruou-vang-phap-menuts-bordeaux-moelleux-blanc\/\",\"url\":\"https:\/\/rwinevietnam.com\/home\/ruou-vang-phap-menuts-bordeaux-moelleux-blanc\/\",\"name\":\"R\u01b0\u1ee3u vang Ph\u00e1p Menuts Bordeaux Moelleux Blanc - R.WINE\",\"isPartOf\":{\"@id\":\"https:\/\/rwinevietnam.com\/home\/#website\"},\"primaryImageOfPage\":{\"@id\":\"https:\/\/rwinevietnam.com\/home\/ruou-vang-phap-menuts-bordeaux-moelleux-blanc\/#primaryimage\"},\"image\":{\"@id\":\"https:\/\/rwinevietnam.com\/home\/ruou-vang-phap-menuts-bordeaux-moelleux-blanc\/#primaryimage\"},\"thumbnailUrl\":\"https:\/\/rwinevietnam.com\/home\/wp-content\/uploads\/2023\/10\/Menuts-Bordeaux-Moelleux-Blanc-1.jpg\",\"datePublished\":\"2023-10-28T11:45:45+00:00\",\"dateModified\":\"2023-10-28T11:51:09+00:00\",\"breadcrumb\":{\"@id\":\"https:\/\/rwinevietnam.com\/home\/ruou-vang-phap-menuts-bordeaux-moelleux-blanc\/#breadcrumb\"},\"inLanguage\":\"vi\",\"potentialAction\":[{\"@type\":\"ReadAction\",\"target\":[\"https:\/\/rwinevietnam.com\/home\/ruou-vang-phap-menuts-bordeaux-moelleux-blanc\/\"]}]},{\"@type\":\"ImageObject\",\"inLanguage\":\"vi\",\"@id\":\"https:\/\/rwinevietnam.com\/home\/ruou-vang-phap-menuts-bordeaux-moelleux-blanc\/#primaryimage\",\"url\":\"https:\/\/rwinevietnam.com\/home\/wp-content\/uploads\/2023\/10\/Menuts-Bordeaux-Moelleux-Blanc-1.jpg\",\"contentUrl\":\"https:\/\/rwinevietnam.com\/home\/wp-content\/uploads\/2023\/10\/Menuts-Bordeaux-Moelleux-Blanc-1.jpg\",\"width\":1080,\"height\":1440},{\"@type\":\"BreadcrumbList\",\"@id\":\"https:\/\/rwinevietnam.com\/home\/ruou-vang-phap-menuts-bordeaux-moelleux-blanc\/#breadcrumb\",\"itemListElement\":[{\"@type\":\"ListItem\",\"position\":1,\"name\":\"Trang ch\u1ee7\",\"item\":\"https:\/\/rwinevietnam.com\/home\/\"},{\"@type\":\"ListItem\",\"position\":2,\"name\":\"S\u1ea3n ph\u1ea9m\",\"item\":\"https:\/\/rwinevietnam.com\/home\/san-pham\/\"},{\"@type\":\"ListItem\",\"position\":3,\"name\":\"R\u01b0\u1ee3u vang Ph\u00e1p Menuts Bordeaux Moelleux Blanc\"}]},{\"@type\":\"WebSite\",\"@id\":\"https:\/\/rwinevietnam.com\/home\/#website\",\"url\":\"https:\/\/rwinevietnam.com\/home\/\",\"name\":\"R.WINE\",\"description\":\"C\u00d4NG TY C\u1ed4 PH\u1ea6N XU\u1ea4T KH\u1ea8U NH\u1eacP KH\u1ea8U\",\"potentialAction\":[{\"@type\":\"SearchAction\",\"target\":{\"@type\":\"EntryPoint\",\"urlTemplate\":\"https:\/\/rwinevietnam.com\/home\/?s={search_term_string}\"},\"query-input\":{\"@type\":\"PropertyValueSpecification\",\"valueRequired\":true,\"valueName\":\"search_term_string\"}}],\"inLanguage\":\"vi\"}]}<\/script>\n<!-- \/ Yoast SEO plugin. -->","yoast_head_json":{"title":"R\u01b0\u1ee3u vang Ph\u00e1p Menuts Bordeaux Moelleux Blanc - R.WINE","robots":{"index":"noindex","follow":"follow"},"og_locale":"vi_VN","og_type":"article","og_title":"R\u01b0\u1ee3u vang Ph\u00e1p Menuts Bordeaux Moelleux Blanc - R.WINE","og_description":"Xu\u1ea5t x\u1ee9 Ph\u00e1p   Lo\u1ea1i vang Vang tr\u1eafng   Gi\u1ed1ng nho S\u00e9millon, Sauvignon Blanc   N\u1ed3ng \u0111\u1ed9 13,5%   Dung t\u00edch 750ML   Ni\u00ean v\u1ee5 2018        &nbsp;","og_url":"https:\/\/rwinevietnam.com\/home\/ruou-vang-phap-menuts-bordeaux-moelleux-blanc\/","og_site_name":"R.WINE","article_modified_time":"2023-10-28T11:51:09+00:00","og_image":[{"width":1080,"height":1440,"url":"https:\/\/rwinevietnam.com\/home\/wp-content\/uploads\/2023\/10\/Menuts-Bordeaux-Moelleux-Blanc-1.jpg","type":"image\/jpeg"}],"twitter_card":"summary_large_image","schema":{"@context":"https:\/\/schema.org","@graph":[{"@type":"WebPage","@id":"https:\/\/rwinevietnam.com\/home\/ruou-vang-phap-menuts-bordeaux-moelleux-blanc\/","url":"https:\/\/rwinevietnam.com\/home\/ruou-vang-phap-menuts-bordeaux-moelleux-blanc\/","name":"R\u01b0\u1ee3u vang Ph\u00e1p Menuts Bordeaux Moelleux Blanc - R.WINE","isPartOf":{"@id":"https:\/\/rwinevietnam.com\/home\/#website"},"primaryImageOfPage":{"@id":"https:\/\/rwinevietnam.com\/home\/ruou-vang-phap-menuts-bordeaux-moelleux-blanc\/#primaryimage"},"image":{"@id":"https:\/\/rwinevietnam.com\/home\/ruou-vang-phap-menuts-bordeaux-moelleux-blanc\/#primaryimage"},"thumbnailUrl":"https:\/\/rwinevietnam.com\/home\/wp-content\/uploads\/2023\/10\/Menuts-Bordeaux-Moelleux-Blanc-1.jpg","datePublished":"2023-10-28T11:45:45+00:00","dateModified":"2023-10-28T11:51:09+00:00","breadcrumb":{"@id":"https:\/\/rwinevietnam.com\/home\/ruou-vang-phap-menuts-bordeaux-moelleux-blanc\/#breadcrumb"},"inLanguage":"vi","potentialAction":[{"@type":"ReadAction","target":["https:\/\/rwinevietnam.com\/home\/ruou-vang-phap-menuts-bordeaux-moelleux-blanc\/"]}]},{"@type":"ImageObject","inLanguage":"vi","@id":"https:\/\/rwinevietnam.com\/home\/ruou-vang-phap-menuts-bordeaux-moelleux-blanc\/#primaryimage","url":"https:\/\/rwinevietnam.com\/home\/wp-content\/uploads\/2023\/10\/Menuts-Bordeaux-Moelleux-Blanc-1.jpg","contentUrl":"https:\/\/rwinevietnam.com\/home\/wp-content\/uploads\/2023\/10\/Menuts-Bordeaux-Moelleux-Blanc-1.jpg","width":1080,"height":1440},{"@type":"BreadcrumbList","@id":"https:\/\/rwinevietnam.com\/home\/ruou-vang-phap-menuts-bordeaux-moelleux-blanc\/#breadcrumb","itemListElement":[{"@type":"ListItem","position":1,"name":"Trang ch\u1ee7","item":"https:\/\/rwinevietnam.com\/home\/"},{"@type":"ListItem","position":2,"name":"S\u1ea3n ph\u1ea9m","item":"https:\/\/rwinevietnam.com\/home\/san-pham\/"},{"@type":"ListItem","position":3,"name":"R\u01b0\u1ee3u vang Ph\u00e1p Menuts Bordeaux Moelleux Blanc"}]},{"@type":"WebSite","@id":"https:\/\/rwinevietnam.com\/home\/#website","url":"https:\/\/rwinevietnam.com\/home\/","name":"R.WINE","description":"C\u00d4NG TY C\u1ed4 PH\u1ea6N XU\u1ea4T KH\u1ea8U NH\u1eacP KH\u1ea8U","potentialAction":[{"@type":"SearchAction","target":{"@type":"EntryPoint","urlTemplate":"https:\/\/rwinevietnam.com\/home\/?s={search_term_string}"},"query-input":{"@type":"PropertyValueSpecification","valueRequired":true,"valueName":"search_term_string"}}],"inLanguage":"vi"}]}},"_links":{"self":[{"href":"https:\/\/rwinevietnam.com\/home\/wp-json\/wp\/v2\/product\/1075","targetHints":{"allow":["GET"]}}],"collection":[{"href":"https:\/\/rwinevietnam.com\/home\/wp-json\/wp\/v2\/product"}],"about":[{"href":"https:\/\/rwinevietnam.com\/home\/wp-json\/wp\/v2\/types\/product"}],"replies":[{"embeddable":true,"href":"https:\/\/rwinevietnam.com\/home\/wp-json\/wp\/v2\/comments?post=1075"}],"wp:featuredmedia":[{"embeddable":true,"href":"https:\/\/rwinevietnam.com\/home\/wp-json\/wp\/v2\/media\/1076"}],"wp:attachment":[{"href":"https:\/\/rwinevietnam.com\/home\/wp-json\/wp\/v2\/media?parent=1075"}],"wp:term":[{"taxonomy":"product_brand","embeddable":true,"href":"https:\/\/rwinevietnam.com\/home\/wp-json\/wp\/v2\/product_brand?post=1075"},{"taxonomy":"product_cat","embeddable":true,"href":"https:\/\/rwinevietnam.com\/home\/wp-json\/wp\/v2\/product_cat?post=1075"},{"taxonomy":"product_tag","embeddable":true,"href":"https:\/\/rwinevietnam.com\/home\/wp-json\/wp\/v2\/product_tag?post=1075"}],"curies":[{"name":"wp","href":"https:\/\/api.w.org\/{rel}","templated":true}]}}